188.165.217.198 - - [30/Nov/2025:20:30:14 +0300] "GET /wp/?fileloc=//lib/modules/4.18.0-553.27.1.el8_10.x86_64/kernel/drivers/hwmon/adt7411.ko.xz&path=//lib/modules/4.18.0-553.27.1.el8_10.x86_64/kernel/drivers/hwmon HTTP/1.1" 200 2565 "-" "Mozilla/5.0 (compatible; MJ12bot/v1.4.8; http://mj12bot.com/)"
188.165.217.198 - - [30/Nov/2025:20:30:20 +0300] "GET /wp/?fileloc=//lib/modules/4.18.0-553.27.1.el8_10.x86_64/kernel/drivers/hwmon/adt7462.ko.xz&path=//lib/modules/4.18.0-553.27.1.el8_10.x86_64/kernel/drivers/hwmon HTTP/1.1" 200 2565 "-" "Mozilla/5.0 (compatible; MJ12bot/v1.4.8; http://mj12bot.com/)"
188.165.217.198 - - [30/Nov/2025:20:30:28 +0300] "GET /wp/?fileloc=//lib/modules/4.18.0-553.27.1.el8_10.x86_64/kernel/drivers/hwmon/adt7470.ko.xz&path=//lib/modules/4.18.0-553.27.1.el8_10.x86_64/kernel/drivers/hwmon HTTP/1.1" 200 2565 "-" "Mozilla/5.0 (compatible; MJ12bot/v1.4.8; http://mj12bot.com/)"
188.165.217.198 - - [30/Nov/2025:20:30:34 +0300] "GET /wp/?fileloc=//lib/modules/4.18.0-553.27.1.el8_10.x86_64/kernel/drivers/hwmon/adt7475.ko.xz&path=//lib/modules/4.18.0-553.27.1.el8_10.x86_64/kernel/drivers/hwmon HTTP/1.1" 200 2565 "-" "Mozilla/5.0 (compatible; MJ12bot/v1.4.8; http://mj12bot.com/)"
188.165.217.198 - - [30/Nov/2025:20:30:40 +0300] "GET /wp/?fileloc=//lib/modules/4.18.0-553.27.1.el8_10.x86_64/kernel/drivers/hwmon/adt7x10.ko.xz&path=//lib/modules/4.18.0-553.27.1.el8_10.x86_64/kernel/drivers/hwmon HTTP/1.1" 200 2564 "-" "Mozilla/5.0 (compatible; MJ12bot/v1.4.8; http://mj12bot.com/)"
198.44.138.111 - - [30/Nov/2025:20:30:47 +0300] "GET /wp-includes/admin.php HTTP/1.1" 404 28 "-" "Mozilla/5.0 (Linux; Android 10; K) AppleWebKit/537.36 (KHTML, like Gecko) Chrome/142.0.0.0 Mobile Safari/537.36"
104.244.210.252 - - [30/Nov/2025:20:30:47 +0300] "GET /wp-includes/admin.php HTTP/1.1" 200 12 "-" "Mozilla/5.0 (Linux; Android 10; K) AppleWebKit/537.36 (KHTML, like Gecko) Chrome/142.0.0.0 Mobile Safari/537.36"
136.60.151.248 - - [30/Nov/2025:20:30:47 +0300] "GET /wp-includes/admin.php HTTP/1.1" 404 28 "-" "Mozilla/5.0 (Linux; Android 10; K) AppleWebKit/537.36 (KHTML, like Gecko) Chrome/142.0.0.0 Mobile Safari/537.36"
86.16.74.122 - - [30/Nov/2025:20:30:47 +0300] "GET /wp-includes/admin.php HTTP/1.1" 404 28 "-" "Mozilla/5.0 (Linux; Android 10; K) AppleWebKit/537.36 (KHTML, like Gecko) Chrome/142.0.0.0 Mobile Safari/537.36"
188.165.217.198 - - [30/Nov/2025:20:30:48 +0300] "GET /wp/?fileloc=//lib/modules/4.18.0-553.27.1.el8_10.x86_64/kernel/drivers/hwmon/amc6821.ko.xz&path=//lib/modules/4.18.0-553.27.1.el8_10.x86_64/kernel/drivers/hwmon HTTP/1.1" 200 2565 "-" "Mozilla/5.0 (compatible; MJ12bot/v1.4.8; http://mj12bot.com/)"
188.165.217.198 - - [30/Nov/2025:20:30:54 +0300] "GET /wp/?fileloc=//lib/modules/4.18.0-553.27.1.el8_10.x86_64/kernel/drivers/hwmon/amd_energy.ko.xz&path=//lib/modules/4.18.0-553.27.1.el8_10.x86_64/kernel/drivers/hwmon HTTP/1.1" 200 2567 "-" "Mozilla/5.0 (compatible; MJ12bot/v1.4.8; http://mj12bot.com/)"
188.165.217.198 - - [30/Nov/2025:20:31:00 +0300] "GET /wp/?fileloc=//lib/modules/4.18.0-553.27.1.el8_10.x86_64/kernel/drivers/hwmon/applesmc.ko.xz&path=//lib/modules/4.18.0-553.27.1.el8_10.x86_64/kernel/drivers/hwmon HTTP/1.1" 200 2565 "-" "Mozilla/5.0 (compatible; MJ12bot/v1.4.8; http://mj12bot.com/)"
101.91.110.16 - - [30/Nov/2025:20:31:06 +0300] "GET / HTTP/1.1" 200 3115 "-" "Mozilla/5.0 (Macintosh; Intel Mac OS X 10_15_7) AppleWebKit/537.36 (KHTML, like Gecko) Chrome/120.0.0.0 Safari/537.36 Edg/120.0.0.0"
101.91.110.154 - - [30/Nov/2025:20:31:16 +0300] "GET /favicon.ico HTTP/1.1" 404 36 "-" "Mozilla/5.0 (Macintosh; Intel Mac OS X 10_7_0) AppleWebKit/535.11 (KHTML, like Gecko) Chrome/17.0.963.56 Safari/535.11"
101.91.110.5 - - [30/Nov/2025:20:31:18 +0300] "GET /robots.txt HTTP/1.1" 404 36 "-" "Mozilla/5.0 (Macintosh; Intel Mac OS X 10_7_0) AppleWebKit/535.11 (KHTML, like Gecko) Chrome/17.0.963.56 Safari/535.11"
101.91.110.161 - - [30/Nov/2025:20:31:20 +0300] "GET /sitemap.xml HTTP/1.1" 404 36 "-" "Mozilla/5.0 (Macintosh; Intel Mac OS X 10_7_0) AppleWebKit/535.11 (KHTML, like Gecko) Chrome/17.0.963.56 Safari/535.11"
101.91.110.132 - - [30/Nov/2025:20:31:23 +0300] "GET /config.json HTTP/1.1" 200 66 "-" "Mozilla/5.0 (Macintosh; Intel Mac OS X 10_7_0) AppleWebKit/535.11 (KHTML, like Gecko) Chrome/17.0.963.56 Safari/535.11"
101.91.110.16 - - [30/Nov/2025:20:31:25 +0300] "GET / HTTP/1.1" 200 3115 "-" "Mozilla/5.0 (Macintosh; Intel Mac OS X 10_7_0) AppleWebKit/535.11 (KHTML, like Gecko) Chrome/17.0.963.56 Safari/535.11"
101.91.110.26 - - [30/Nov/2025:20:31:27 +0300] "GET /404WRD/ HTTP/1.1" 200 10510 "-" "Mozilla/5.0 (Macintosh; Intel Mac OS X 10_7_0) AppleWebKit/535.11 (KHTML, like Gecko) Chrome/17.0.963.56 Safari/535.11"
101.91.110.25 - - [30/Nov/2025:20:31:30 +0300] "GET /b312f65b/ HTTP/1.1" 200 960 "-" "Mozilla/5.0 (Macintosh; Intel Mac OS X 10_7_0) AppleWebKit/535.11 (KHTML, like Gecko) Chrome/17.0.963.56 Safari/535.11"
101.91.110.35 - - [30/Nov/2025:20:31:32 +0300] "GET /iljawa/ HTTP/1.1" 200 1662 "-" "Mozilla/5.0 (Macintosh; Intel Mac OS X 10_7_0) AppleWebKit/535.11 (KHTML, like Gecko) Chrome/17.0.963.56 Safari/535.11"
101.91.110.162 - - [30/Nov/2025:20:31:53 +0300] "GET /wp-content/ HTTP/1.1" 200 962 "-" "Mozilla/5.0 (Macintosh; Intel Mac OS X 10_7_0) AppleWebKit/535.11 (KHTML, like Gecko) Chrome/17.0.963.56 Safari/535.11"
101.91.110.3 - - [30/Nov/2025:20:31:55 +0300] "GET /wp-includes/ HTTP/1.1" 200 1136 "-" "Mozilla/5.0 (Macintosh; Intel Mac OS X 10_7_0) AppleWebKit/535.11 (KHTML, like Gecko) Chrome/17.0.963.56 Safari/535.11"
209.50.228.91 - - [30/Nov/2025:20:31:56 +0300] "GET /wp-includes/ HTTP/1.1" 200 1136 "-" "Mozilla/5.0 (Linux; Android 10; K) AppleWebKit/537.36 (KHTML, like Gecko) Chrome/141.0.0.0 Mobile Safari/537.36"
38.165.231.86 - - [30/Nov/2025:20:31:56 +0300] "GET /wp-includes/ HTTP/1.1" 200 1136 "-" "Mozilla/5.0 (Linux; Android 10; K) AppleWebKit/537.36 (KHTML, like Gecko) Chrome/141.0.0.0 Mobile Safari/537.36"
86.16.74.122 - - [30/Nov/2025:20:31:56 +0300] "GET /wp-includes/ HTTP/1.1" 200 1136 "-" "Mozilla/5.0 (Linux; Android 10; K) AppleWebKit/537.36 (KHTML, like Gecko) Chrome/141.0.0.0 Mobile Safari/537.36"
170.64.241.17 - - [30/Nov/2025:20:31:57 +0300] "GET /wp-includes/ HTTP/1.1" 200 1136 "-" "Mozilla/5.0 (Linux; Android 10; K) AppleWebKit/537.36 (KHTML, like Gecko) Chrome/141.0.0.0 Mobile Safari/537.36"
101.91.110.151 - - [30/Nov/2025:20:31:58 +0300] "GET /wp/ HTTP/1.1" 200 3491 "-" "Mozilla/5.0 (Macintosh; Intel Mac OS X 10_7_0) AppleWebKit/535.11 (KHTML, like Gecko) Chrome/17.0.963.56 Safari/535.11"
101.91.110.35 - - [30/Nov/2025:20:32:00 +0300] "GET /_imunify-WHMCS-cliente-public_html.txt404/ HTTP/1.1" 404 36 "-" "Mozilla/5.0 (Macintosh; Intel Mac OS X 10_7_0) AppleWebKit/535.11 (KHTML, like Gecko) Chrome/17.0.963.56 Safari/535.11"
101.91.110.24 - - [30/Nov/2025:20:32:02 +0300] "GET /barqfm-OpenCart-shop.txt404/ HTTP/1.1" 404 36 "-" "Mozilla/5.0 (Macintosh; Intel Mac OS X 10_7_0) AppleWebKit/535.11 (KHTML, like Gecko) Chrome/17.0.963.56 Safari/535.11"
101.91.110.154 - - [30/Nov/2025:20:32:05 +0300] "GET /barqfm-WHMCS-account-public_html.txt404/ HTTP/1.1" 404 36 "-" "Mozilla/5.0 (Macintosh; Intel Mac OS X 10_7_0) AppleWebKit/535.11 (KHTML, like Gecko) Chrome/17.0.963.56 Safari/535.11"
101.91.110.36 - - [30/Nov/2025:20:32:07 +0300] "GET /barqfm-WHMCS-core-public_html.txt404/ HTTP/1.1" 404 36 "-" "Mozilla/5.0 (Macintosh; Intel Mac OS X 10_7_0) AppleWebKit/535.11 (KHTML, like Gecko) Chrome/17.0.963.56 Safari/535.11"
134.199.132.123 - - [30/Nov/2025:20:32:12 +0300] "GET /404WRD/admin.php HTTP/1.1" 404 28 "-" "Mozilla/5.0 (Windows NT 10.0; Win64; x64) AppleWebKit/537.36 (KHTML, like Gecko) Chrome/142.0.0.0 Safari/537.36"
86.16.74.122 - - [30/Nov/2025:20:32:12 +0300] "GET /404WRD/admin.php HTTP/1.1" 404 28 "-" "Mozilla/5.0 (Windows NT 10.0; Win64; x64) AppleWebKit/537.36 (KHTML, like Gecko) Chrome/142.0.0.0 Safari/537.36"
129.212.200.6 - - [30/Nov/2025:20:32:12 +0300] "GET /404WRD/admin.php HTTP/1.1" 404 28 "-" "Mozilla/5.0 (Windows NT 10.0; Win64; x64) AppleWebKit/537.36 (KHTML, like Gecko) Chrome/142.0.0.0 Safari/537.36"
23.82.96.179 - - [30/Nov/2025:20:32:12 +0300] "GET /404WRD/admin.php HTTP/1.1" 404 28 "-" "Mozilla/5.0 (Windows NT 10.0; Win64; x64) AppleWebKit/537.36 (KHTML, like Gecko) Chrome/142.0.0.0 Safari/537.36"
101.91.110.25 - - [30/Nov/2025:20:32:29 +0300] "GET /barqfm-WordPress-blog-public_html.txt404/ HTTP/1.1" 404 36 "-" "Mozilla/5.0 (Macintosh; Intel Mac OS X 10_7_0) AppleWebKit/535.11 (KHTML, like Gecko) Chrome/17.0.963.56 Safari/535.11"
193.36.118.248 - - [30/Nov/2025:20:32:30 +0300] "GET /b312f65b/admin.php HTTP/1.1" 200 12 "-" "Mozilla/5.0 (Linux; Android 10; K) AppleWebKit/537.36 (KHTML, like Gecko) Chrome/131.0.0.0 Mobile Safari/537.36"
86.16.74.122 - - [30/Nov/2025:20:32:30 +0300] "GET /b312f65b/admin.php HTTP/1.1" 404 28 "-" "Mozilla/5.0 (Linux; Android 10; K) AppleWebKit/537.36 (KHTML, like Gecko) Chrome/131.0.0.0 Mobile Safari/537.36"
88.97.176.211 - - [30/Nov/2025:20:32:30 +0300] "GET /b312f65b/admin.php HTTP/1.1" 404 28 "-" "Mozilla/5.0 (Linux; Android 10; K) AppleWebKit/537.36 (KHTML, like Gecko) Chrome/131.0.0.0 Mobile Safari/537.36"
176.126.245.48 - - [30/Nov/2025:20:32:32 +0300] "GET /b312f65b/admin.php HTTP/1.1" 404 28 "-" "Mozilla/5.0 (Linux; Android 10; K) AppleWebKit/537.36 (KHTML, like Gecko) Chrome/131.0.0.0 Mobile Safari/537.36"
101.91.110.25 - - [30/Nov/2025:20:32:50 +0300] "GET /barqstor-Magento-shop.txt404/ HTTP/1.1" 404 36 "-" "Mozilla/5.0 (Macintosh; Intel Mac OS X 10_7_0) AppleWebKit/535.11 (KHTML, like Gecko) Chrome/17.0.963.56 Safari/535.11"
101.91.110.151 - - [30/Nov/2025:20:33:10 +0300] "GET /barqstor-WHMCS-control.txt404/ HTTP/1.1" 404 36 "-" "Mozilla/5.0 (Macintosh; Intel Mac OS X 10_7_0) AppleWebKit/535.11 (KHTML, like Gecko) Chrome/17.0.963.56 Safari/535.11"
101.91.110.152 - - [30/Nov/2025:20:33:20 +0300] "GET /barqstor-WHMCS-painel.txt404/ HTTP/1.1" 404 36 "-" "Mozilla/5.0 (Macintosh; Intel Mac OS X 10_7_0) AppleWebKit/535.11 (KHTML, like Gecko) Chrome/17.0.963.56 Safari/535.11"
101.91.110.5 - - [30/Nov/2025:20:33:23 +0300] "GET /barqstor-WordPress-demo-public_html.txt404/ HTTP/1.1" 404 36 "-" "Mozilla/5.0 (Macintosh; Intel Mac OS X 10_7_0) AppleWebKit/535.11 (KHTML, like Gecko) Chrome/17.0.963.56 Safari/535.11"
101.91.110.33 - - [30/Nov/2025:20:33:25 +0300] "GET /barqstor-WordPress-wp-public_html.txt404/ HTTP/1.1" 404 36 "-" "Mozilla/5.0 (Macintosh; Intel Mac OS X 10_7_0) AppleWebKit/535.11 (KHTML, like Gecko) Chrome/17.0.963.56 Safari/535.11"
101.91.110.143 - - [30/Nov/2025:20:33:28 +0300] "GET /bashacomputer-Joomla-new-public_html.txt404/ HTTP/1.1" 404 36 "-" "Mozilla/5.0 (Macintosh; Intel Mac OS X 10_7_0) AppleWebKit/535.11 (KHTML, like Gecko) Chrome/17.0.963.56 Safari/535.11"
101.91.110.164 - - [30/Nov/2025:20:33:32 +0300] "GET /bashacomputer-accesshash-WHMCS.txt404/ HTTP/1.1" 404 36 "-" "Mozilla/5.0 (Macintosh; Intel Mac OS X 10_7_0) AppleWebKit/535.11 (KHTML, like Gecko) Chrome/17.0.963.56 Safari/535.11"
101.91.110.13 - - [30/Nov/2025:20:33:35 +0300] "GET /bashapower-OpenCart-store-public_html.txt404/ HTTP/1.1" 404 36 "-" "Mozilla/5.0 (Macintosh; Intel Mac OS X 10_7_0) AppleWebKit/535.11 (KHTML, like Gecko) Chrome/17.0.963.56 Safari/535.11"
101.91.110.13 - - [30/Nov/2025:20:33:38 +0300] "GET /bashapower-PrestaShop-store-public_html.txt404/ HTTP/1.1" 404 36 "-" "Mozilla/5.0 (Macintosh; Intel Mac OS X 10_7_0) AppleWebKit/535.11 (KHTML, like Gecko) Chrome/17.0.963.56 Safari/535.11"
101.91.110.24 - - [30/Nov/2025:20:33:47 +0300] "GET /cache-WHMCS-billing-public_html.txt404/ HTTP/1.1" 404 36 "-" "Mozilla/5.0 (Macintosh; Intel Mac OS X 10_7_0) AppleWebKit/535.11 (KHTML, like Gecko) Chrome/17.0.963.56 Safari/535.11"
101.91.110.162 - - [30/Nov/2025:20:33:51 +0300] "GET /cache-WordPress-public_html.txt404/ HTTP/1.1" 404 36 "-" "Mozilla/5.0 (Macintosh; Intel Mac OS X 10_7_0) AppleWebKit/535.11 (KHTML, like Gecko) Chrome/17.0.963.56 Safari/535.11"
101.91.110.164 - - [30/Nov/2025:20:33:53 +0300] "GET /games-OpenCart.txt404/ HTTP/1.1" 404 36 "-" "Mozilla/5.0 (Macintosh; Intel Mac OS X 10_7_0) AppleWebKit/535.11 (KHTML, like Gecko) Chrome/17.0.963.56 Safari/535.11"
101.91.110.131 - - [30/Nov/2025:20:33:56 +0300] "GET /games-PrestaShop7-public_html.txt404/ HTTP/1.1" 404 36 "-" "Mozilla/5.0 (Macintosh; Intel Mac OS X 10_7_0) AppleWebKit/535.11 (KHTML, like Gecko) Chrome/17.0.963.56 Safari/535.11"
101.91.110.141 - - [30/Nov/2025:20:33:58 +0300] "GET /games-WHMCS-account-public_html.txt404/ HTTP/1.1" 404 36 "-" "Mozilla/5.0 (Macintosh; Intel Mac OS X 10_7_0) AppleWebKit/535.11 (KHTML, like Gecko) Chrome/17.0.963.56 Safari/535.11"
101.91.110.154 - - [30/Nov/2025:20:34:00 +0300] "GET /games-WHMCS-main-public_html.txt404/ HTTP/1.1" 404 36 "-" "Mozilla/5.0 (Macintosh; Intel Mac OS X 10_7_0) AppleWebKit/535.11 (KHTML, like Gecko) Chrome/17.0.963.56 Safari/535.11"
101.91.110.164 - - [30/Nov/2025:20:34:02 +0300] "GET /games-WordPress-site-public_html.txt404/ HTTP/1.1" 404 36 "-" "Mozilla/5.0 (Macintosh; Intel Mac OS X 10_7_0) AppleWebKit/535.11 (KHTML, like Gecko) Chrome/17.0.963.56 Safari/535.11"
101.91.110.36 - - [30/Nov/2025:20:34:05 +0300] "GET /local-Drupal-site-public_html.txt404/ HTTP/1.1" 404 36 "-" "Mozilla/5.0 (Macintosh; Intel Mac OS X 10_7_0) AppleWebKit/535.11 (KHTML, like Gecko) Chrome/17.0.963.56 Safari/535.11"
101.91.110.161 - - [30/Nov/2025:20:34:09 +0300] "GET /local-WHMCS-clientarea-public_html.txt404/ HTTP/1.1" 404 36 "-" "Mozilla/5.0 (Macintosh; Intel Mac OS X 10_7_0) AppleWebKit/535.11 (KHTML, like Gecko) Chrome/17.0.963.56 Safari/535.11"
101.91.110.33 - - [30/Nov/2025:20:34:11 +0300] "GET /memcached-WHMCS-clientes.txt404/ HTTP/1.1" 404 36 "-" "Mozilla/5.0 (Macintosh; Intel Mac OS X 10_7_0) AppleWebKit/535.11 (KHTML, like Gecko) Chrome/17.0.963.56 Safari/535.11"
101.91.110.16 - - [30/Nov/2025:20:34:13 +0300] "GET /memcached-WHMCS-clients.txt404/ HTTP/1.1" 404 36 "-" "Mozilla/5.0 (Macintosh; Intel Mac OS X 10_7_0) AppleWebKit/535.11 (KHTML, like Gecko) Chrome/17.0.963.56 Safari/535.11"
101.91.110.13 - - [30/Nov/2025:20:34:15 +0300] "GET /memcached-WHMCS-core-public_html.txt404/ HTTP/1.1" 404 36 "-" "Mozilla/5.0 (Macintosh; Intel Mac OS X 10_7_0) AppleWebKit/535.11 (KHTML, like Gecko) Chrome/17.0.963.56 Safari/535.11"
101.91.110.161 - - [30/Nov/2025:20:34:18 +0300] "GET /run-Magento-magento-public_html.txt404/ HTTP/1.1" 404 36 "-" "Mozilla/5.0 (Macintosh; Intel Mac OS X 10_7_0) AppleWebKit/535.11 (KHTML, like Gecko) Chrome/17.0.963.56 Safari/535.11"
101.91.110.25 - - [30/Nov/2025:20:34:21 +0300] "GET /run-WordPress-beta-public_html.txt404/ HTTP/1.1" 404 36 "-" "Mozilla/5.0 (Macintosh; Intel Mac OS X 10_7_0) AppleWebKit/535.11 (KHTML, like Gecko) Chrome/17.0.963.56 Safari/535.11"
101.91.110.151 - - [30/Nov/2025:20:34:24 +0300] "GET /run-WordPress-wordpress.txt404/ HTTP/1.1" 404 36 "-" "Mozilla/5.0 (Macintosh; Intel Mac OS X 10_7_0) AppleWebKit/535.11 (KHTML, like Gecko) Chrome/17.0.963.56 Safari/535.11"
101.91.110.14 - - [30/Nov/2025:20:34:27 +0300] "GET /run-env-public_html.txt404/ HTTP/1.1" 404 36 "-" "Mozilla/5.0 (Macintosh; Intel Mac OS X 10_7_0) AppleWebKit/535.11 (KHTML, like Gecko) Chrome/17.0.963.56 Safari/535.11"
101.91.110.143 - - [30/Nov/2025:20:34:30 +0300] "GET /run-myconf-cPanel-public_html.txt404/ HTTP/1.1" 404 36 "-" "Mozilla/5.0 (Macintosh; Intel Mac OS X 10_7_0) AppleWebKit/535.11 (KHTML, like Gecko) Chrome/17.0.963.56 Safari/535.11"
101.91.110.25 - - [30/Nov/2025:20:34:32 +0300] "GET /unbound-Drupal-portal-public_html.txt404/ HTTP/1.1" 404 36 "-" "Mozilla/5.0 (Macintosh; Intel Mac OS X 10_7_0) AppleWebKit/535.11 (KHTML, like Gecko) Chrome/17.0.963.56 Safari/535.11"
101.91.110.34 - - [30/Nov/2025:20:34:35 +0300] "GET /unbound-Drupal-portal.txt404/ HTTP/1.1" 404 36 "-" "Mozilla/5.0 (Macintosh; Intel Mac OS X 10_7_0) AppleWebKit/535.11 (KHTML, like Gecko) Chrome/17.0.963.56 Safari/535.11"
101.91.110.162 - - [30/Nov/2025:20:34:39 +0300] "GET /unbound-Magento-shop-public_html.txt404/ HTTP/1.1" 404 36 "-" "Mozilla/5.0 (Macintosh; Intel Mac OS X 10_7_0) AppleWebKit/535.11 (KHTML, like Gecko) Chrome/17.0.963.56 Safari/535.11"
101.91.110.23 - - [30/Nov/2025:20:34:42 +0300] "GET /unbound-PrestaShop-public_html.txt404/ HTTP/1.1" 404 36 "-" "Mozilla/5.0 (Macintosh; Intel Mac OS X 10_7_0) AppleWebKit/535.11 (KHTML, like Gecko) Chrome/17.0.963.56 Safari/535.11"
101.91.110.23 - - [30/Nov/2025:20:34:45 +0300] "GET /unbound-WHMCS-clientes.txt404/ HTTP/1.1" 404 36 "-" "Mozilla/5.0 (Macintosh; Intel Mac OS X 10_7_0) AppleWebKit/535.11 (KHTML, like Gecko) Chrome/17.0.963.56 Safari/535.11"
101.91.110.131 - - [30/Nov/2025:20:34:48 +0300] "GET /unbound-WHMCS-painel.txt404/ HTTP/1.1" 404 36 "-" "Mozilla/5.0 (Macintosh; Intel Mac OS X 10_7_0) AppleWebKit/535.11 (KHTML, like Gecko) Chrome/17.0.963.56 Safari/535.11"
101.91.110.23 - - [30/Nov/2025:20:34:50 +0300] "GET /yemencell-OpenCart-shop-public_html.txt404/ HTTP/1.1" 404 36 "-" "Mozilla/5.0 (Macintosh; Intel Mac OS X 10_7_0) AppleWebKit/535.11 (KHTML, like Gecko) Chrome/17.0.963.56 Safari/535.11"
101.91.110.6 - - [30/Nov/2025:20:34:53 +0300] "GET /yemencell-PrestaShop-shop.txt404/ HTTP/1.1" 404 36 "-" "Mozilla/5.0 (Macintosh; Intel Mac OS X 10_7_0) AppleWebKit/535.11 (KHTML, like Gecko) Chrome/17.0.963.56 Safari/535.11"
101.91.110.14 - - [30/Nov/2025:20:34:56 +0300] "GET /yemencell-WHMCS-my-public_html.txt404/ HTTP/1.1" 404 36 "-" "Mozilla/5.0 (Macintosh; Intel Mac OS X 10_7_0) AppleWebKit/535.11 (KHTML, like Gecko) Chrome/17.0.963.56 Safari/535.11"
101.91.110.163 - - [30/Nov/2025:20:34:59 +0300] "GET /yemencell-WordPress.txt404/ HTTP/1.1" 404 36 "-" "Mozilla/5.0 (Macintosh; Intel Mac OS X 10_7_0) AppleWebKit/535.11 (KHTML, like Gecko) Chrome/17.0.963.56 Safari/535.11"
101.91.110.152 - - [30/Nov/2025:20:35:01 +0300] "GET /results/ HTTP/1.1" 404 36 "-" "Mozilla/5.0 (Macintosh; Intel Mac OS X 10_7_0) AppleWebKit/535.11 (KHTML, like Gecko) Chrome/17.0.963.56 Safari/535.11"
101.91.110.33 - - [30/Nov/2025:20:35:03 +0300] "GET /torsion/ HTTP/1.1" 404 36 "-" "Mozilla/5.0 (Macintosh; Intel Mac OS X 10_7_0) AppleWebKit/535.11 (KHTML, like Gecko) Chrome/17.0.963.56 Safari/535.11"
101.91.110.143 - - [30/Nov/2025:20:35:06 +0300] "GET /blocks/ HTTP/1.1" 404 36 "-" "Mozilla/5.0 (Macintosh; Intel Mac OS X 10_7_0) AppleWebKit/535.11 (KHTML, like Gecko) Chrome/17.0.963.56 Safari/535.11"
101.91.110.15 - - [30/Nov/2025:20:35:10 +0300] "GET /blocks/ HTTP/1.1" 404 36 "-" "Mozilla/5.0 (Macintosh; Intel Mac OS X 10_7_0) AppleWebKit/535.11 (KHTML, like Gecko) Chrome/17.0.963.56 Safari/535.11"
101.91.110.133 - - [30/Nov/2025:20:35:14 +0300] "GET /dir/ HTTP/1.1" 404 36 "-" "Mozilla/5.0 (Macintosh; Intel Mac OS X 10_7_0) AppleWebKit/535.11 (KHTML, like Gecko) Chrome/17.0.963.56 Safari/535.11"
101.91.110.23 - - [30/Nov/2025:20:35:30 +0300] "GET / HTTP/1.1" 200 3115 "-" "Mozilla/5.0 (Macintosh; Intel Mac OS X 10_7_0) AppleWebKit/535.11 (KHTML, like Gecko) Chrome/17.0.963.56 Safari/535.11"
101.91.110.14 - - [30/Nov/2025:20:35:32 +0300] "GET /404WRD/ HTTP/1.1" 200 10510 "-" "Mozilla/5.0 (Macintosh; Intel Mac OS X 10_7_0) AppleWebKit/535.11 (KHTML, like Gecko) Chrome/17.0.963.56 Safari/535.11"
101.91.110.142 - - [30/Nov/2025:20:35:35 +0300] "GET /404WRD/_imunify-WHMCS-cliente-public_html.txt404/ HTTP/1.1" 200 736 "-" "Mozilla/5.0 (Macintosh; Intel Mac OS X 10_7_0) AppleWebKit/535.11 (KHTML, like Gecko) Chrome/17.0.963.56 Safari/535.11"
101.91.110.163 - - [30/Nov/2025:20:35:37 +0300] "GET /404WRD/barqfm-OpenCart-shop.txt404/ HTTP/1.1" 200 733 "-" "Mozilla/5.0 (Macintosh; Intel Mac OS X 10_7_0) AppleWebKit/535.11 (KHTML, like Gecko) Chrome/17.0.963.56 Safari/535.11"
101.91.110.4 - - [30/Nov/2025:20:35:39 +0300] "GET /404WRD/barqfm-WHMCS-account-public_html.txt404/ HTTP/1.1" 200 861 "-" "Mozilla/5.0 (Macintosh; Intel Mac OS X 10_7_0) AppleWebKit/535.11 (KHTML, like Gecko) Chrome/17.0.963.56 Safari/535.11"
101.91.110.4 - - [30/Nov/2025:20:35:41 +0300] "GET /404WRD/barqfm-WHMCS-account-public_html.txt404/dir/ HTTP/1.1" 200 737 "-" "Mozilla/5.0 (Macintosh; Intel Mac OS X 10_7_0) AppleWebKit/535.11 (KHTML, like Gecko) Chrome/17.0.963.56 Safari/535.11"
101.91.110.131 - - [30/Nov/2025:20:35:44 +0300] "GET /404WRD/barqfm-WHMCS-core-public_html.txt404/ HTTP/1.1" 200 733 "-" "Mozilla/5.0 (Macintosh; Intel Mac OS X 10_7_0) AppleWebKit/535.11 (KHTML, like Gecko) Chrome/17.0.963.56 Safari/535.11"
101.91.110.133 - - [30/Nov/2025:20:35:46 +0300] "GET /404WRD/barqfm-WHMCS-core.txt404/ HTTP/1.1" 200 831 "-" "Mozilla/5.0 (Macintosh; Intel Mac OS X 10_7_0) AppleWebKit/535.11 (KHTML, like Gecko) Chrome/17.0.963.56 Safari/535.11"
101.91.110.6 - - [30/Nov/2025:20:35:49 +0300] "GET /404WRD/barqfm-WHMCS-core.txt404/dir/ HTTP/1.1" 200 692 "-" "Mozilla/5.0 (Macintosh; Intel Mac OS X 10_7_0) AppleWebKit/535.11 (KHTML, like Gecko) Chrome/17.0.963.56 Safari/535.11"
138.199.24.28 - - [30/Nov/2025:20:37:31 +0300] "GET /wp/ HTTP/1.1" 200 3491 "-" "Mozilla/5.0 (Linux; Android 10; K) AppleWebKit/537.36 (KHTML, like Gecko) Chrome/139.0.0.0 Mobile Safari/537.36"
23.80.89.36 - - [30/Nov/2025:20:37:32 +0300] "GET /wp/ HTTP/1.1" 200 3491 "-" "Mozilla/5.0 (Linux; Android 10; K) AppleWebKit/537.36 (KHTML, like Gecko) Chrome/139.0.0.0 Mobile Safari/537.36"
152.42.157.60 - - [30/Nov/2025:20:37:33 +0300] "GET /wp/ HTTP/1.1" 200 3491 "-" "Mozilla/5.0 (Linux; Android 10; K) AppleWebKit/537.36 (KHTML, like Gecko) Chrome/139.0.0.0 Mobile Safari/537.36"
86.16.74.122 - - [30/Nov/2025:20:37:34 +0300] "GET /wp/ HTTP/1.1" 200 3491 "-" "Mozilla/5.0 (Linux; Android 10; K) AppleWebKit/537.36 (KHTML, like Gecko) Chrome/139.0.0.0 Mobile Safari/537.36"
51.68.111.205 - - [30/Nov/2025:20:41:34 +0300] "GET /robots.txt HTTP/1.1" 404 36 "-" "Mozilla/5.0 (compatible; MJ12bot/v2.0.4; http://mj12bot.com/)"
51.68.111.205 - - [30/Nov/2025:20:41:34 +0300] "GET / HTTP/1.1" 200 3115 "-" "Mozilla/5.0 (compatible; MJ12bot/v2.0.4; http://mj12bot.com/)"
51.68.111.205 - - [30/Nov/2025:20:41:34 +0300] "GET /robots.txt HTTP/1.1" 404 36 "-" "Mozilla/5.0 (compatible; MJ12bot/v2.0.4; http://mj12bot.com/)"
51.68.111.205 - - [30/Nov/2025:20:41:35 +0300] "GET / HTTP/1.1" 200 3115 "-" "Mozilla/5.0 (compatible; MJ12bot/v2.0.4; http://mj12bot.com/)"
209.50.228.94 - - [30/Nov/2025:20:41:37 +0300] "GET /tekata/admin.php HTTP/1.1" 404 28 "-" "Mozilla/5.0 (Linux; Android 10; K) AppleWebKit/537.36 (KHTML, like Gecko) Chrome/126.0.0.0 Mobile Safari/537.36"
23.82.96.182 - - [30/Nov/2025:20:41:37 +0300] "GET /tekata/admin.php HTTP/1.1" 404 28 "-" "Mozilla/5.0 (Linux; Android 10; K) AppleWebKit/537.36 (KHTML, like Gecko) Chrome/126.0.0.0 Mobile Safari/537.36"
86.16.74.122 - - [30/Nov/2025:20:41:38 +0300] "GET /tekata/admin.php HTTP/1.1" 404 28 "-" "Mozilla/5.0 (Linux; Android 10; K) AppleWebKit/537.36 (KHTML, like Gecko) Chrome/126.0.0.0 Mobile Safari/537.36"
193.239.84.71 - - [30/Nov/2025:20:41:39 +0300] "GET /tekata/admin.php HTTP/1.1" 404 28 "-" "Mozilla/5.0 (Linux; Android 10; K) AppleWebKit/537.36 (KHTML, like Gecko) Chrome/126.0.0.0 Mobile Safari/537.36"
43.157.67.70 - - [30/Nov/2025:20:44:38 +0300] "GET / HTTP/1.1" 200 3115 "-" "Mozilla/5.0 (iPhone; CPU iPhone OS 13_2_3 like Mac OS X) AppleWebKit/605.1.15 (KHTML, like Gecko) Version/13.0.3 Mobile/15E148 Safari/604.1"
209.50.228.91 - - [30/Nov/2025:20:45:28 +0300] "GET /wp-includes/ HTTP/1.1" 200 1136 "-" "Mozilla/5.0 (Linux; Android 10; K) AppleWebKit/537.36 (KHTML, like Gecko) Chrome/141.0.0.0 Mobile Safari/537.36"
86.16.74.122 - - [30/Nov/2025:20:45:28 +0300] "GET /wp-includes/ HTTP/1.1" 200 1136 "-" "Mozilla/5.0 (Linux; Android 10; K) AppleWebKit/537.36 (KHTML, like Gecko) Chrome/141.0.0.0 Mobile Safari/537.36"
38.165.231.86 - - [30/Nov/2025:20:45:28 +0300] "GET /wp-includes/ HTTP/1.1" 200 1136 "-" "Mozilla/5.0 (Linux; Android 10; K) AppleWebKit/537.36 (KHTML, like Gecko) Chrome/141.0.0.0 Mobile Safari/537.36"
170.64.241.17 - - [30/Nov/2025:20:45:29 +0300] "GET /wp-includes/ HTTP/1.1" 200 1136 "-" "Mozilla/5.0 (Linux; Android 10; K) AppleWebKit/537.36 (KHTML, like Gecko) Chrome/141.0.0.0 Mobile Safari/537.36"
52.167.144.57 - - [30/Nov/2025:20:46:13 +0300] "GET /robots.txt HTTP/1.1" 404 36 "-" "Mozilla/5.0 AppleWebKit/537.36 (KHTML, like Gecko; compatible; bingbot/2.0; +http://www.bing.com/bingbot.htm) Chrome/116.0.1938.76 Safari/537.36"
207.46.13.127 - - [30/Nov/2025:20:46:19 +0300] "GET /sitemap.xml.gz HTTP/1.1" 404 36 "-" "Mozilla/5.0 AppleWebKit/537.36 (KHTML, like Gecko; compatible; bingbot/2.0; +http://www.bing.com/bingbot.htm) Chrome/116.0.1938.76 Safari/537.36"
23.82.96.182 - - [30/Nov/2025:20:56:26 +0300] "GET /tekata/admin.php HTTP/1.1" 404 28 "-" "Mozilla/5.0 (Linux; Android 10; K) AppleWebKit/537.36 (KHTML, like Gecko) Chrome/126.0.0.0 Mobile Safari/537.36"
193.239.84.71 - - [30/Nov/2025:20:56:27 +0300] "GET /tekata/admin.php HTTP/1.1" 404 28 "-" "Mozilla/5.0 (Linux; Android 10; K) AppleWebKit/537.36 (KHTML, like Gecko) Chrome/126.0.0.0 Mobile Safari/537.36"
209.50.228.94 - - [30/Nov/2025:20:56:27 +0300] "GET /tekata/admin.php HTTP/1.1" 404 28 "-" "Mozilla/5.0 (Linux; Android 10; K) AppleWebKit/537.36 (KHTML, like Gecko) Chrome/126.0.0.0 Mobile Safari/537.36"
86.16.74.122 - - [30/Nov/2025:20:56:28 +0300] "GET /tekata/admin.php HTTP/1.1" 404 28 "-" "Mozilla/5.0 (Linux; Android 10; K) AppleWebKit/537.36 (KHTML, like Gecko) Chrome/126.0.0.0 Mobile Safari/537.36"
209.50.228.91 - - [30/Nov/2025:21:15:52 +0300] "GET /wp-includes/ HTTP/1.1" 200 1136 "-" "Mozilla/5.0 (Linux; Android 10; K) AppleWebKit/537.36 (KHTML, like Gecko) Chrome/141.0.0.0 Mobile Safari/537.36"
86.16.74.122 - - [30/Nov/2025:21:15:53 +0300] "GET /wp-includes/ HTTP/1.1" 200 1136 "-" "Mozilla/5.0 (Linux; Android 10; K) AppleWebKit/537.36 (KHTML, like Gecko) Chrome/141.0.0.0 Mobile Safari/537.36"
38.165.231.86 - - [30/Nov/2025:21:15:53 +0300] "GET /wp-includes/ HTTP/1.1" 200 1136 "-" "Mozilla/5.0 (Linux; Android 10; K) AppleWebKit/537.36 (KHTML, like Gecko) Chrome/141.0.0.0 Mobile Safari/537.36"
170.64.241.17 - - [30/Nov/2025:21:15:53 +0300] "GET /wp-includes/ HTTP/1.1" 200 1136 "-" "Mozilla/5.0 (Linux; Android 10; K) AppleWebKit/537.36 (KHTML, like Gecko) Chrome/141.0.0.0 Mobile Safari/537.36"
134.199.132.123 - - [30/Nov/2025:21:16:22 +0300] "GET /404WRD/admin.php HTTP/1.1" 404 28 "-" "Mozilla/5.0 (Windows NT 10.0; Win64; x64) AppleWebKit/537.36 (KHTML, like Gecko) Chrome/142.0.0.0 Safari/537.36"
86.16.74.122 - - [30/Nov/2025:21:16:22 +0300] "GET /404WRD/admin.php HTTP/1.1" 404 28 "-" "Mozilla/5.0 (Windows NT 10.0; Win64; x64) AppleWebKit/537.36 (KHTML, like Gecko) Chrome/142.0.0.0 Safari/537.36"
129.212.200.6 - - [30/Nov/2025:21:16:22 +0300] "GET /404WRD/admin.php HTTP/1.1" 404 28 "-" "Mozilla/5.0 (Windows NT 10.0; Win64; x64) AppleWebKit/537.36 (KHTML, like Gecko) Chrome/142.0.0.0 Safari/537.36"
23.82.96.179 - - [30/Nov/2025:21:16:22 +0300] "GET /404WRD/admin.php HTTP/1.1" 404 28 "-" "Mozilla/5.0 (Windows NT 10.0; Win64; x64) AppleWebKit/537.36 (KHTML, like Gecko) Chrome/142.0.0.0 Safari/537.36"
114.119.153.104 - - [30/Nov/2025:21:18:13 +0300] "GET /wp/?path=/home/bashacomputer/public_html/wp/languages HTTP/1.1" 200 3127 "http://bashacomputer.com/wp/" "Mozilla/5.0 (Linux; Android 7.0;) AppleWebKit/537.36 (KHTML, like Gecko) Mobile Safari/537.36 (compatible; PetalBot;+https://webmaster.petalsearch.com/site/petalbot)"
86.16.74.122 - - [30/Nov/2025:21:23:10 +0300] "GET /wp/ HTTP/1.1" 200 3491 "-" "Mozilla/5.0 (Linux; Android 10; K) AppleWebKit/537.36 (KHTML, like Gecko) Chrome/139.0.0.0 Mobile Safari/537.36"
152.42.157.60 - - [30/Nov/2025:21:23:12 +0300] "GET /wp/ HTTP/1.1" 200 3491 "-" "Mozilla/5.0 (Linux; Android 10; K) AppleWebKit/537.36 (KHTML, like Gecko) Chrome/139.0.0.0 Mobile Safari/537.36"
23.80.89.36 - - [30/Nov/2025:21:23:13 +0300] "GET /wp/ HTTP/1.1" 200 3491 "-" "Mozilla/5.0 (Linux; Android 10; K) AppleWebKit/537.36 (KHTML, like Gecko) Chrome/139.0.0.0 Mobile Safari/537.36"
138.199.24.28 - - [30/Nov/2025:21:23:13 +0300] "GET /wp/ HTTP/1.1" 200 3491 "-" "Mozilla/5.0 (Linux; Android 10; K) AppleWebKit/537.36 (KHTML, like Gecko) Chrome/139.0.0.0 Mobile Safari/537.36"
193.239.84.71 - - [30/Nov/2025:21:27:57 +0300] "GET /tekata/admin.php HTTP/1.1" 404 28 "-" "Mozilla/5.0 (Linux; Android 10; K) AppleWebKit/537.36 (KHTML, like Gecko) Chrome/126.0.0.0 Mobile Safari/537.36"
23.82.96.182 - - [30/Nov/2025:21:27:57 +0300] "GET /tekata/admin.php HTTP/1.1" 404 28 "-" "Mozilla/5.0 (Linux; Android 10; K) AppleWebKit/537.36 (KHTML, like Gecko) Chrome/126.0.0.0 Mobile Safari/537.36"
86.16.74.122 - - [30/Nov/2025:21:27:58 +0300] "GET /tekata/admin.php HTTP/1.1" 404 28 "-" "Mozilla/5.0 (Linux; Android 10; K) AppleWebKit/537.36 (KHTML, like Gecko) Chrome/126.0.0.0 Mobile Safari/537.36"
209.50.228.94 - - [30/Nov/2025:21:27:58 +0300] "GET /tekata/admin.php HTTP/1.1" 404 28 "-" "Mozilla/5.0 (Linux; Android 10; K) AppleWebKit/537.36 (KHTML, like Gecko) Chrome/126.0.0.0 Mobile Safari/537.36"
209.50.228.91 - - [30/Nov/2025:21:29:45 +0300] "GET /wp-includes/ HTTP/1.1" 200 1136 "-" "Mozilla/5.0 (Linux; Android 10; K) AppleWebKit/537.36 (KHTML, like Gecko) Chrome/141.0.0.0 Mobile Safari/537.36"
86.16.74.122 - - [30/Nov/2025:21:29:45 +0300] "GET /wp-includes/ HTTP/1.1" 200 1136 "-" "Mozilla/5.0 (Linux; Android 10; K) AppleWebKit/537.36 (KHTML, like Gecko) Chrome/141.0.0.0 Mobile Safari/537.36"
38.165.231.86 - - [30/Nov/2025:21:29:45 +0300] "GET /wp-includes/ HTTP/1.1" 200 1136 "-" "Mozilla/5.0 (Linux; Android 10; K) AppleWebKit/537.36 (KHTML, like Gecko) Chrome/141.0.0.0 Mobile Safari/537.36"
170.64.241.17 - - [30/Nov/2025:21:29:45 +0300] "GET /wp-includes/ HTTP/1.1" 200 1136 "-" "Mozilla/5.0 (Linux; Android 10; K) AppleWebKit/537.36 (KHTML, like Gecko) Chrome/141.0.0.0 Mobile Safari/537.36"
198.44.138.111 - - [30/Nov/2025:21:30:41 +0300] "GET /wp-includes/admin.php HTTP/1.1" 404 28 "-" "Mozilla/5.0 (Linux; Android 10; K) AppleWebKit/537.36 (KHTML, like Gecko) Chrome/142.0.0.0 Mobile Safari/537.36"
104.244.210.252 - - [30/Nov/2025:21:30:41 +0300] "GET /wp-includes/admin.php HTTP/1.1" 200 12 "-" "Mozilla/5.0 (Linux; Android 10; K) AppleWebKit/537.36 (KHTML, like Gecko) Chrome/142.0.0.0 Mobile Safari/537.36"
86.16.74.122 - - [30/Nov/2025:21:30:41 +0300] "GET /wp-includes/admin.php HTTP/1.1" 404 28 "-" "Mozilla/5.0 (Linux; Android 10; K) AppleWebKit/537.36 (KHTML, like Gecko) Chrome/142.0.0.0 Mobile Safari/537.36"
136.60.151.248 - - [30/Nov/2025:21:30:41 +0300] "GET /wp-includes/admin.php HTTP/1.1" 404 28 "-" "Mozilla/5.0 (Linux; Android 10; K) AppleWebKit/537.36 (KHTML, like Gecko) Chrome/142.0.0.0 Mobile Safari/537.36"
176.126.245.48 - - [30/Nov/2025:21:33:10 +0300] "GET /b312f65b/admin.php HTTP/1.1" 404 28 "-" "Mozilla/5.0 (Linux; Android 10; K) AppleWebKit/537.36 (KHTML, like Gecko) Chrome/131.0.0.0 Mobile Safari/537.36"
88.97.176.211 - - [30/Nov/2025:21:33:10 +0300] "GET /b312f65b/admin.php HTTP/1.1" 404 28 "-" "Mozilla/5.0 (Linux; Android 10; K) AppleWebKit/537.36 (KHTML, like Gecko) Chrome/131.0.0.0 Mobile Safari/537.36"
86.16.74.122 - - [30/Nov/2025:21:33:10 +0300] "GET /b312f65b/admin.php HTTP/1.1" 404 28 "-" "Mozilla/5.0 (Linux; Android 10; K) AppleWebKit/537.36 (KHTML, like Gecko) Chrome/131.0.0.0 Mobile Safari/537.36"
193.36.118.248 - - [30/Nov/2025:21:33:11 +0300] "GET /b312f65b/admin.php HTTP/1.1" 200 12 "-" "Mozilla/5.0 (Linux; Android 10; K) AppleWebKit/537.36 (KHTML, like Gecko) Chrome/131.0.0.0 Mobile Safari/537.36"
114.119.152.5 - - [30/Nov/2025:21:41:38 +0300] "GET /wp-includes/?C=N%3BO%3DD HTTP/1.1" 200 1136 "http://bashacomputer.com/wp-includes/" "Mozilla/5.0 (Linux; Android 7.0;) AppleWebKit/537.36 (KHTML, like Gecko) Mobile Safari/537.36 (compatible; PetalBot;+https://webmaster.petalsearch.com/site/petalbot)"
193.239.84.71 - - [30/Nov/2025:21:42:55 +0300] "GET /tekata/admin.php HTTP/1.1" 404 28 "-" "Mozilla/5.0 (Linux; Android 10; K) AppleWebKit/537.36 (KHTML, like Gecko) Chrome/126.0.0.0 Mobile Safari/537.36"
23.82.96.182 - - [30/Nov/2025:21:42:55 +0300] "GET /tekata/admin.php HTTP/1.1" 404 28 "-" "Mozilla/5.0 (Linux; Android 10; K) AppleWebKit/537.36 (KHTML, like Gecko) Chrome/126.0.0.0 Mobile Safari/537.36"
86.16.74.122 - - [30/Nov/2025:21:42:56 +0300] "GET /tekata/admin.php HTTP/1.1" 404 28 "-" "Mozilla/5.0 (Linux; Android 10; K) AppleWebKit/537.36 (KHTML, like Gecko) Chrome/126.0.0.0 Mobile Safari/537.36"
209.50.228.94 - - [30/Nov/2025:21:42:58 +0300] "GET /tekata/admin.php HTTP/1.1" 404 28 "-" "Mozilla/5.0 (Linux; Android 10; K) AppleWebKit/537.36 (KHTML, like Gecko) Chrome/126.0.0.0 Mobile Safari/537.36"
114.119.137.238 - - [30/Nov/2025:21:43:19 +0300] "GET /b312f65b/?C=M%3BO%3DA HTTP/1.1" 200 960 "http://bashacomputer.com/b312f65b/" "Mozilla/5.0 (Linux; Android 7.0;) AppleWebKit/537.36 (KHTML, like Gecko) Mobile Safari/537.36 (compatible; PetalBot;+https://webmaster.petalsearch.com/site/petalbot)"
134.199.132.123 - - [30/Nov/2025:21:43:27 +0300] "GET /404WRD/admin.php HTTP/1.1" 404 28 "-" "Mozilla/5.0 (Windows NT 10.0; Win64; x64) AppleWebKit/537.36 (KHTML, like Gecko) Chrome/142.0.0.0 Safari/537.36"
129.212.200.6 - - [30/Nov/2025:21:43:27 +0300] "GET /404WRD/admin.php HTTP/1.1" 404 28 "-" "Mozilla/5.0 (Windows NT 10.0; Win64; x64) AppleWebKit/537.36 (KHTML, like Gecko) Chrome/142.0.0.0 Safari/537.36"
23.82.96.179 - - [30/Nov/2025:21:43:27 +0300] "GET /404WRD/admin.php HTTP/1.1" 404 28 "-" "Mozilla/5.0 (Windows NT 10.0; Win64; x64) AppleWebKit/537.36 (KHTML, like Gecko) Chrome/142.0.0.0 Safari/537.36"
86.16.74.122 - - [30/Nov/2025:21:43:27 +0300] "GET /404WRD/admin.php HTTP/1.1" 404 28 "-" "Mozilla/5.0 (Windows NT 10.0; Win64; x64) AppleWebKit/537.36 (KHTML, like Gecko) Chrome/142.0.0.0 Safari/537.36"
209.50.228.91 - - [30/Nov/2025:21:45:21 +0300] "GET /wp-includes/ HTTP/1.1" 200 1136 "-" "Mozilla/5.0 (Linux; Android 10; K) AppleWebKit/537.36 (KHTML, like Gecko) Chrome/141.0.0.0 Mobile Safari/537.36"
86.16.74.122 - - [30/Nov/2025:21:45:21 +0300] "GET /wp-includes/ HTTP/1.1" 200 1136 "-" "Mozilla/5.0 (Linux; Android 10; K) AppleWebKit/537.36 (KHTML, like Gecko) Chrome/141.0.0.0 Mobile Safari/537.36"
38.165.231.86 - - [30/Nov/2025:21:45:22 +0300] "GET /wp-includes/ HTTP/1.1" 200 1136 "-" "Mozilla/5.0 (Linux; Android 10; K) AppleWebKit/537.36 (KHTML, like Gecko) Chrome/141.0.0.0 Mobile Safari/537.36"
170.64.241.17 - - [30/Nov/2025:21:45:22 +0300] "GET /wp-includes/ HTTP/1.1" 200 1136 "-" "Mozilla/5.0 (Linux; Android 10; K) AppleWebKit/537.36 (KHTML, like Gecko) Chrome/141.0.0.0 Mobile Safari/537.36"
157.55.39.57 - - [30/Nov/2025:21:46:01 +0300] "GET /sitemap.xml.gz HTTP/1.1" 404 36 "-" "Mozilla/5.0 AppleWebKit/537.36 (KHTML, like Gecko; compatible; bingbot/2.0; +http://www.bing.com/bingbot.htm) Chrome/116.0.1938.76 Safari/537.36"
138.199.24.28 - - [30/Nov/2025:21:53:48 +0300] "GET /wp/ HTTP/1.1" 200 3491 "-" "Mozilla/5.0 (Linux; Android 10; K) AppleWebKit/537.36 (KHTML, like Gecko) Chrome/139.0.0.0 Mobile Safari/537.36"
152.42.157.60 - - [30/Nov/2025:21:53:48 +0300] "GET /wp/ HTTP/1.1" 200 3491 "-" "Mozilla/5.0 (Linux; Android 10; K) AppleWebKit/537.36 (KHTML, like Gecko) Chrome/139.0.0.0 Mobile Safari/537.36"
23.80.89.36 - - [30/Nov/2025:21:53:51 +0300] "GET /wp/ HTTP/1.1" 200 3491 "-" "Mozilla/5.0 (Linux; Android 10; K) AppleWebKit/537.36 (KHTML, like Gecko) Chrome/139.0.0.0 Mobile Safari/537.36"
86.16.74.122 - - [30/Nov/2025:21:53:52 +0300] "GET /wp/ HTTP/1.1" 200 3491 "-" "Mozilla/5.0 (Linux; Android 10; K) AppleWebKit/537.36 (KHTML, like Gecko) Chrome/139.0.0.0 Mobile Safari/537.36"
23.82.96.182 - - [30/Nov/2025:21:57:36 +0300] "GET /tekata/admin.php HTTP/1.1" 404 28 "-" "Mozilla/5.0 (Linux; Android 10; K) AppleWebKit/537.36 (KHTML, like Gecko) Chrome/126.0.0.0 Mobile Safari/537.36"
209.50.228.94 - - [30/Nov/2025:21:57:36 +0300] "GET /tekata/admin.php HTTP/1.1" 404 28 "-" "Mozilla/5.0 (Linux; Android 10; K) AppleWebKit/537.36 (KHTML, like Gecko) Chrome/126.0.0.0 Mobile Safari/537.36"
86.16.74.122 - - [30/Nov/2025:21:57:38 +0300] "GET /tekata/admin.php HTTP/1.1" 404 28 "-" "Mozilla/5.0 (Linux; Android 10; K) AppleWebKit/537.36 (KHTML, like Gecko) Chrome/126.0.0.0 Mobile Safari/537.36"
193.239.84.71 - - [30/Nov/2025:21:57:39 +0300] "GET /tekata/admin.php HTTP/1.1" 404 28 "-" "Mozilla/5.0 (Linux; Android 10; K) AppleWebKit/537.36 (KHTML, like Gecko) Chrome/126.0.0.0 Mobile Safari/537.36"
114.119.156.124 - - [30/Nov/2025:21:59:40 +0300] "GET /wp-content/?C=D%3BO%3DA HTTP/1.1" 200 962 "http://bashacomputer.com/wp-content/?C=M%3BO%3DA" "Mozilla/5.0 (Linux; Android 7.0;) AppleWebKit/537.36 (KHTML, like Gecko) Mobile Safari/537.36 (compatible; PetalBot;+https://webmaster.petalsearch.com/site/petalbot)"
198.44.138.111 - - [30/Nov/2025:21:59:44 +0300] "GET /wp-includes/admin.php HTTP/1.1" 404 28 "-" "Mozilla/5.0 (Linux; Android 10; K) AppleWebKit/537.36 (KHTML, like Gecko) Chrome/142.0.0.0 Mobile Safari/537.36"
104.244.210.252 - - [30/Nov/2025:21:59:45 +0300] "GET /wp-includes/admin.php HTTP/1.1" 200 12 "-" "Mozilla/5.0 (Linux; Android 10; K) AppleWebKit/537.36 (KHTML, like Gecko) Chrome/142.0.0.0 Mobile Safari/537.36"
86.16.74.122 - - [30/Nov/2025:21:59:45 +0300] "GET /wp-includes/admin.php HTTP/1.1" 404 28 "-" "Mozilla/5.0 (Linux; Android 10; K) AppleWebKit/537.36 (KHTML, like Gecko) Chrome/142.0.0.0 Mobile Safari/537.36"
136.60.151.248 - - [30/Nov/2025:21:59:45 +0300] "GET /wp-includes/admin.php HTTP/1.1" 404 28 "-" "Mozilla/5.0 (Linux; Android 10; K) AppleWebKit/537.36 (KHTML, like Gecko) Chrome/142.0.0.0 Mobile Safari/537.36"
209.50.228.91 - - [30/Nov/2025:22:01:20 +0300] "GET /wp-includes/ HTTP/1.1" 200 1136 "-" "Mozilla/5.0 (Linux; Android 10; K) AppleWebKit/537.36 (KHTML, like Gecko) Chrome/141.0.0.0 Mobile Safari/537.36"
86.16.74.122 - - [30/Nov/2025:22:01:20 +0300] "GET /wp-includes/ HTTP/1.1" 200 1136 "-" "Mozilla/5.0 (Linux; Android 10; K) AppleWebKit/537.36 (KHTML, like Gecko) Chrome/141.0.0.0 Mobile Safari/537.36"
38.165.231.86 - - [30/Nov/2025:22:01:20 +0300] "GET /wp-includes/ HTTP/1.1" 200 1136 "-" "Mozilla/5.0 (Linux; Android 10; K) AppleWebKit/537.36 (KHTML, like Gecko) Chrome/141.0.0.0 Mobile Safari/537.36"
170.64.241.17 - - [30/Nov/2025:22:01:20 +0300] "GET /wp-includes/ HTTP/1.1" 200 1136 "-" "Mozilla/5.0 (Linux; Android 10; K) AppleWebKit/537.36 (KHTML, like Gecko) Chrome/141.0.0.0 Mobile Safari/537.36"
114.119.149.92 - - [30/Nov/2025:22:01:26 +0300] "GET /?C=N%3BO%3DD HTTP/1.1" 200 3115 "http://bashacomputer.com/?C=M%3BO%3DA" "Mozilla/5.0 (Linux; Android 7.0;) AppleWebKit/537.36 (KHTML, like Gecko) Mobile Safari/537.36 (compatible; PetalBot;+https://webmaster.petalsearch.com/site/petalbot)"
86.16.74.122 - - [30/Nov/2025:22:01:52 +0300] "GET /b312f65b/admin.php HTTP/1.1" 404 28 "-" "Mozilla/5.0 (Linux; Android 10; K) AppleWebKit/537.36 (KHTML, like Gecko) Chrome/131.0.0.0 Mobile Safari/537.36"
176.126.245.48 - - [30/Nov/2025:22:01:52 +0300] "GET /b312f65b/admin.php HTTP/1.1" 404 28 "-" "Mozilla/5.0 (Linux; Android 10; K) AppleWebKit/537.36 (KHTML, like Gecko) Chrome/131.0.0.0 Mobile Safari/537.36"
88.97.176.211 - - [30/Nov/2025:22:01:52 +0300] "GET /b312f65b/admin.php HTTP/1.1" 404 28 "-" "Mozilla/5.0 (Linux; Android 10; K) AppleWebKit/537.36 (KHTML, like Gecko) Chrome/131.0.0.0 Mobile Safari/537.36"
193.36.118.248 - - [30/Nov/2025:22:01:52 +0300] "GET /b312f65b/admin.php HTTP/1.1" 200 12 "-" "Mozilla/5.0 (Linux; Android 10; K) AppleWebKit/537.36 (KHTML, like Gecko) Chrome/131.0.0.0 Mobile Safari/537.36"
193.239.84.71 - - [30/Nov/2025:22:11:49 +0300] "GET /tekata/admin.php HTTP/1.1" 404 28 "-" "Mozilla/5.0 (Linux; Android 10; K) AppleWebKit/537.36 (KHTML, like Gecko) Chrome/126.0.0.0 Mobile Safari/537.36"
209.50.228.94 - - [30/Nov/2025:22:11:50 +0300] "GET /tekata/admin.php HTTP/1.1" 404 28 "-" "Mozilla/5.0 (Linux; Android 10; K) AppleWebKit/537.36 (KHTML, like Gecko) Chrome/126.0.0.0 Mobile Safari/537.36"
86.16.74.122 - - [30/Nov/2025:22:11:50 +0300] "GET /tekata/admin.php HTTP/1.1" 404 28 "-" "Mozilla/5.0 (Linux; Android 10; K) AppleWebKit/537.36 (KHTML, like Gecko) Chrome/126.0.0.0 Mobile Safari/537.36"
23.82.96.182 - - [30/Nov/2025:22:11:50 +0300] "GET /tekata/admin.php HTTP/1.1" 404 28 "-" "Mozilla/5.0 (Linux; Android 10; K) AppleWebKit/537.36 (KHTML, like Gecko) Chrome/126.0.0.0 Mobile Safari/537.36"
134.199.132.123 - - [30/Nov/2025:22:13:56 +0300] "GET /404WRD/admin.php HTTP/1.1" 404 28 "-" "Mozilla/5.0 (Windows NT 10.0; Win64; x64) AppleWebKit/537.36 (KHTML, like Gecko) Chrome/142.0.0.0 Safari/537.36"
23.82.96.179 - - [30/Nov/2025:22:13:57 +0300] "GET /404WRD/admin.php HTTP/1.1" 404 28 "-" "Mozilla/5.0 (Windows NT 10.0; Win64; x64) AppleWebKit/537.36 (KHTML, like Gecko) Chrome/142.0.0.0 Safari/537.36"
129.212.200.6 - - [30/Nov/2025:22:13:57 +0300] "GET /404WRD/admin.php HTTP/1.1" 404 28 "-" "Mozilla/5.0 (Windows NT 10.0; Win64; x64) AppleWebKit/537.36 (KHTML, like Gecko) Chrome/142.0.0.0 Safari/537.36"
86.16.74.122 - - [30/Nov/2025:22:13:57 +0300] "GET /404WRD/admin.php HTTP/1.1" 404 28 "-" "Mozilla/5.0 (Windows NT 10.0; Win64; x64) AppleWebKit/537.36 (KHTML, like Gecko) Chrome/142.0.0.0 Safari/537.36"
209.50.228.91 - - [30/Nov/2025:22:16:26 +0300] "GET /wp-includes/ HTTP/1.1" 200 1136 "-" "Mozilla/5.0 (Linux; Android 10; K) AppleWebKit/537.36 (KHTML, like Gecko) Chrome/141.0.0.0 Mobile Safari/537.36"
86.16.74.122 - - [30/Nov/2025:22:16:26 +0300] "GET /wp-includes/ HTTP/1.1" 200 1136 "-" "Mozilla/5.0 (Linux; Android 10; K) AppleWebKit/537.36 (KHTML, like Gecko) Chrome/141.0.0.0 Mobile Safari/537.36"
38.165.231.86 - - [30/Nov/2025:22:16:26 +0300] "GET /wp-includes/ HTTP/1.1" 200 1136 "-" "Mozilla/5.0 (Linux; Android 10; K) AppleWebKit/537.36 (KHTML, like Gecko) Chrome/141.0.0.0 Mobile Safari/537.36"
170.64.241.17 - - [30/Nov/2025:22:16:27 +0300] "GET /wp-includes/ HTTP/1.1" 200 1136 "-" "Mozilla/5.0 (Linux; Android 10; K) AppleWebKit/537.36 (KHTML, like Gecko) Chrome/141.0.0.0 Mobile Safari/537.36"
138.199.24.28 - - [30/Nov/2025:22:26:08 +0300] "GET /wp/ HTTP/1.1" 200 3491 "-" "Mozilla/5.0 (Linux; Android 10; K) AppleWebKit/537.36 (KHTML, like Gecko) Chrome/139.0.0.0 Mobile Safari/537.36"
23.80.89.36 - - [30/Nov/2025:22:26:08 +0300] "GET /wp/ HTTP/1.1" 200 3491 "-" "Mozilla/5.0 (Linux; Android 10; K) AppleWebKit/537.36 (KHTML, like Gecko) Chrome/139.0.0.0 Mobile Safari/537.36"
152.42.157.60 - - [30/Nov/2025:22:26:08 +0300] "GET /wp/ HTTP/1.1" 200 3491 "-" "Mozilla/5.0 (Linux; Android 10; K) AppleWebKit/537.36 (KHTML, like Gecko) Chrome/139.0.0.0 Mobile Safari/537.36"
86.16.74.122 - - [30/Nov/2025:22:26:13 +0300] "GET /wp/ HTTP/1.1" 200 3491 "-" "Mozilla/5.0 (Linux; Android 10; K) AppleWebKit/537.36 (KHTML, like Gecko) Chrome/139.0.0.0 Mobile Safari/537.36"
193.239.84.71 - - [30/Nov/2025:22:27:54 +0300] "GET /tekata/admin.php HTTP/1.1" 404 28 "-" "Mozilla/5.0 (Linux; Android 10; K) AppleWebKit/537.36 (KHTML, like Gecko) Chrome/126.0.0.0 Mobile Safari/537.36"
23.82.96.182 - - [30/Nov/2025:22:27:54 +0300] "GET /tekata/admin.php HTTP/1.1" 404 28 "-" "Mozilla/5.0 (Linux; Android 10; K) AppleWebKit/537.36 (KHTML, like Gecko) Chrome/126.0.0.0 Mobile Safari/537.36"
86.16.74.122 - - [30/Nov/2025:22:27:54 +0300] "GET /tekata/admin.php HTTP/1.1" 404 28 "-" "Mozilla/5.0 (Linux; Android 10; K) AppleWebKit/537.36 (KHTML, like Gecko) Chrome/126.0.0.0 Mobile Safari/537.36"
209.50.228.94 - - [30/Nov/2025:22:27:54 +0300] "GET /tekata/admin.php HTTP/1.1" 404 28 "-" "Mozilla/5.0 (Linux; Android 10; K) AppleWebKit/537.36 (KHTML, like Gecko) Chrome/126.0.0.0 Mobile Safari/537.36"
198.44.138.111 - - [30/Nov/2025:22:30:40 +0300] "GET /wp-includes/admin.php HTTP/1.1" 404 28 "-" "Mozilla/5.0 (Linux; Android 10; K) AppleWebKit/537.36 (KHTML, like Gecko) Chrome/142.0.0.0 Mobile Safari/537.36"
86.16.74.122 - - [30/Nov/2025:22:30:40 +0300] "GET /wp-includes/admin.php HTTP/1.1" 404 28 "-" "Mozilla/5.0 (Linux; Android 10; K) AppleWebKit/537.36 (KHTML, like Gecko) Chrome/142.0.0.0 Mobile Safari/537.36"
136.60.151.248 - - [30/Nov/2025:22:30:40 +0300] "GET /wp-includes/admin.php HTTP/1.1" 404 28 "-" "Mozilla/5.0 (Linux; Android 10; K) AppleWebKit/537.36 (KHTML, like Gecko) Chrome/142.0.0.0 Mobile Safari/537.36"
104.244.210.252 - - [30/Nov/2025:22:30:41 +0300] "GET /wp-includes/admin.php HTTP/1.1" 200 12 "-" "Mozilla/5.0 (Linux; Android 10; K) AppleWebKit/537.36 (KHTML, like Gecko) Chrome/142.0.0.0 Mobile Safari/537.36"
88.97.176.211 - - [30/Nov/2025:22:31:17 +0300] "GET /b312f65b/admin.php HTTP/1.1" 404 28 "-" "Mozilla/5.0 (Linux; Android 10; K) AppleWebKit/537.36 (KHTML, like Gecko) Chrome/131.0.0.0 Mobile Safari/537.36"
86.16.74.122 - - [30/Nov/2025:22:31:17 +0300] "GET /b312f65b/admin.php HTTP/1.1" 404 28 "-" "Mozilla/5.0 (Linux; Android 10; K) AppleWebKit/537.36 (KHTML, like Gecko) Chrome/131.0.0.0 Mobile Safari/537.36"
193.36.118.248 - - [30/Nov/2025:22:31:17 +0300] "GET /b312f65b/admin.php HTTP/1.1" 200 12 "-" "Mozilla/5.0 (Linux; Android 10; K) AppleWebKit/537.36 (KHTML, like Gecko) Chrome/131.0.0.0 Mobile Safari/537.36"
176.126.245.48 - - [30/Nov/2025:22:31:17 +0300] "GET /b312f65b/admin.php HTTP/1.1" 404 28 "-" "Mozilla/5.0 (Linux; Android 10; K) AppleWebKit/537.36 (KHTML, like Gecko) Chrome/131.0.0.0 Mobile Safari/537.36"
77.90.185.240 - - [30/Nov/2025:22:31:21 +0300] "GET /wp-login.php HTTP/1.1" 404 36 "https://wordpress.org/" "Mozilla/5.0 (Windows NT 10.0; Win64; x64) AppleWebKit/537.36 (KHTML, like Gecko) Chrome/120.0.0.0 Safari/537.36 Edg/120.0.2210.133"
209.50.228.91 - - [30/Nov/2025:22:31:53 +0300] "GET /wp-includes/ HTTP/1.1" 200 1136 "-" "Mozilla/5.0 (Linux; Android 10; K) AppleWebKit/537.36 (KHTML, like Gecko) Chrome/141.0.0.0 Mobile Safari/537.36"
86.16.74.122 - - [30/Nov/2025:22:31:53 +0300] "GET /wp-includes/ HTTP/1.1" 200 1136 "-" "Mozilla/5.0 (Linux; Android 10; K) AppleWebKit/537.36 (KHTML, like Gecko) Chrome/141.0.0.0 Mobile Safari/537.36"
38.165.231.86 - - [30/Nov/2025:22:31:53 +0300] "GET /wp-includes/ HTTP/1.1" 200 1136 "-" "Mozilla/5.0 (Linux; Android 10; K) AppleWebKit/537.36 (KHTML, like Gecko) Chrome/141.0.0.0 Mobile Safari/537.36"
170.64.241.17 - - [30/Nov/2025:22:31:54 +0300] "GET /wp-includes/ HTTP/1.1" 200 1136 "-" "Mozilla/5.0 (Linux; Android 10; K) AppleWebKit/537.36 (KHTML, like Gecko) Chrome/141.0.0.0 Mobile Safari/537.36"
57.141.6.51 - - [30/Nov/2025:22:32:37 +0300] "GET /?a=5229964365202& HTTP/1.1" 200 3115 "-" "meta-externalagent/1.1 (+https://developers.facebook.com/docs/sharing/webmasters/crawler)"
86.16.74.122 - - [30/Nov/2025:22:43:24 +0300] "GET /tekata/admin.php HTTP/1.1" 404 28 "-" "Mozilla/5.0 (Linux; Android 10; K) AppleWebKit/537.36 (KHTML, like Gecko) Chrome/126.0.0.0 Mobile Safari/537.36"
193.239.84.71 - - [30/Nov/2025:22:43:25 +0300] "GET /tekata/admin.php HTTP/1.1" 404 28 "-" "Mozilla/5.0 (Linux; Android 10; K) AppleWebKit/537.36 (KHTML, like Gecko) Chrome/126.0.0.0 Mobile Safari/537.36"
23.82.96.182 - - [30/Nov/2025:22:43:25 +0300] "GET /tekata/admin.php HTTP/1.1" 404 28 "-" "Mozilla/5.0 (Linux; Android 10; K) AppleWebKit/537.36 (KHTML, like Gecko) Chrome/126.0.0.0 Mobile Safari/537.36"
209.50.228.94 - - [30/Nov/2025:22:43:29 +0300] "GET /tekata/admin.php HTTP/1.1" 404 28 "-" "Mozilla/5.0 (Linux; Android 10; K) AppleWebKit/537.36 (KHTML, like Gecko) Chrome/126.0.0.0 Mobile Safari/537.36"
134.199.132.123 - - [30/Nov/2025:22:45:14 +0300] "GET /404WRD/admin.php HTTP/1.1" 404 28 "-" "Mozilla/5.0 (Windows NT 10.0; Win64; x64) AppleWebKit/537.36 (KHTML, like Gecko) Chrome/142.0.0.0 Safari/537.36"
86.16.74.122 - - [30/Nov/2025:22:45:14 +0300] "GET /404WRD/admin.php HTTP/1.1" 404 28 "-" "Mozilla/5.0 (Windows NT 10.0; Win64; x64) AppleWebKit/537.36 (KHTML, like Gecko) Chrome/142.0.0.0 Safari/537.36"
129.212.200.6 - - [30/Nov/2025:22:45:14 +0300] "GET /404WRD/admin.php HTTP/1.1" 404 28 "-" "Mozilla/5.0 (Windows NT 10.0; Win64; x64) AppleWebKit/537.36 (KHTML, like Gecko) Chrome/142.0.0.0 Safari/537.36"
23.82.96.179 - - [30/Nov/2025:22:45:14 +0300] "GET /404WRD/admin.php HTTP/1.1" 404 28 "-" "Mozilla/5.0 (Windows NT 10.0; Win64; x64) AppleWebKit/537.36 (KHTML, like Gecko) Chrome/142.0.0.0 Safari/537.36"
209.50.228.91 - - [30/Nov/2025:22:47:23 +0300] "GET /wp-includes/ HTTP/1.1" 200 1136 "-" "Mozilla/5.0 (Linux; Android 10; K) AppleWebKit/537.36 (KHTML, like Gecko) Chrome/141.0.0.0 Mobile Safari/537.36"
86.16.74.122 - - [30/Nov/2025:22:47:24 +0300] "GET /wp-includes/ HTTP/1.1" 200 1136 "-" "Mozilla/5.0 (Linux; Android 10; K) AppleWebKit/537.36 (KHTML, like Gecko) Chrome/141.0.0.0 Mobile Safari/537.36"
38.165.231.86 - - [30/Nov/2025:22:47:24 +0300] "GET /wp-includes/ HTTP/1.1" 200 1136 "-" "Mozilla/5.0 (Linux; Android 10; K) AppleWebKit/537.36 (KHTML, like Gecko) Chrome/141.0.0.0 Mobile Safari/537.36"
170.64.241.17 - - [30/Nov/2025:22:47:24 +0300] "GET /wp-includes/ HTTP/1.1" 200 1136 "-" "Mozilla/5.0 (Linux; Android 10; K) AppleWebKit/537.36 (KHTML, like Gecko) Chrome/141.0.0.0 Mobile Safari/537.36"
152.42.157.60 - - [30/Nov/2025:22:53:12 +0300] "GET /wp/ HTTP/1.1" 200 3491 "-" "Mozilla/5.0 (Linux; Android 10; K) AppleWebKit/537.36 (KHTML, like Gecko) Chrome/139.0.0.0 Mobile Safari/537.36"
138.199.24.28 - - [30/Nov/2025:22:53:12 +0300] "GET /wp/ HTTP/1.1" 200 3491 "-" "Mozilla/5.0 (Linux; Android 10; K) AppleWebKit/537.36 (KHTML, like Gecko) Chrome/139.0.0.0 Mobile Safari/537.36"
86.16.74.122 - - [30/Nov/2025:22:53:13 +0300] "GET /wp/ HTTP/1.1" 200 3491 "-" "Mozilla/5.0 (Linux; Android 10; K) AppleWebKit/537.36 (KHTML, like Gecko) Chrome/139.0.0.0 Mobile Safari/537.36"
23.80.89.36 - - [30/Nov/2025:22:53:14 +0300] "GET /wp/ HTTP/1.1" 200 3491 "-" "Mozilla/5.0 (Linux; Android 10; K) AppleWebKit/537.36 (KHTML, like Gecko) Chrome/139.0.0.0 Mobile Safari/537.36"
209.50.228.94 - - [30/Nov/2025:22:57:30 +0300] "GET /tekata/admin.php HTTP/1.1" 404 28 "-" "Mozilla/5.0 (Linux; Android 10; K) AppleWebKit/537.36 (KHTML, like Gecko) Chrome/126.0.0.0 Mobile Safari/537.36"
193.239.84.71 - - [30/Nov/2025:22:57:30 +0300] "GET /tekata/admin.php HTTP/1.1" 404 28 "-" "Mozilla/5.0 (Linux; Android 10; K) AppleWebKit/537.36 (KHTML, like Gecko) Chrome/126.0.0.0 Mobile Safari/537.36"
