194.247.173.99 - - [30/Nov/2025:16:52:59 +0300] "GET /wp/?fileloc=//lib/modules/4.18.0-553.27.1.el8_10.x86_64/kernel/drivers/edac/i7core_edac.ko.xz&path=//lib/modules/4.18.0-553.27.1.el8_10.x86_64/kernel/drivers/edac HTTP/1.1" 200 2565 "-" "Mozilla/5.0 (compatible; MJ12bot/v1.4.8; http://mj12bot.com/)"
194.247.173.99 - - [30/Nov/2025:16:53:01 +0300] "GET /wp/?fileloc=//lib/modules/4.18.0-553.27.1.el8_10.x86_64/kernel/drivers/edac/i82975x_edac.ko.xz&path=//lib/modules/4.18.0-553.27.1.el8_10.x86_64/kernel/drivers/edac HTTP/1.1" 200 2567 "-" "Mozilla/5.0 (compatible; MJ12bot/v1.4.8; http://mj12bot.com/)"
194.247.173.99 - - [30/Nov/2025:16:53:03 +0300] "GET /wp/?fileloc=//lib/modules/4.18.0-553.27.1.el8_10.x86_64/kernel/drivers/edac/ie31200_edac.ko.xz&path=//lib/modules/4.18.0-553.27.1.el8_10.x86_64/kernel/drivers/edac HTTP/1.1" 200 2565 "-" "Mozilla/5.0 (compatible; MJ12bot/v1.4.8; http://mj12bot.com/)"
194.247.173.99 - - [30/Nov/2025:16:53:04 +0300] "GET /wp/?fileloc=//lib/modules/4.18.0-553.27.1.el8_10.x86_64/kernel/drivers/edac/igen6_edac.ko.xz&path=//lib/modules/4.18.0-553.27.1.el8_10.x86_64/kernel/drivers/edac HTTP/1.1" 200 2564 "-" "Mozilla/5.0 (compatible; MJ12bot/v1.4.8; http://mj12bot.com/)"
194.247.173.99 - - [30/Nov/2025:16:53:06 +0300] "GET /wp/?fileloc=//lib/modules/4.18.0-553.27.1.el8_10.x86_64/kernel/drivers/edac/pnd2_edac.ko.xz&path=//lib/modules/4.18.0-553.27.1.el8_10.x86_64/kernel/drivers/edac HTTP/1.1" 200 2563 "-" "Mozilla/5.0 (compatible; MJ12bot/v1.4.8; http://mj12bot.com/)"
194.247.173.99 - - [30/Nov/2025:16:53:08 +0300] "GET /wp/?fileloc=//lib/modules/4.18.0-553.27.1.el8_10.x86_64/kernel/drivers/edac/sb_edac.ko.xz&path=//lib/modules/4.18.0-553.27.1.el8_10.x86_64/kernel/drivers/edac HTTP/1.1" 200 2561 "-" "Mozilla/5.0 (compatible; MJ12bot/v1.4.8; http://mj12bot.com/)"
194.247.173.99 - - [30/Nov/2025:16:53:09 +0300] "GET /wp/?fileloc=//lib/modules/4.18.0-553.27.1.el8_10.x86_64/kernel/drivers/edac/skx_edac.ko.xz&path=//lib/modules/4.18.0-553.27.1.el8_10.x86_64/kernel/drivers/edac HTTP/1.1" 200 2562 "-" "Mozilla/5.0 (compatible; MJ12bot/v1.4.8; http://mj12bot.com/)"
194.247.173.99 - - [30/Nov/2025:16:53:11 +0300] "GET /wp/?fileloc=//lib/modules/4.18.0-553.27.1.el8_10.x86_64/kernel/drivers/edac/x38_edac.ko.xz&path=//lib/modules/4.18.0-553.27.1.el8_10.x86_64/kernel/drivers/edac HTTP/1.1" 200 2562 "-" "Mozilla/5.0 (compatible; MJ12bot/v1.4.8; http://mj12bot.com/)"
194.247.173.99 - - [30/Nov/2025:16:53:13 +0300] "GET /wp/?fileloc=//lib/modules/4.18.0-553.27.1.el8_10.x86_64/kernel/drivers/firewire/firewire-core.ko.xz&path=//lib/modules/4.18.0-553.27.1.el8_10.x86_64/kernel/drivers/firewire HTTP/1.1" 200 2565 "-" "Mozilla/5.0 (compatible; MJ12bot/v1.4.8; http://mj12bot.com/)"
194.247.173.99 - - [30/Nov/2025:16:53:15 +0300] "GET /wp/?fileloc=//lib/modules/4.18.0-553.27.1.el8_10.x86_64/kernel/drivers/firewire/firewire-net.ko.xz&path=//lib/modules/4.18.0-553.27.1.el8_10.x86_64/kernel/drivers/firewire HTTP/1.1" 200 2564 "-" "Mozilla/5.0 (compatible; MJ12bot/v1.4.8; http://mj12bot.com/)"
194.247.173.99 - - [30/Nov/2025:16:53:17 +0300] "GET /wp/?fileloc=//lib/modules/4.18.0-553.27.1.el8_10.x86_64/kernel/drivers/firewire/firewire-ohci.ko.xz&path=//lib/modules/4.18.0-553.27.1.el8_10.x86_64/kernel/drivers/firewire HTTP/1.1" 200 2565 "-" "Mozilla/5.0 (compatible; MJ12bot/v1.4.8; http://mj12bot.com/)"
194.247.173.99 - - [30/Nov/2025:16:53:19 +0300] "GET /wp/?fileloc=//lib/modules/4.18.0-553.27.1.el8_10.x86_64/kernel/drivers/firewire/firewire-sbp2.ko.xz&path=//lib/modules/4.18.0-553.27.1.el8_10.x86_64/kernel/drivers/firewire HTTP/1.1" 200 2564 "-" "Mozilla/5.0 (compatible; MJ12bot/v1.4.8; http://mj12bot.com/)"
194.247.173.99 - - [30/Nov/2025:16:53:20 +0300] "GET /wp/?fileloc=//lib/modules/4.18.0-553.27.1.el8_10.x86_64/kernel/drivers/firmware/dell_rbu.ko.xz&path=//lib/modules/4.18.0-553.27.1.el8_10.x86_64/kernel/drivers/firmware HTTP/1.1" 200 2565 "-" "Mozilla/5.0 (compatible; MJ12bot/v1.4.8; http://mj12bot.com/)"
194.247.173.99 - - [30/Nov/2025:16:53:22 +0300] "GET /wp/?fileloc=//lib/modules/4.18.0-553.27.1.el8_10.x86_64/kernel/drivers/firmware/edd.ko.xz&path=//lib/modules/4.18.0-553.27.1.el8_10.x86_64/kernel/drivers/firmware HTTP/1.1" 200 2563 "-" "Mozilla/5.0 (compatible; MJ12bot/v1.4.8; http://mj12bot.com/)"
194.247.173.99 - - [30/Nov/2025:16:53:24 +0300] "GET /wp/?fileloc=//lib/modules/4.18.0-553.27.1.el8_10.x86_64/kernel/drivers/firmware/iscsi_ibft.ko.xz&path=//lib/modules/4.18.0-553.27.1.el8_10.x86_64/kernel/drivers/firmware HTTP/1.1" 200 2567 "-" "Mozilla/5.0 (compatible; MJ12bot/v1.4.8; http://mj12bot.com/)"
194.247.173.99 - - [30/Nov/2025:16:53:26 +0300] "GET /wp/?fileloc=//lib/modules/4.18.0-553.27.1.el8_10.x86_64/kernel/drivers/gpio/gpio-amdpt.ko.xz&path=//lib/modules/4.18.0-553.27.1.el8_10.x86_64/kernel/drivers/gpio HTTP/1.1" 200 2562 "-" "Mozilla/5.0 (compatible; MJ12bot/v1.4.8; http://mj12bot.com/)"
194.247.173.99 - - [30/Nov/2025:16:53:28 +0300] "GET /wp/?fileloc=//lib/modules/4.18.0-553.27.1.el8_10.x86_64/kernel/drivers/gpio/gpio-generic.ko.xz&path=//lib/modules/4.18.0-553.27.1.el8_10.x86_64/kernel/drivers/gpio HTTP/1.1" 200 2564 "-" "Mozilla/5.0 (compatible; MJ12bot/v1.4.8; http://mj12bot.com/)"
194.247.173.99 - - [30/Nov/2025:16:53:30 +0300] "GET /wp/?fileloc=//lib/modules/4.18.0-553.27.1.el8_10.x86_64/kernel/drivers/gpio/gpio-ich.ko.xz&path=//lib/modules/4.18.0-553.27.1.el8_10.x86_64/kernel/drivers/gpio HTTP/1.1" 200 2561 "-" "Mozilla/5.0 (compatible; MJ12bot/v1.4.8; http://mj12bot.com/)"
194.247.173.99 - - [30/Nov/2025:16:53:32 +0300] "GET /wp/?fileloc=//lib/modules/4.18.0-553.27.1.el8_10.x86_64/kernel/drivers/gpio/gpio-viperboard.ko.xz&path=//lib/modules/4.18.0-553.27.1.el8_10.x86_64/kernel/drivers/gpio HTTP/1.1" 200 2566 "-" "Mozilla/5.0 (compatible; MJ12bot/v1.4.8; http://mj12bot.com/)"
194.247.173.99 - - [30/Nov/2025:16:53:33 +0300] "GET /wp/?fileloc=//lib/modules/4.18.0-553.27.1.el8_10.x86_64/kernel/drivers/hid/hid-a4tech.ko.xz&path=//lib/modules/4.18.0-553.27.1.el8_10.x86_64/kernel/drivers/hid HTTP/1.1" 200 2564 "-" "Mozilla/5.0 (compatible; MJ12bot/v1.4.8; http://mj12bot.com/)"
194.247.173.99 - - [30/Nov/2025:16:53:36 +0300] "GET /wp/?fileloc=//lib/modules/4.18.0-553.27.1.el8_10.x86_64/kernel/drivers/hid/hid-alps.ko.xz&path=//lib/modules/4.18.0-553.27.1.el8_10.x86_64/kernel/drivers/hid HTTP/1.1" 200 2562 "-" "Mozilla/5.0 (compatible; MJ12bot/v1.4.8; http://mj12bot.com/)"
176.126.245.48 - - [30/Nov/2025:16:53:36 +0300] "GET /b312f65b/admin.php HTTP/1.1" 404 28 "-" "Mozilla/5.0 (Linux; Android 10; K) AppleWebKit/537.36 (KHTML, like Gecko) Chrome/131.0.0.0 Mobile Safari/537.36"
194.247.173.99 - - [30/Nov/2025:16:53:38 +0300] "GET /wp/?fileloc=//lib/modules/4.18.0-553.27.1.el8_10.x86_64/kernel/drivers/hid/hid-apple.ko.xz&path=//lib/modules/4.18.0-553.27.1.el8_10.x86_64/kernel/drivers/hid HTTP/1.1" 200 2562 "-" "Mozilla/5.0 (compatible; MJ12bot/v1.4.8; http://mj12bot.com/)"
194.247.173.99 - - [30/Nov/2025:16:53:40 +0300] "GET /wp/?fileloc=//lib/modules/4.18.0-553.27.1.el8_10.x86_64/kernel/drivers/hid/hid-appleir.ko.xz&path=//lib/modules/4.18.0-553.27.1.el8_10.x86_64/kernel/drivers/hid HTTP/1.1" 200 2564 "-" "Mozilla/5.0 (compatible; MJ12bot/v1.4.8; http://mj12bot.com/)"
194.247.173.99 - - [30/Nov/2025:16:53:42 +0300] "GET /wp/?fileloc=//lib/modules/4.18.0-553.27.1.el8_10.x86_64/kernel/drivers/hid/hid-asus.ko.xz&path=//lib/modules/4.18.0-553.27.1.el8_10.x86_64/kernel/drivers/hid HTTP/1.1" 200 2561 "-" "Mozilla/5.0 (compatible; MJ12bot/v1.4.8; http://mj12bot.com/)"
194.247.173.99 - - [30/Nov/2025:16:53:44 +0300] "GET /wp/?fileloc=//lib/modules/4.18.0-553.27.1.el8_10.x86_64/kernel/drivers/hid/hid-aureal.ko.xz&path=//lib/modules/4.18.0-553.27.1.el8_10.x86_64/kernel/drivers/hid HTTP/1.1" 200 2564 "-" "Mozilla/5.0 (compatible; MJ12bot/v1.4.8; http://mj12bot.com/)"
194.247.173.99 - - [30/Nov/2025:16:53:47 +0300] "GET /wp/?fileloc=//lib/modules/4.18.0-553.27.1.el8_10.x86_64/kernel/drivers/hid/hid-axff.ko.xz&path=//lib/modules/4.18.0-553.27.1.el8_10.x86_64/kernel/drivers/hid HTTP/1.1" 200 2562 "-" "Mozilla/5.0 (compatible; MJ12bot/v1.4.8; http://mj12bot.com/)"
194.247.173.99 - - [30/Nov/2025:16:53:49 +0300] "GET /wp/?fileloc=//lib/modules/4.18.0-553.27.1.el8_10.x86_64/kernel/drivers/hid/hid-belkin.ko.xz&path=//lib/modules/4.18.0-553.27.1.el8_10.x86_64/kernel/drivers/hid HTTP/1.1" 200 2564 "-" "Mozilla/5.0 (compatible; MJ12bot/v1.4.8; http://mj12bot.com/)"
194.247.173.99 - - [30/Nov/2025:16:53:51 +0300] "GET /wp/?fileloc=//lib/modules/4.18.0-553.27.1.el8_10.x86_64/kernel/drivers/hid/hid-betopff.ko.xz&path=//lib/modules/4.18.0-553.27.1.el8_10.x86_64/kernel/drivers/hid HTTP/1.1" 200 2564 "-" "Mozilla/5.0 (compatible; MJ12bot/v1.4.8; http://mj12bot.com/)"
194.247.173.99 - - [30/Nov/2025:16:53:53 +0300] "GET /wp/?fileloc=//lib/modules/4.18.0-553.27.1.el8_10.x86_64/kernel/drivers/hid/hid-cherry.ko.xz&path=//lib/modules/4.18.0-553.27.1.el8_10.x86_64/kernel/drivers/hid HTTP/1.1" 200 2564 "-" "Mozilla/5.0 (compatible; MJ12bot/v1.4.8; http://mj12bot.com/)"
194.247.173.99 - - [30/Nov/2025:16:53:55 +0300] "GET /wp/?fileloc=//lib/modules/4.18.0-553.27.1.el8_10.x86_64/kernel/drivers/hid/hid-chicony.ko.xz&path=//lib/modules/4.18.0-553.27.1.el8_10.x86_64/kernel/drivers/hid HTTP/1.1" 200 2565 "-" "Mozilla/5.0 (compatible; MJ12bot/v1.4.8; http://mj12bot.com/)"
194.247.173.99 - - [30/Nov/2025:16:53:57 +0300] "GET /wp/?fileloc=//lib/modules/4.18.0-553.27.1.el8_10.x86_64/kernel/drivers/hid/hid-cmedia.ko.xz&path=//lib/modules/4.18.0-553.27.1.el8_10.x86_64/kernel/drivers/hid HTTP/1.1" 200 2563 "-" "Mozilla/5.0 (compatible; MJ12bot/v1.4.8; http://mj12bot.com/)"
194.247.173.99 - - [30/Nov/2025:16:53:59 +0300] "GET /wp/?fileloc=//lib/modules/4.18.0-553.27.1.el8_10.x86_64/kernel/drivers/hid/hid-corsair.ko.xz&path=//lib/modules/4.18.0-553.27.1.el8_10.x86_64/kernel/drivers/hid HTTP/1.1" 200 2564 "-" "Mozilla/5.0 (compatible; MJ12bot/v1.4.8; http://mj12bot.com/)"
194.247.173.99 - - [30/Nov/2025:16:54:01 +0300] "GET /wp/?fileloc=//lib/modules/4.18.0-553.27.1.el8_10.x86_64/kernel/drivers/hid/hid-cypress.ko.xz&path=//lib/modules/4.18.0-553.27.1.el8_10.x86_64/kernel/drivers/hid HTTP/1.1" 200 2564 "-" "Mozilla/5.0 (compatible; MJ12bot/v1.4.8; http://mj12bot.com/)"
194.247.173.99 - - [30/Nov/2025:16:54:03 +0300] "GET /wp/?fileloc=//lib/modules/4.18.0-553.27.1.el8_10.x86_64/kernel/drivers/hid/hid-dr.ko.xz&path=//lib/modules/4.18.0-553.27.1.el8_10.x86_64/kernel/drivers/hid HTTP/1.1" 200 2561 "-" "Mozilla/5.0 (compatible; MJ12bot/v1.4.8; http://mj12bot.com/)"
194.247.173.99 - - [30/Nov/2025:16:54:05 +0300] "GET /wp/?fileloc=//lib/modules/4.18.0-553.27.1.el8_10.x86_64/kernel/drivers/hid/hid-elan.ko.xz&path=//lib/modules/4.18.0-553.27.1.el8_10.x86_64/kernel/drivers/hid HTTP/1.1" 200 2562 "-" "Mozilla/5.0 (compatible; MJ12bot/v1.4.8; http://mj12bot.com/)"
194.247.173.99 - - [30/Nov/2025:16:54:06 +0300] "GET /wp/?fileloc=//lib/modules/4.18.0-553.27.1.el8_10.x86_64/kernel/drivers/hid/hid-elecom.ko.xz&path=//lib/modules/4.18.0-553.27.1.el8_10.x86_64/kernel/drivers/hid HTTP/1.1" 200 2563 "-" "Mozilla/5.0 (compatible; MJ12bot/v1.4.8; http://mj12bot.com/)"
194.247.173.99 - - [30/Nov/2025:16:55:21 +0300] "GET /wp/?fileloc=//lib/modules/4.18.0-553.27.1.el8_10.x86_64/kernel/drivers/hid/hid-elo.ko.xz&path=//lib/modules/4.18.0-553.27.1.el8_10.x86_64/kernel/drivers/hid HTTP/1.1" 200 2561 "-" "Mozilla/5.0 (compatible; MJ12bot/v1.4.8; http://mj12bot.com/)"
198.44.138.111 - - [30/Nov/2025:16:59:26 +0300] "GET /wp-includes/admin.php HTTP/1.1" 404 28 "-" "Mozilla/5.0 (Linux; Android 10; K) AppleWebKit/537.36 (KHTML, like Gecko) Chrome/142.0.0.0 Mobile Safari/537.36"
86.16.74.122 - - [30/Nov/2025:16:59:26 +0300] "GET /wp-includes/admin.php HTTP/1.1" 404 28 "-" "Mozilla/5.0 (Linux; Android 10; K) AppleWebKit/537.36 (KHTML, like Gecko) Chrome/142.0.0.0 Mobile Safari/537.36"
104.244.210.252 - - [30/Nov/2025:16:59:26 +0300] "GET /wp-includes/admin.php HTTP/1.1" 200 12 "-" "Mozilla/5.0 (Linux; Android 10; K) AppleWebKit/537.36 (KHTML, like Gecko) Chrome/142.0.0.0 Mobile Safari/537.36"
136.60.151.248 - - [30/Nov/2025:16:59:26 +0300] "GET /wp-includes/admin.php HTTP/1.1" 404 28 "-" "Mozilla/5.0 (Linux; Android 10; K) AppleWebKit/537.36 (KHTML, like Gecko) Chrome/142.0.0.0 Mobile Safari/537.36"
209.50.228.91 - - [30/Nov/2025:17:00:35 +0300] "GET /wp-includes/ HTTP/1.1" 200 1136 "-" "Mozilla/5.0 (Linux; Android 10; K) AppleWebKit/537.36 (KHTML, like Gecko) Chrome/141.0.0.0 Mobile Safari/537.36"
86.16.74.122 - - [30/Nov/2025:17:00:36 +0300] "GET /wp-includes/ HTTP/1.1" 200 1136 "-" "Mozilla/5.0 (Linux; Android 10; K) AppleWebKit/537.36 (KHTML, like Gecko) Chrome/141.0.0.0 Mobile Safari/537.36"
38.165.231.86 - - [30/Nov/2025:17:00:36 +0300] "GET /wp-includes/ HTTP/1.1" 200 1136 "-" "Mozilla/5.0 (Linux; Android 10; K) AppleWebKit/537.36 (KHTML, like Gecko) Chrome/141.0.0.0 Mobile Safari/537.36"
170.64.241.17 - - [30/Nov/2025:17:00:36 +0300] "GET /wp-includes/ HTTP/1.1" 200 1136 "-" "Mozilla/5.0 (Linux; Android 10; K) AppleWebKit/537.36 (KHTML, like Gecko) Chrome/141.0.0.0 Mobile Safari/537.36"
145.220.91.19 - - [30/Nov/2025:17:00:56 +0300] "GET / HTTP/1.1" 200 3115 "-" "Mozilla/5.0 (Macintosh; Intel Mac OS X 10.15; rv:122.0) Gecko/20100101 Firefox/122.0"
88.97.176.211 - - [30/Nov/2025:17:02:20 +0300] "GET /b312f65b/admin.php HTTP/1.1" 404 28 "-" "Mozilla/5.0 (Linux; Android 10; K) AppleWebKit/537.36 (KHTML, like Gecko) Chrome/131.0.0.0 Mobile Safari/537.36"
193.36.118.248 - - [30/Nov/2025:17:02:20 +0300] "GET /b312f65b/admin.php HTTP/1.1" 200 12 "-" "Mozilla/5.0 (Linux; Android 10; K) AppleWebKit/537.36 (KHTML, like Gecko) Chrome/131.0.0.0 Mobile Safari/537.36"
86.16.74.122 - - [30/Nov/2025:17:02:21 +0300] "GET /b312f65b/admin.php HTTP/1.1" 404 28 "-" "Mozilla/5.0 (Linux; Android 10; K) AppleWebKit/537.36 (KHTML, like Gecko) Chrome/131.0.0.0 Mobile Safari/537.36"
176.126.245.48 - - [30/Nov/2025:17:02:22 +0300] "GET /b312f65b/admin.php HTTP/1.1" 404 28 "-" "Mozilla/5.0 (Linux; Android 10; K) AppleWebKit/537.36 (KHTML, like Gecko) Chrome/131.0.0.0 Mobile Safari/537.36"
134.199.132.123 - - [30/Nov/2025:17:03:06 +0300] "GET /404WRD/admin.php HTTP/1.1" 404 28 "-" "Mozilla/5.0 (Windows NT 10.0; Win64; x64) AppleWebKit/537.36 (KHTML, like Gecko) Chrome/142.0.0.0 Safari/537.36"
129.212.200.6 - - [30/Nov/2025:17:03:06 +0300] "GET /404WRD/admin.php HTTP/1.1" 404 28 "-" "Mozilla/5.0 (Windows NT 10.0; Win64; x64) AppleWebKit/537.36 (KHTML, like Gecko) Chrome/142.0.0.0 Safari/537.36"
86.16.74.122 - - [30/Nov/2025:17:03:06 +0300] "GET /404WRD/admin.php HTTP/1.1" 404 28 "-" "Mozilla/5.0 (Windows NT 10.0; Win64; x64) AppleWebKit/537.36 (KHTML, like Gecko) Chrome/142.0.0.0 Safari/537.36"
23.82.96.179 - - [30/Nov/2025:17:03:06 +0300] "GET /404WRD/admin.php HTTP/1.1" 404 28 "-" "Mozilla/5.0 (Windows NT 10.0; Win64; x64) AppleWebKit/537.36 (KHTML, like Gecko) Chrome/142.0.0.0 Safari/537.36"
86.16.74.122 - - [30/Nov/2025:17:04:59 +0300] "GET /tekata/admin.php HTTP/1.1" 404 28 "-" "Mozilla/5.0 (Linux; Android 10; K) AppleWebKit/537.36 (KHTML, like Gecko) Chrome/126.0.0.0 Mobile Safari/537.36"
23.82.96.182 - - [30/Nov/2025:17:04:59 +0300] "GET /tekata/admin.php HTTP/1.1" 404 28 "-" "Mozilla/5.0 (Linux; Android 10; K) AppleWebKit/537.36 (KHTML, like Gecko) Chrome/126.0.0.0 Mobile Safari/537.36"
193.239.84.71 - - [30/Nov/2025:17:05:00 +0300] "GET /tekata/admin.php HTTP/1.1" 404 28 "-" "Mozilla/5.0 (Linux; Android 10; K) AppleWebKit/537.36 (KHTML, like Gecko) Chrome/126.0.0.0 Mobile Safari/537.36"
209.50.228.94 - - [30/Nov/2025:17:05:02 +0300] "GET /tekata/admin.php HTTP/1.1" 404 28 "-" "Mozilla/5.0 (Linux; Android 10; K) AppleWebKit/537.36 (KHTML, like Gecko) Chrome/126.0.0.0 Mobile Safari/537.36"
86.16.74.122 - - [30/Nov/2025:17:05:52 +0300] "GET /wp/ HTTP/1.1" 200 3491 "-" "Mozilla/5.0 (Linux; Android 10; K) AppleWebKit/537.36 (KHTML, like Gecko) Chrome/139.0.0.0 Mobile Safari/537.36"
138.199.24.28 - - [30/Nov/2025:17:05:52 +0300] "GET /wp/ HTTP/1.1" 200 3491 "-" "Mozilla/5.0 (Linux; Android 10; K) AppleWebKit/537.36 (KHTML, like Gecko) Chrome/139.0.0.0 Mobile Safari/537.36"
23.80.89.36 - - [30/Nov/2025:17:05:52 +0300] "GET /wp/ HTTP/1.1" 200 3491 "-" "Mozilla/5.0 (Linux; Android 10; K) AppleWebKit/537.36 (KHTML, like Gecko) Chrome/139.0.0.0 Mobile Safari/537.36"
152.42.157.60 - - [30/Nov/2025:17:05:53 +0300] "GET /wp/ HTTP/1.1" 200 3491 "-" "Mozilla/5.0 (Linux; Android 10; K) AppleWebKit/537.36 (KHTML, like Gecko) Chrome/139.0.0.0 Mobile Safari/537.36"
209.50.228.91 - - [30/Nov/2025:17:14:59 +0300] "GET /wp-includes/ HTTP/1.1" 200 1136 "-" "Mozilla/5.0 (Linux; Android 10; K) AppleWebKit/537.36 (KHTML, like Gecko) Chrome/141.0.0.0 Mobile Safari/537.36"
86.16.74.122 - - [30/Nov/2025:17:14:59 +0300] "GET /wp-includes/ HTTP/1.1" 200 1136 "-" "Mozilla/5.0 (Linux; Android 10; K) AppleWebKit/537.36 (KHTML, like Gecko) Chrome/141.0.0.0 Mobile Safari/537.36"
38.165.231.86 - - [30/Nov/2025:17:14:59 +0300] "GET /wp-includes/ HTTP/1.1" 200 1136 "-" "Mozilla/5.0 (Linux; Android 10; K) AppleWebKit/537.36 (KHTML, like Gecko) Chrome/141.0.0.0 Mobile Safari/537.36"
170.64.241.17 - - [30/Nov/2025:17:14:59 +0300] "GET /wp-includes/ HTTP/1.1" 200 1136 "-" "Mozilla/5.0 (Linux; Android 10; K) AppleWebKit/537.36 (KHTML, like Gecko) Chrome/141.0.0.0 Mobile Safari/537.36"
198.44.138.111 - - [30/Nov/2025:17:15:24 +0300] "GET /wp-includes/admin.php HTTP/1.1" 404 28 "-" "Mozilla/5.0 (Linux; Android 10; K) AppleWebKit/537.36 (KHTML, like Gecko) Chrome/142.0.0.0 Mobile Safari/537.36"
104.244.210.252 - - [30/Nov/2025:17:15:24 +0300] "GET /wp-includes/admin.php HTTP/1.1" 200 12 "-" "Mozilla/5.0 (Linux; Android 10; K) AppleWebKit/537.36 (KHTML, like Gecko) Chrome/142.0.0.0 Mobile Safari/537.36"
86.16.74.122 - - [30/Nov/2025:17:15:25 +0300] "GET /wp-includes/admin.php HTTP/1.1" 404 28 "-" "Mozilla/5.0 (Linux; Android 10; K) AppleWebKit/537.36 (KHTML, like Gecko) Chrome/142.0.0.0 Mobile Safari/537.36"
136.60.151.248 - - [30/Nov/2025:17:15:25 +0300] "GET /wp-includes/admin.php HTTP/1.1" 404 28 "-" "Mozilla/5.0 (Linux; Android 10; K) AppleWebKit/537.36 (KHTML, like Gecko) Chrome/142.0.0.0 Mobile Safari/537.36"
88.97.176.211 - - [30/Nov/2025:17:16:10 +0300] "GET /b312f65b/admin.php HTTP/1.1" 404 28 "-" "Mozilla/5.0 (Linux; Android 10; K) AppleWebKit/537.36 (KHTML, like Gecko) Chrome/131.0.0.0 Mobile Safari/537.36"
193.36.118.248 - - [30/Nov/2025:17:16:11 +0300] "GET /b312f65b/admin.php HTTP/1.1" 200 12 "-" "Mozilla/5.0 (Linux; Android 10; K) AppleWebKit/537.36 (KHTML, like Gecko) Chrome/131.0.0.0 Mobile Safari/537.36"
86.16.74.122 - - [30/Nov/2025:17:16:11 +0300] "GET /b312f65b/admin.php HTTP/1.1" 404 28 "-" "Mozilla/5.0 (Linux; Android 10; K) AppleWebKit/537.36 (KHTML, like Gecko) Chrome/131.0.0.0 Mobile Safari/537.36"
176.126.245.48 - - [30/Nov/2025:17:16:11 +0300] "GET /b312f65b/admin.php HTTP/1.1" 404 28 "-" "Mozilla/5.0 (Linux; Android 10; K) AppleWebKit/537.36 (KHTML, like Gecko) Chrome/131.0.0.0 Mobile Safari/537.36"
134.199.132.123 - - [30/Nov/2025:17:19:06 +0300] "GET /404WRD/admin.php HTTP/1.1" 404 28 "-" "Mozilla/5.0 (Windows NT 10.0; Win64; x64) AppleWebKit/537.36 (KHTML, like Gecko) Chrome/142.0.0.0 Safari/537.36"
86.16.74.122 - - [30/Nov/2025:17:19:06 +0300] "GET /404WRD/admin.php HTTP/1.1" 404 28 "-" "Mozilla/5.0 (Windows NT 10.0; Win64; x64) AppleWebKit/537.36 (KHTML, like Gecko) Chrome/142.0.0.0 Safari/537.36"
23.82.96.179 - - [30/Nov/2025:17:19:07 +0300] "GET /404WRD/admin.php HTTP/1.1" 404 28 "-" "Mozilla/5.0 (Windows NT 10.0; Win64; x64) AppleWebKit/537.36 (KHTML, like Gecko) Chrome/142.0.0.0 Safari/537.36"
129.212.200.6 - - [30/Nov/2025:17:19:07 +0300] "GET /404WRD/admin.php HTTP/1.1" 404 28 "-" "Mozilla/5.0 (Windows NT 10.0; Win64; x64) AppleWebKit/537.36 (KHTML, like Gecko) Chrome/142.0.0.0 Safari/537.36"
193.239.84.71 - - [30/Nov/2025:17:20:12 +0300] "GET /tekata/admin.php HTTP/1.1" 404 28 "-" "Mozilla/5.0 (Linux; Android 10; K) AppleWebKit/537.36 (KHTML, like Gecko) Chrome/126.0.0.0 Mobile Safari/537.36"
23.82.96.182 - - [30/Nov/2025:17:20:13 +0300] "GET /tekata/admin.php HTTP/1.1" 404 28 "-" "Mozilla/5.0 (Linux; Android 10; K) AppleWebKit/537.36 (KHTML, like Gecko) Chrome/126.0.0.0 Mobile Safari/537.36"
86.16.74.122 - - [30/Nov/2025:17:20:13 +0300] "GET /tekata/admin.php HTTP/1.1" 404 28 "-" "Mozilla/5.0 (Linux; Android 10; K) AppleWebKit/537.36 (KHTML, like Gecko) Chrome/126.0.0.0 Mobile Safari/537.36"
209.50.228.94 - - [30/Nov/2025:17:20:14 +0300] "GET /tekata/admin.php HTTP/1.1" 404 28 "-" "Mozilla/5.0 (Linux; Android 10; K) AppleWebKit/537.36 (KHTML, like Gecko) Chrome/126.0.0.0 Mobile Safari/537.36"
198.44.138.111 - - [30/Nov/2025:17:20:24 +0300] "GET /wp-includes/admin.php HTTP/1.1" 404 28 "-" "Mozilla/5.0 (Linux; Android 10; K) AppleWebKit/537.36 (KHTML, like Gecko) Chrome/142.0.0.0 Mobile Safari/537.36"
23.80.89.36 - - [30/Nov/2025:17:22:27 +0300] "GET /wp/ HTTP/1.1" 200 3491 "-" "Mozilla/5.0 (Linux; Android 10; K) AppleWebKit/537.36 (KHTML, like Gecko) Chrome/139.0.0.0 Mobile Safari/537.36"
152.42.157.60 - - [30/Nov/2025:17:22:28 +0300] "GET /wp/ HTTP/1.1" 200 3491 "-" "Mozilla/5.0 (Linux; Android 10; K) AppleWebKit/537.36 (KHTML, like Gecko) Chrome/139.0.0.0 Mobile Safari/537.36"
86.16.74.122 - - [30/Nov/2025:17:22:29 +0300] "GET /wp/ HTTP/1.1" 200 3491 "-" "Mozilla/5.0 (Linux; Android 10; K) AppleWebKit/537.36 (KHTML, like Gecko) Chrome/139.0.0.0 Mobile Safari/537.36"
138.199.24.28 - - [30/Nov/2025:17:22:33 +0300] "GET /wp/ HTTP/1.1" 200 3491 "-" "Mozilla/5.0 (Linux; Android 10; K) AppleWebKit/537.36 (KHTML, like Gecko) Chrome/139.0.0.0 Mobile Safari/537.36"
209.50.228.91 - - [30/Nov/2025:17:28:45 +0300] "GET /wp-includes/ HTTP/1.1" 200 1136 "-" "Mozilla/5.0 (Linux; Android 10; K) AppleWebKit/537.36 (KHTML, like Gecko) Chrome/141.0.0.0 Mobile Safari/537.36"
86.16.74.122 - - [30/Nov/2025:17:28:45 +0300] "GET /wp-includes/ HTTP/1.1" 200 1136 "-" "Mozilla/5.0 (Linux; Android 10; K) AppleWebKit/537.36 (KHTML, like Gecko) Chrome/141.0.0.0 Mobile Safari/537.36"
38.165.231.86 - - [30/Nov/2025:17:28:45 +0300] "GET /wp-includes/ HTTP/1.1" 200 1136 "-" "Mozilla/5.0 (Linux; Android 10; K) AppleWebKit/537.36 (KHTML, like Gecko) Chrome/141.0.0.0 Mobile Safari/537.36"
170.64.241.17 - - [30/Nov/2025:17:28:46 +0300] "GET /wp-includes/ HTTP/1.1" 200 1136 "-" "Mozilla/5.0 (Linux; Android 10; K) AppleWebKit/537.36 (KHTML, like Gecko) Chrome/141.0.0.0 Mobile Safari/537.36"
88.97.176.211 - - [30/Nov/2025:17:30:21 +0300] "GET /b312f65b/admin.php HTTP/1.1" 404 28 "-" "Mozilla/5.0 (Linux; Android 10; K) AppleWebKit/537.36 (KHTML, like Gecko) Chrome/131.0.0.0 Mobile Safari/537.36"
176.126.245.48 - - [30/Nov/2025:17:30:21 +0300] "GET /b312f65b/admin.php HTTP/1.1" 404 28 "-" "Mozilla/5.0 (Linux; Android 10; K) AppleWebKit/537.36 (KHTML, like Gecko) Chrome/131.0.0.0 Mobile Safari/537.36"
193.36.118.248 - - [30/Nov/2025:17:30:21 +0300] "GET /b312f65b/admin.php HTTP/1.1" 200 12 "-" "Mozilla/5.0 (Linux; Android 10; K) AppleWebKit/537.36 (KHTML, like Gecko) Chrome/131.0.0.0 Mobile Safari/537.36"
86.16.74.122 - - [30/Nov/2025:17:30:22 +0300] "GET /b312f65b/admin.php HTTP/1.1" 404 28 "-" "Mozilla/5.0 (Linux; Android 10; K) AppleWebKit/537.36 (KHTML, like Gecko) Chrome/131.0.0.0 Mobile Safari/537.36"
198.44.138.111 - - [30/Nov/2025:17:31:54 +0300] "GET /wp-includes/admin.php HTTP/1.1" 404 28 "-" "Mozilla/5.0 (Linux; Android 10; K) AppleWebKit/537.36 (KHTML, like Gecko) Chrome/142.0.0.0 Mobile Safari/537.36"
104.244.210.252 - - [30/Nov/2025:17:31:54 +0300] "GET /wp-includes/admin.php HTTP/1.1" 200 12 "-" "Mozilla/5.0 (Linux; Android 10; K) AppleWebKit/537.36 (KHTML, like Gecko) Chrome/142.0.0.0 Mobile Safari/537.36"
136.60.151.248 - - [30/Nov/2025:17:31:54 +0300] "GET /wp-includes/admin.php HTTP/1.1" 404 28 "-" "Mozilla/5.0 (Linux; Android 10; K) AppleWebKit/537.36 (KHTML, like Gecko) Chrome/142.0.0.0 Mobile Safari/537.36"
86.16.74.122 - - [30/Nov/2025:17:31:54 +0300] "GET /wp-includes/admin.php HTTP/1.1" 404 28 "-" "Mozilla/5.0 (Linux; Android 10; K) AppleWebKit/537.36 (KHTML, like Gecko) Chrome/142.0.0.0 Mobile Safari/537.36"
134.199.132.123 - - [30/Nov/2025:17:35:03 +0300] "GET /404WRD/admin.php HTTP/1.1" 404 28 "-" "Mozilla/5.0 (Windows NT 10.0; Win64; x64) AppleWebKit/537.36 (KHTML, like Gecko) Chrome/142.0.0.0 Safari/537.36"
86.16.74.122 - - [30/Nov/2025:17:35:03 +0300] "GET /404WRD/admin.php HTTP/1.1" 404 28 "-" "Mozilla/5.0 (Windows NT 10.0; Win64; x64) AppleWebKit/537.36 (KHTML, like Gecko) Chrome/142.0.0.0 Safari/537.36"
129.212.200.6 - - [30/Nov/2025:17:35:03 +0300] "GET /404WRD/admin.php HTTP/1.1" 404 28 "-" "Mozilla/5.0 (Windows NT 10.0; Win64; x64) AppleWebKit/537.36 (KHTML, like Gecko) Chrome/142.0.0.0 Safari/537.36"
23.82.96.179 - - [30/Nov/2025:17:35:03 +0300] "GET /404WRD/admin.php HTTP/1.1" 404 28 "-" "Mozilla/5.0 (Windows NT 10.0; Win64; x64) AppleWebKit/537.36 (KHTML, like Gecko) Chrome/142.0.0.0 Safari/537.36"
193.239.84.71 - - [30/Nov/2025:17:35:35 +0300] "GET /tekata/admin.php HTTP/1.1" 404 28 "-" "Mozilla/5.0 (Linux; Android 10; K) AppleWebKit/537.36 (KHTML, like Gecko) Chrome/126.0.0.0 Mobile Safari/537.36"
23.82.96.182 - - [30/Nov/2025:17:35:35 +0300] "GET /tekata/admin.php HTTP/1.1" 404 28 "-" "Mozilla/5.0 (Linux; Android 10; K) AppleWebKit/537.36 (KHTML, like Gecko) Chrome/126.0.0.0 Mobile Safari/537.36"
86.16.74.122 - - [30/Nov/2025:17:35:36 +0300] "GET /tekata/admin.php HTTP/1.1" 404 28 "-" "Mozilla/5.0 (Linux; Android 10; K) AppleWebKit/537.36 (KHTML, like Gecko) Chrome/126.0.0.0 Mobile Safari/537.36"
209.50.228.94 - - [30/Nov/2025:17:35:37 +0300] "GET /tekata/admin.php HTTP/1.1" 404 28 "-" "Mozilla/5.0 (Linux; Android 10; K) AppleWebKit/537.36 (KHTML, like Gecko) Chrome/126.0.0.0 Mobile Safari/537.36"
86.16.74.122 - - [30/Nov/2025:17:38:41 +0300] "GET /wp/ HTTP/1.1" 200 3491 "-" "Mozilla/5.0 (Linux; Android 10; K) AppleWebKit/537.36 (KHTML, like Gecko) Chrome/139.0.0.0 Mobile Safari/537.36"
152.42.157.60 - - [30/Nov/2025:17:38:42 +0300] "GET /wp/ HTTP/1.1" 200 3491 "-" "Mozilla/5.0 (Linux; Android 10; K) AppleWebKit/537.36 (KHTML, like Gecko) Chrome/139.0.0.0 Mobile Safari/537.36"
23.80.89.36 - - [30/Nov/2025:17:38:43 +0300] "GET /wp/ HTTP/1.1" 200 3491 "-" "Mozilla/5.0 (Linux; Android 10; K) AppleWebKit/537.36 (KHTML, like Gecko) Chrome/139.0.0.0 Mobile Safari/537.36"
138.199.24.28 - - [30/Nov/2025:17:38:44 +0300] "GET /wp/ HTTP/1.1" 200 3491 "-" "Mozilla/5.0 (Linux; Android 10; K) AppleWebKit/537.36 (KHTML, like Gecko) Chrome/139.0.0.0 Mobile Safari/537.36"
38.165.231.86 - - [30/Nov/2025:17:43:18 +0300] "GET /wp-includes/ HTTP/1.1" 200 1136 "-" "Mozilla/5.0 (compatible; MSIE 10.0; Windows NT 6.1; Trident/6.0)"
193.239.84.71 - - [30/Nov/2025:17:43:25 +0300] "GET /tekata/admin.php HTTP/1.1" 404 28 "-" "Mozilla/5.0 (compatible; MSIE 10.0; Windows NT 6.1; Trident/6.0)"
209.50.228.91 - - [30/Nov/2025:17:45:11 +0300] "GET /wp-includes/ HTTP/1.1" 200 1136 "-" "Mozilla/5.0 (Linux; Android 10; K) AppleWebKit/537.36 (KHTML, like Gecko) Chrome/141.0.0.0 Mobile Safari/537.36"
86.16.74.122 - - [30/Nov/2025:17:45:12 +0300] "GET /wp-includes/ HTTP/1.1" 200 1136 "-" "Mozilla/5.0 (Linux; Android 10; K) AppleWebKit/537.36 (KHTML, like Gecko) Chrome/141.0.0.0 Mobile Safari/537.36"
38.165.231.86 - - [30/Nov/2025:17:45:12 +0300] "GET /wp-includes/ HTTP/1.1" 200 1136 "-" "Mozilla/5.0 (Linux; Android 10; K) AppleWebKit/537.36 (KHTML, like Gecko) Chrome/141.0.0.0 Mobile Safari/537.36"
170.64.241.17 - - [30/Nov/2025:17:45:12 +0300] "GET /wp-includes/ HTTP/1.1" 200 1136 "-" "Mozilla/5.0 (Linux; Android 10; K) AppleWebKit/537.36 (KHTML, like Gecko) Chrome/141.0.0.0 Mobile Safari/537.36"
193.36.118.248 - - [30/Nov/2025:17:46:13 +0300] "GET /b312f65b/admin.php HTTP/1.1" 200 12 "-" "Mozilla/5.0 (Linux; Android 10; K) AppleWebKit/537.36 (KHTML, like Gecko) Chrome/131.0.0.0 Mobile Safari/537.36"
176.126.245.48 - - [30/Nov/2025:17:46:13 +0300] "GET /b312f65b/admin.php HTTP/1.1" 404 28 "-" "Mozilla/5.0 (Linux; Android 10; K) AppleWebKit/537.36 (KHTML, like Gecko) Chrome/131.0.0.0 Mobile Safari/537.36"
88.97.176.211 - - [30/Nov/2025:17:46:13 +0300] "GET /b312f65b/admin.php HTTP/1.1" 404 28 "-" "Mozilla/5.0 (Linux; Android 10; K) AppleWebKit/537.36 (KHTML, like Gecko) Chrome/131.0.0.0 Mobile Safari/537.36"
86.16.74.122 - - [30/Nov/2025:17:46:13 +0300] "GET /b312f65b/admin.php HTTP/1.1" 404 28 "-" "Mozilla/5.0 (Linux; Android 10; K) AppleWebKit/537.36 (KHTML, like Gecko) Chrome/131.0.0.0 Mobile Safari/537.36"
198.44.138.111 - - [30/Nov/2025:17:46:14 +0300] "GET /wp-includes/admin.php HTTP/1.1" 404 28 "-" "Mozilla/5.0 (Linux; Android 10; K) AppleWebKit/537.36 (KHTML, like Gecko) Chrome/142.0.0.0 Mobile Safari/537.36"
104.244.210.252 - - [30/Nov/2025:17:46:15 +0300] "GET /wp-includes/admin.php HTTP/1.1" 200 12 "-" "Mozilla/5.0 (Linux; Android 10; K) AppleWebKit/537.36 (KHTML, like Gecko) Chrome/142.0.0.0 Mobile Safari/537.36"
136.60.151.248 - - [30/Nov/2025:17:46:15 +0300] "GET /wp-includes/admin.php HTTP/1.1" 404 28 "-" "Mozilla/5.0 (Linux; Android 10; K) AppleWebKit/537.36 (KHTML, like Gecko) Chrome/142.0.0.0 Mobile Safari/537.36"
86.16.74.122 - - [30/Nov/2025:17:46:15 +0300] "GET /wp-includes/admin.php HTTP/1.1" 404 28 "-" "Mozilla/5.0 (Linux; Android 10; K) AppleWebKit/537.36 (KHTML, like Gecko) Chrome/142.0.0.0 Mobile Safari/537.36"
134.199.132.123 - - [30/Nov/2025:17:49:08 +0300] "GET /404WRD/admin.php HTTP/1.1" 404 28 "-" "Mozilla/5.0 (Windows NT 10.0; Win64; x64) AppleWebKit/537.36 (KHTML, like Gecko) Chrome/142.0.0.0 Safari/537.36"
86.16.74.122 - - [30/Nov/2025:17:49:08 +0300] "GET /404WRD/admin.php HTTP/1.1" 404 28 "-" "Mozilla/5.0 (Windows NT 10.0; Win64; x64) AppleWebKit/537.36 (KHTML, like Gecko) Chrome/142.0.0.0 Safari/537.36"
129.212.200.6 - - [30/Nov/2025:17:49:08 +0300] "GET /404WRD/admin.php HTTP/1.1" 404 28 "-" "Mozilla/5.0 (Windows NT 10.0; Win64; x64) AppleWebKit/537.36 (KHTML, like Gecko) Chrome/142.0.0.0 Safari/537.36"
23.82.96.179 - - [30/Nov/2025:17:49:08 +0300] "GET /404WRD/admin.php HTTP/1.1" 404 28 "-" "Mozilla/5.0 (Windows NT 10.0; Win64; x64) AppleWebKit/537.36 (KHTML, like Gecko) Chrome/142.0.0.0 Safari/537.36"
23.82.96.182 - - [30/Nov/2025:17:52:35 +0300] "GET /tekata/admin.php HTTP/1.1" 404 28 "-" "Mozilla/5.0 (Linux; Android 10; K) AppleWebKit/537.36 (KHTML, like Gecko) Chrome/126.0.0.0 Mobile Safari/537.36"
86.16.74.122 - - [30/Nov/2025:17:52:35 +0300] "GET /tekata/admin.php HTTP/1.1" 404 28 "-" "Mozilla/5.0 (Linux; Android 10; K) AppleWebKit/537.36 (KHTML, like Gecko) Chrome/126.0.0.0 Mobile Safari/537.36"
193.239.84.71 - - [30/Nov/2025:17:52:38 +0300] "GET /tekata/admin.php HTTP/1.1" 404 28 "-" "Mozilla/5.0 (Linux; Android 10; K) AppleWebKit/537.36 (KHTML, like Gecko) Chrome/126.0.0.0 Mobile Safari/537.36"
209.50.228.94 - - [30/Nov/2025:17:52:38 +0300] "GET /tekata/admin.php HTTP/1.1" 404 28 "-" "Mozilla/5.0 (Linux; Android 10; K) AppleWebKit/537.36 (KHTML, like Gecko) Chrome/126.0.0.0 Mobile Safari/537.36"
86.16.74.122 - - [30/Nov/2025:17:54:52 +0300] "GET /wp/ HTTP/1.1" 200 3491 "-" "Mozilla/5.0 (Linux; Android 10; K) AppleWebKit/537.36 (KHTML, like Gecko) Chrome/139.0.0.0 Mobile Safari/537.36"
152.42.157.60 - - [30/Nov/2025:17:54:54 +0300] "GET /wp/ HTTP/1.1" 200 3491 "-" "Mozilla/5.0 (Linux; Android 10; K) AppleWebKit/537.36 (KHTML, like Gecko) Chrome/139.0.0.0 Mobile Safari/537.36"
23.80.89.36 - - [30/Nov/2025:17:54:56 +0300] "GET /wp/ HTTP/1.1" 200 3491 "-" "Mozilla/5.0 (Linux; Android 10; K) AppleWebKit/537.36 (KHTML, like Gecko) Chrome/139.0.0.0 Mobile Safari/537.36"
138.199.24.28 - - [30/Nov/2025:17:54:58 +0300] "GET /wp/ HTTP/1.1" 200 3491 "-" "Mozilla/5.0 (Linux; Android 10; K) AppleWebKit/537.36 (KHTML, like Gecko) Chrome/139.0.0.0 Mobile Safari/537.36"
176.126.245.48 - - [30/Nov/2025:18:00:16 +0300] "GET /b312f65b/admin.php HTTP/1.1" 404 28 "-" "Mozilla/5.0 (Linux; Android 10; K) AppleWebKit/537.36 (KHTML, like Gecko) Chrome/131.0.0.0 Mobile Safari/537.36"
193.36.118.248 - - [30/Nov/2025:18:00:16 +0300] "GET /b312f65b/admin.php HTTP/1.1" 200 12 "-" "Mozilla/5.0 (Linux; Android 10; K) AppleWebKit/537.36 (KHTML, like Gecko) Chrome/131.0.0.0 Mobile Safari/537.36"
88.97.176.211 - - [30/Nov/2025:18:00:16 +0300] "GET /b312f65b/admin.php HTTP/1.1" 404 28 "-" "Mozilla/5.0 (Linux; Android 10; K) AppleWebKit/537.36 (KHTML, like Gecko) Chrome/131.0.0.0 Mobile Safari/537.36"
86.16.74.122 - - [30/Nov/2025:18:00:16 +0300] "GET /b312f65b/admin.php HTTP/1.1" 404 28 "-" "Mozilla/5.0 (Linux; Android 10; K) AppleWebKit/537.36 (KHTML, like Gecko) Chrome/131.0.0.0 Mobile Safari/537.36"
198.44.138.111 - - [30/Nov/2025:18:00:28 +0300] "GET /wp-includes/admin.php HTTP/1.1" 404 28 "-" "Mozilla/5.0 (Linux; Android 10; K) AppleWebKit/537.36 (KHTML, like Gecko) Chrome/142.0.0.0 Mobile Safari/537.36"
104.244.210.252 - - [30/Nov/2025:18:00:28 +0300] "GET /wp-includes/admin.php HTTP/1.1" 200 12 "-" "Mozilla/5.0 (Linux; Android 10; K) AppleWebKit/537.36 (KHTML, like Gecko) Chrome/142.0.0.0 Mobile Safari/537.36"
136.60.151.248 - - [30/Nov/2025:18:00:28 +0300] "GET /wp-includes/admin.php HTTP/1.1" 404 28 "-" "Mozilla/5.0 (Linux; Android 10; K) AppleWebKit/537.36 (KHTML, like Gecko) Chrome/142.0.0.0 Mobile Safari/537.36"
86.16.74.122 - - [30/Nov/2025:18:00:29 +0300] "GET /wp-includes/admin.php HTTP/1.1" 404 28 "-" "Mozilla/5.0 (Linux; Android 10; K) AppleWebKit/537.36 (KHTML, like Gecko) Chrome/142.0.0.0 Mobile Safari/537.36"
209.50.228.91 - - [30/Nov/2025:18:01:35 +0300] "GET /wp-includes/ HTTP/1.1" 200 1136 "-" "Mozilla/5.0 (Linux; Android 10; K) AppleWebKit/537.36 (KHTML, like Gecko) Chrome/141.0.0.0 Mobile Safari/537.36"
86.16.74.122 - - [30/Nov/2025:18:01:35 +0300] "GET /wp-includes/ HTTP/1.1" 200 1136 "-" "Mozilla/5.0 (Linux; Android 10; K) AppleWebKit/537.36 (KHTML, like Gecko) Chrome/141.0.0.0 Mobile Safari/537.36"
38.165.231.86 - - [30/Nov/2025:18:01:35 +0300] "GET /wp-includes/ HTTP/1.1" 200 1136 "-" "Mozilla/5.0 (Linux; Android 10; K) AppleWebKit/537.36 (KHTML, like Gecko) Chrome/141.0.0.0 Mobile Safari/537.36"
170.64.241.17 - - [30/Nov/2025:18:01:36 +0300] "GET /wp-includes/ HTTP/1.1" 200 1136 "-" "Mozilla/5.0 (Linux; Android 10; K) AppleWebKit/537.36 (KHTML, like Gecko) Chrome/141.0.0.0 Mobile Safari/537.36"
114.96.103.33 - - [30/Nov/2025:18:02:22 +0300] "GET / HTTP/1.1" 200 3115 "-" "Mozilla/5.0 (iPhone; CPU iPhone OS 13_2_3 like Mac OS X) AppleWebKit/605.1.15 (KHTML, like Gecko) Version/13.0.3 Mobile/15E148 Safari/604.1"
134.199.132.123 - - [30/Nov/2025:18:03:02 +0300] "GET /404WRD/admin.php HTTP/1.1" 404 28 "-" "Mozilla/5.0 (Windows NT 10.0; Win64; x64) AppleWebKit/537.36 (KHTML, like Gecko) Chrome/142.0.0.0 Safari/537.36"
86.16.74.122 - - [30/Nov/2025:18:03:02 +0300] "GET /404WRD/admin.php HTTP/1.1" 404 28 "-" "Mozilla/5.0 (Windows NT 10.0; Win64; x64) AppleWebKit/537.36 (KHTML, like Gecko) Chrome/142.0.0.0 Safari/537.36"
129.212.200.6 - - [30/Nov/2025:18:03:02 +0300] "GET /404WRD/admin.php HTTP/1.1" 404 28 "-" "Mozilla/5.0 (Windows NT 10.0; Win64; x64) AppleWebKit/537.36 (KHTML, like Gecko) Chrome/142.0.0.0 Safari/537.36"
23.82.96.179 - - [30/Nov/2025:18:03:02 +0300] "GET /404WRD/admin.php HTTP/1.1" 404 28 "-" "Mozilla/5.0 (Windows NT 10.0; Win64; x64) AppleWebKit/537.36 (KHTML, like Gecko) Chrome/142.0.0.0 Safari/537.36"
114.119.136.251 - - [30/Nov/2025:18:06:22 +0300] "GET /wp-includes/?C=S%3BO%3DA HTTP/1.1" 200 1136 "http://bashacomputer.com/wp-includes/" "Mozilla/5.0 (Linux; Android 7.0;) AppleWebKit/537.36 (KHTML, like Gecko) Mobile Safari/537.36 (compatible; PetalBot;+https://webmaster.petalsearch.com/site/petalbot)"
193.239.84.71 - - [30/Nov/2025:18:06:29 +0300] "GET /tekata/admin.php HTTP/1.1" 404 28 "-" "Mozilla/5.0 (Linux; Android 10; K) AppleWebKit/537.36 (KHTML, like Gecko) Chrome/126.0.0.0 Mobile Safari/537.36"
209.50.228.94 - - [30/Nov/2025:18:06:30 +0300] "GET /tekata/admin.php HTTP/1.1" 404 28 "-" "Mozilla/5.0 (Linux; Android 10; K) AppleWebKit/537.36 (KHTML, like Gecko) Chrome/126.0.0.0 Mobile Safari/537.36"
23.82.96.182 - - [30/Nov/2025:18:06:30 +0300] "GET /tekata/admin.php HTTP/1.1" 404 28 "-" "Mozilla/5.0 (Linux; Android 10; K) AppleWebKit/537.36 (KHTML, like Gecko) Chrome/126.0.0.0 Mobile Safari/537.36"
86.16.74.122 - - [30/Nov/2025:18:06:35 +0300] "GET /tekata/admin.php HTTP/1.1" 404 28 "-" "Mozilla/5.0 (Linux; Android 10; K) AppleWebKit/537.36 (KHTML, like Gecko) Chrome/126.0.0.0 Mobile Safari/537.36"
86.16.74.122 - - [30/Nov/2025:18:10:26 +0300] "GET /wp/ HTTP/1.1" 200 3491 "-" "Mozilla/5.0 (Linux; Android 10; K) AppleWebKit/537.36 (KHTML, like Gecko) Chrome/139.0.0.0 Mobile Safari/537.36"
152.42.157.60 - - [30/Nov/2025:18:10:29 +0300] "GET /wp/ HTTP/1.1" 200 3491 "-" "Mozilla/5.0 (Linux; Android 10; K) AppleWebKit/537.36 (KHTML, like Gecko) Chrome/139.0.0.0 Mobile Safari/537.36"
138.199.24.28 - - [30/Nov/2025:18:10:30 +0300] "GET /wp/ HTTP/1.1" 200 3491 "-" "Mozilla/5.0 (Linux; Android 10; K) AppleWebKit/537.36 (KHTML, like Gecko) Chrome/139.0.0.0 Mobile Safari/537.36"
23.80.89.36 - - [30/Nov/2025:18:10:30 +0300] "GET /wp/ HTTP/1.1" 200 3491 "-" "Mozilla/5.0 (Linux; Android 10; K) AppleWebKit/537.36 (KHTML, like Gecko) Chrome/139.0.0.0 Mobile Safari/537.36"
86.16.74.122 - - [30/Nov/2025:18:16:06 +0300] "GET /wp-includes/admin.php HTTP/1.1" 404 28 "-" "Mozilla/5.0 (Linux; Android 10; K) AppleWebKit/537.36 (KHTML, like Gecko) Chrome/142.0.0.0 Mobile Safari/537.36"
198.44.138.111 - - [30/Nov/2025:18:16:06 +0300] "GET /wp-includes/admin.php HTTP/1.1" 404 28 "-" "Mozilla/5.0 (Linux; Android 10; K) AppleWebKit/537.36 (KHTML, like Gecko) Chrome/142.0.0.0 Mobile Safari/537.36"
104.244.210.252 - - [30/Nov/2025:18:16:06 +0300] "GET /wp-includes/admin.php HTTP/1.1" 200 12 "-" "Mozilla/5.0 (Linux; Android 10; K) AppleWebKit/537.36 (KHTML, like Gecko) Chrome/142.0.0.0 Mobile Safari/537.36"
136.60.151.248 - - [30/Nov/2025:18:16:06 +0300] "GET /wp-includes/admin.php HTTP/1.1" 404 28 "-" "Mozilla/5.0 (Linux; Android 10; K) AppleWebKit/537.36 (KHTML, like Gecko) Chrome/142.0.0.0 Mobile Safari/537.36"
209.50.228.91 - - [30/Nov/2025:18:16:33 +0300] "GET /wp-includes/ HTTP/1.1" 200 1136 "-" "Mozilla/5.0 (Linux; Android 10; K) AppleWebKit/537.36 (KHTML, like Gecko) Chrome/141.0.0.0 Mobile Safari/537.36"
38.165.231.86 - - [30/Nov/2025:18:16:33 +0300] "GET /wp-includes/ HTTP/1.1" 200 1136 "-" "Mozilla/5.0 (Linux; Android 10; K) AppleWebKit/537.36 (KHTML, like Gecko) Chrome/141.0.0.0 Mobile Safari/537.36"
170.64.241.17 - - [30/Nov/2025:18:16:34 +0300] "GET /wp-includes/ HTTP/1.1" 200 1136 "-" "Mozilla/5.0 (Linux; Android 10; K) AppleWebKit/537.36 (KHTML, like Gecko) Chrome/141.0.0.0 Mobile Safari/537.36"
86.16.74.122 - - [30/Nov/2025:18:16:34 +0300] "GET /wp-includes/ HTTP/1.1" 200 1136 "-" "Mozilla/5.0 (Linux; Android 10; K) AppleWebKit/537.36 (KHTML, like Gecko) Chrome/141.0.0.0 Mobile Safari/537.36"
193.36.118.248 - - [30/Nov/2025:18:16:47 +0300] "GET /b312f65b/admin.php HTTP/1.1" 200 12 "-" "Mozilla/5.0 (Linux; Android 10; K) AppleWebKit/537.36 (KHTML, like Gecko) Chrome/131.0.0.0 Mobile Safari/537.36"
176.126.245.48 - - [30/Nov/2025:18:16:47 +0300] "GET /b312f65b/admin.php HTTP/1.1" 404 28 "-" "Mozilla/5.0 (Linux; Android 10; K) AppleWebKit/537.36 (KHTML, like Gecko) Chrome/131.0.0.0 Mobile Safari/537.36"
88.97.176.211 - - [30/Nov/2025:18:16:47 +0300] "GET /b312f65b/admin.php HTTP/1.1" 404 28 "-" "Mozilla/5.0 (Linux; Android 10; K) AppleWebKit/537.36 (KHTML, like Gecko) Chrome/131.0.0.0 Mobile Safari/537.36"
86.16.74.122 - - [30/Nov/2025:18:16:47 +0300] "GET /b312f65b/admin.php HTTP/1.1" 404 28 "-" "Mozilla/5.0 (Linux; Android 10; K) AppleWebKit/537.36 (KHTML, like Gecko) Chrome/131.0.0.0 Mobile Safari/537.36"
134.199.132.123 - - [30/Nov/2025:18:18:33 +0300] "GET /404WRD/admin.php HTTP/1.1" 404 28 "-" "Mozilla/5.0 (Windows NT 10.0; Win64; x64) AppleWebKit/537.36 (KHTML, like Gecko) Chrome/142.0.0.0 Safari/537.36"
86.16.74.122 - - [30/Nov/2025:18:18:33 +0300] "GET /404WRD/admin.php HTTP/1.1" 404 28 "-" "Mozilla/5.0 (Windows NT 10.0; Win64; x64) AppleWebKit/537.36 (KHTML, like Gecko) Chrome/142.0.0.0 Safari/537.36"
23.82.96.179 - - [30/Nov/2025:18:18:33 +0300] "GET /404WRD/admin.php HTTP/1.1" 404 28 "-" "Mozilla/5.0 (Windows NT 10.0; Win64; x64) AppleWebKit/537.36 (KHTML, like Gecko) Chrome/142.0.0.0 Safari/537.36"
129.212.200.6 - - [30/Nov/2025:18:18:33 +0300] "GET /404WRD/admin.php HTTP/1.1" 404 28 "-" "Mozilla/5.0 (Windows NT 10.0; Win64; x64) AppleWebKit/537.36 (KHTML, like Gecko) Chrome/142.0.0.0 Safari/537.36"
86.16.74.122 - - [30/Nov/2025:18:21:01 +0300] "GET /tekata/admin.php HTTP/1.1" 404 28 "-" "Mozilla/5.0 (Linux; Android 10; K) AppleWebKit/537.36 (KHTML, like Gecko) Chrome/126.0.0.0 Mobile Safari/537.36"
193.239.84.71 - - [30/Nov/2025:18:21:01 +0300] "GET /tekata/admin.php HTTP/1.1" 404 28 "-" "Mozilla/5.0 (Linux; Android 10; K) AppleWebKit/537.36 (KHTML, like Gecko) Chrome/126.0.0.0 Mobile Safari/537.36"
209.50.228.94 - - [30/Nov/2025:18:21:01 +0300] "GET /tekata/admin.php HTTP/1.1" 404 28 "-" "Mozilla/5.0 (Linux; Android 10; K) AppleWebKit/537.36 (KHTML, like Gecko) Chrome/126.0.0.0 Mobile Safari/537.36"
23.82.96.182 - - [30/Nov/2025:18:21:02 +0300] "GET /tekata/admin.php HTTP/1.1" 404 28 "-" "Mozilla/5.0 (Linux; Android 10; K) AppleWebKit/537.36 (KHTML, like Gecko) Chrome/126.0.0.0 Mobile Safari/537.36"
152.42.157.60 - - [30/Nov/2025:18:25:26 +0300] "GET /wp/ HTTP/1.1" 200 3491 "-" "Mozilla/5.0 (Linux; Android 10; K) AppleWebKit/537.36 (KHTML, like Gecko) Chrome/139.0.0.0 Mobile Safari/537.36"
23.80.89.36 - - [30/Nov/2025:18:25:29 +0300] "GET /wp/ HTTP/1.1" 200 3491 "-" "Mozilla/5.0 (Linux; Android 10; K) AppleWebKit/537.36 (KHTML, like Gecko) Chrome/139.0.0.0 Mobile Safari/537.36"
86.16.74.122 - - [30/Nov/2025:18:25:30 +0300] "GET /wp/ HTTP/1.1" 200 3491 "-" "Mozilla/5.0 (Linux; Android 10; K) AppleWebKit/537.36 (KHTML, like Gecko) Chrome/139.0.0.0 Mobile Safari/537.36"
138.199.24.28 - - [30/Nov/2025:18:25:33 +0300] "GET /wp/ HTTP/1.1" 200 3491 "-" "Mozilla/5.0 (Linux; Android 10; K) AppleWebKit/537.36 (KHTML, like Gecko) Chrome/139.0.0.0 Mobile Safari/537.36"
145.239.10.137 - - [30/Nov/2025:18:29:57 +0300] "GET /image.php HTTP/1.1" 404 36 "http://bashacomputer.com/image.php" "Mozilla/5.0 (iPhone; CPU iPhone OS 17_5_1 like Mac OS X) AppleWebKit/605.1.15 (KHTML, like Gecko) Version/17.5 Mobile/15E148 Safari/604.1"
209.50.228.91 - - [30/Nov/2025:18:30:43 +0300] "GET /wp-includes/ HTTP/1.1" 200 1136 "-" "Mozilla/5.0 (Linux; Android 10; K) AppleWebKit/537.36 (KHTML, like Gecko) Chrome/141.0.0.0 Mobile Safari/537.36"
86.16.74.122 - - [30/Nov/2025:18:30:43 +0300] "GET /wp-includes/ HTTP/1.1" 200 1136 "-" "Mozilla/5.0 (Linux; Android 10; K) AppleWebKit/537.36 (KHTML, like Gecko) Chrome/141.0.0.0 Mobile Safari/537.36"
38.165.231.86 - - [30/Nov/2025:18:30:44 +0300] "GET /wp-includes/ HTTP/1.1" 200 1136 "-" "Mozilla/5.0 (Linux; Android 10; K) AppleWebKit/537.36 (KHTML, like Gecko) Chrome/141.0.0.0 Mobile Safari/537.36"
170.64.241.17 - - [30/Nov/2025:18:30:44 +0300] "GET /wp-includes/ HTTP/1.1" 200 1136 "-" "Mozilla/5.0 (Linux; Android 10; K) AppleWebKit/537.36 (KHTML, like Gecko) Chrome/141.0.0.0 Mobile Safari/537.36"
88.97.176.211 - - [30/Nov/2025:18:31:29 +0300] "GET /b312f65b/admin.php HTTP/1.1" 404 28 "-" "Mozilla/5.0 (Linux; Android 10; K) AppleWebKit/537.36 (KHTML, like Gecko) Chrome/131.0.0.0 Mobile Safari/537.36"
193.36.118.248 - - [30/Nov/2025:18:31:29 +0300] "GET /b312f65b/admin.php HTTP/1.1" 200 12 "-" "Mozilla/5.0 (Linux; Android 10; K) AppleWebKit/537.36 (KHTML, like Gecko) Chrome/131.0.0.0 Mobile Safari/537.36"
86.16.74.122 - - [30/Nov/2025:18:31:29 +0300] "GET /b312f65b/admin.php HTTP/1.1" 404 28 "-" "Mozilla/5.0 (Linux; Android 10; K) AppleWebKit/537.36 (KHTML, like Gecko) Chrome/131.0.0.0 Mobile Safari/537.36"
176.126.245.48 - - [30/Nov/2025:18:31:29 +0300] "GET /b312f65b/admin.php HTTP/1.1" 404 28 "-" "Mozilla/5.0 (Linux; Android 10; K) AppleWebKit/537.36 (KHTML, like Gecko) Chrome/131.0.0.0 Mobile Safari/537.36"
198.44.138.111 - - [30/Nov/2025:18:31:42 +0300] "GET /wp-includes/admin.php HTTP/1.1" 404 28 "-" "Mozilla/5.0 (Linux; Android 10; K) AppleWebKit/537.36 (KHTML, like Gecko) Chrome/142.0.0.0 Mobile Safari/537.36"
104.244.210.252 - - [30/Nov/2025:18:31:42 +0300] "GET /wp-includes/admin.php HTTP/1.1" 200 12 "-" "Mozilla/5.0 (Linux; Android 10; K) AppleWebKit/537.36 (KHTML, like Gecko) Chrome/142.0.0.0 Mobile Safari/537.36"
86.16.74.122 - - [30/Nov/2025:18:31:42 +0300] "GET /wp-includes/admin.php HTTP/1.1" 404 28 "-" "Mozilla/5.0 (Linux; Android 10; K) AppleWebKit/537.36 (KHTML, like Gecko) Chrome/142.0.0.0 Mobile Safari/537.36"
136.60.151.248 - - [30/Nov/2025:18:31:42 +0300] "GET /wp-includes/admin.php HTTP/1.1" 404 28 "-" "Mozilla/5.0 (Linux; Android 10; K) AppleWebKit/537.36 (KHTML, like Gecko) Chrome/142.0.0.0 Mobile Safari/537.36"
134.199.132.123 - - [30/Nov/2025:18:34:35 +0300] "GET /404WRD/admin.php HTTP/1.1" 404 28 "-" "Mozilla/5.0 (Windows NT 10.0; Win64; x64) AppleWebKit/537.36 (KHTML, like Gecko) Chrome/142.0.0.0 Safari/537.36"
129.212.200.6 - - [30/Nov/2025:18:34:35 +0300] "GET /404WRD/admin.php HTTP/1.1" 404 28 "-" "Mozilla/5.0 (Windows NT 10.0; Win64; x64) AppleWebKit/537.36 (KHTML, like Gecko) Chrome/142.0.0.0 Safari/537.36"
23.82.96.179 - - [30/Nov/2025:18:34:35 +0300] "GET /404WRD/admin.php HTTP/1.1" 404 28 "-" "Mozilla/5.0 (Windows NT 10.0; Win64; x64) AppleWebKit/537.36 (KHTML, like Gecko) Chrome/142.0.0.0 Safari/537.36"
86.16.74.122 - - [30/Nov/2025:18:34:35 +0300] "GET /404WRD/admin.php HTTP/1.1" 404 28 "-" "Mozilla/5.0 (Windows NT 10.0; Win64; x64) AppleWebKit/537.36 (KHTML, like Gecko) Chrome/142.0.0.0 Safari/537.36"
193.239.84.71 - - [30/Nov/2025:18:37:21 +0300] "GET /tekata/admin.php HTTP/1.1" 404 28 "-" "Mozilla/5.0 (Linux; Android 10; K) AppleWebKit/537.36 (KHTML, like Gecko) Chrome/126.0.0.0 Mobile Safari/537.36"
86.16.74.122 - - [30/Nov/2025:18:37:22 +0300] "GET /tekata/admin.php HTTP/1.1" 404 28 "-" "Mozilla/5.0 (Linux; Android 10; K) AppleWebKit/537.36 (KHTML, like Gecko) Chrome/126.0.0.0 Mobile Safari/537.36"
209.50.228.94 - - [30/Nov/2025:18:37:23 +0300] "GET /tekata/admin.php HTTP/1.1" 404 28 "-" "Mozilla/5.0 (Linux; Android 10; K) AppleWebKit/537.36 (KHTML, like Gecko) Chrome/126.0.0.0 Mobile Safari/537.36"
23.82.96.182 - - [30/Nov/2025:18:37:23 +0300] "GET /tekata/admin.php HTTP/1.1" 404 28 "-" "Mozilla/5.0 (Linux; Android 10; K) AppleWebKit/537.36 (KHTML, like Gecko) Chrome/126.0.0.0 Mobile Safari/537.36"
152.42.157.60 - - [30/Nov/2025:18:40:40 +0300] "GET /wp/ HTTP/1.1" 200 3491 "-" "Mozilla/5.0 (Linux; Android 10; K) AppleWebKit/537.36 (KHTML, like Gecko) Chrome/139.0.0.0 Mobile Safari/537.36"
138.199.24.28 - - [30/Nov/2025:18:40:40 +0300] "GET /wp/ HTTP/1.1" 200 3491 "-" "Mozilla/5.0 (Linux; Android 10; K) AppleWebKit/537.36 (KHTML, like Gecko) Chrome/139.0.0.0 Mobile Safari/537.36"
23.80.89.36 - - [30/Nov/2025:18:40:42 +0300] "GET /wp/ HTTP/1.1" 200 3491 "-" "Mozilla/5.0 (Linux; Android 10; K) AppleWebKit/537.36 (KHTML, like Gecko) Chrome/139.0.0.0 Mobile Safari/537.36"
86.16.74.122 - - [30/Nov/2025:18:40:42 +0300] "GET /wp/ HTTP/1.1" 200 3491 "-" "Mozilla/5.0 (Linux; Android 10; K) AppleWebKit/537.36 (KHTML, like Gecko) Chrome/139.0.0.0 Mobile Safari/537.36"
86.16.74.122 - - [30/Nov/2025:18:45:25 +0300] "GET /wp-includes/admin.php HTTP/1.1" 404 28 "-" "Mozilla/5.0 (Linux; Android 10; K) AppleWebKit/537.36 (KHTML, like Gecko) Chrome/142.0.0.0 Mobile Safari/537.36"
198.44.138.111 - - [30/Nov/2025:18:45:25 +0300] "GET /wp-includes/admin.php HTTP/1.1" 404 28 "-" "Mozilla/5.0 (Linux; Android 10; K) AppleWebKit/537.36 (KHTML, like Gecko) Chrome/142.0.0.0 Mobile Safari/537.36"
104.244.210.252 - - [30/Nov/2025:18:45:25 +0300] "GET /wp-includes/admin.php HTTP/1.1" 200 12 "-" "Mozilla/5.0 (Linux; Android 10; K) AppleWebKit/537.36 (KHTML, like Gecko) Chrome/142.0.0.0 Mobile Safari/537.36"
136.60.151.248 - - [30/Nov/2025:18:45:26 +0300] "GET /wp-includes/admin.php HTTP/1.1" 404 28 "-" "Mozilla/5.0 (Linux; Android 10; K) AppleWebKit/537.36 (KHTML, like Gecko) Chrome/142.0.0.0 Mobile Safari/537.36"
209.50.228.91 - - [30/Nov/2025:18:45:29 +0300] "GET /wp-includes/ HTTP/1.1" 200 1136 "-" "Mozilla/5.0 (Linux; Android 10; K) AppleWebKit/537.36 (KHTML, like Gecko) Chrome/141.0.0.0 Mobile Safari/537.36"
86.16.74.122 - - [30/Nov/2025:18:45:29 +0300] "GET /wp-includes/ HTTP/1.1" 200 1136 "-" "Mozilla/5.0 (Linux; Android 10; K) AppleWebKit/537.36 (KHTML, like Gecko) Chrome/141.0.0.0 Mobile Safari/537.36"
38.165.231.86 - - [30/Nov/2025:18:45:30 +0300] "GET /wp-includes/ HTTP/1.1" 200 1136 "-" "Mozilla/5.0 (Linux; Android 10; K) AppleWebKit/537.36 (KHTML, like Gecko) Chrome/141.0.0.0 Mobile Safari/537.36"
170.64.241.17 - - [30/Nov/2025:18:45:30 +0300] "GET /wp-includes/ HTTP/1.1" 200 1136 "-" "Mozilla/5.0 (Linux; Android 10; K) AppleWebKit/537.36 (KHTML, like Gecko) Chrome/141.0.0.0 Mobile Safari/537.36"
114.119.150.6 - - [30/Nov/2025:18:46:21 +0300] "GET /wp/?fileloc=/home/bashacomputer/public_html/wp/f35.php&path=/home/bashacomputer/public_html/wp HTTP/1.1" 200 2511 "http://bashacomputer.com/wp/" "Mozilla/5.0 (Linux; Android 7.0;) AppleWebKit/537.36 (KHTML, like Gecko) Mobile Safari/537.36 (compatible; PetalBot;+https://webmaster.petalsearch.com/site/petalbot)"
176.126.245.48 - - [30/Nov/2025:18:46:29 +0300] "GET /b312f65b/admin.php HTTP/1.1" 404 28 "-" "Mozilla/5.0 (Linux; Android 10; K) AppleWebKit/537.36 (KHTML, like Gecko) Chrome/131.0.0.0 Mobile Safari/537.36"
193.36.118.248 - - [30/Nov/2025:18:46:29 +0300] "GET /b312f65b/admin.php HTTP/1.1" 200 12 "-" "Mozilla/5.0 (Linux; Android 10; K) AppleWebKit/537.36 (KHTML, like Gecko) Chrome/131.0.0.0 Mobile Safari/537.36"
86.16.74.122 - - [30/Nov/2025:18:46:30 +0300] "GET /b312f65b/admin.php HTTP/1.1" 404 28 "-" "Mozilla/5.0 (Linux; Android 10; K) AppleWebKit/537.36 (KHTML, like Gecko) Chrome/131.0.0.0 Mobile Safari/537.36"
