ROOTPLOIT
Server: Apache
System: Linux node6122.myfcloud.com 6.14.3-x86_64-linode168 #1 SMP PREEMPT_DYNAMIC Mon Apr 21 19:47:55 EDT 2025 x86_64
User: bashacomputer (1004)
PHP: 7.4.33
Disabled: exec,passthru,shell_exec,system
Upload Files
File: /home/bashacomputer/access-logs/bashacomputer.com
209.50.228.91 - - [30/Nov/2025:15:15:11 +0300] "GET /wp-includes/ HTTP/1.1" 200 1136 "-" "Mozilla/5.0 (Linux; Android 10; K) AppleWebKit/537.36 (KHTML, like Gecko) Chrome/141.0.0.0 Mobile Safari/537.36"
38.165.231.86 - - [30/Nov/2025:15:15:12 +0300] "GET /wp-includes/ HTTP/1.1" 200 1136 "-" "Mozilla/5.0 (Linux; Android 10; K) AppleWebKit/537.36 (KHTML, like Gecko) Chrome/141.0.0.0 Mobile Safari/537.36"
170.64.241.17 - - [30/Nov/2025:15:15:12 +0300] "GET /wp-includes/ HTTP/1.1" 200 1136 "-" "Mozilla/5.0 (Linux; Android 10; K) AppleWebKit/537.36 (KHTML, like Gecko) Chrome/141.0.0.0 Mobile Safari/537.36"
86.16.74.122 - - [30/Nov/2025:15:15:17 +0300] "GET /wp-includes/ HTTP/1.1" 200 1136 "-" "Mozilla/5.0 (Linux; Android 10; K) AppleWebKit/537.36 (KHTML, like Gecko) Chrome/141.0.0.0 Mobile Safari/537.36"
86.16.74.122 - - [30/Nov/2025:15:16:01 +0300] "GET /404WRD/admin.php HTTP/1.1" 404 28 "-" "Mozilla/5.0 (Windows NT 10.0; Win64; x64) AppleWebKit/537.36 (KHTML, like Gecko) Chrome/142.0.0.0 Safari/537.36"
134.199.132.123 - - [30/Nov/2025:15:16:01 +0300] "GET /404WRD/admin.php HTTP/1.1" 404 28 "-" "Mozilla/5.0 (Windows NT 10.0; Win64; x64) AppleWebKit/537.36 (KHTML, like Gecko) Chrome/142.0.0.0 Safari/537.36"
129.212.200.6 - - [30/Nov/2025:15:16:01 +0300] "GET /404WRD/admin.php HTTP/1.1" 404 28 "-" "Mozilla/5.0 (Windows NT 10.0; Win64; x64) AppleWebKit/537.36 (KHTML, like Gecko) Chrome/142.0.0.0 Safari/537.36"
23.82.96.179 - - [30/Nov/2025:15:16:01 +0300] "GET /404WRD/admin.php HTTP/1.1" 404 28 "-" "Mozilla/5.0 (Windows NT 10.0; Win64; x64) AppleWebKit/537.36 (KHTML, like Gecko) Chrome/142.0.0.0 Safari/537.36"
138.199.24.28 - - [30/Nov/2025:15:16:12 +0300] "GET /wp/ HTTP/1.1" 200 3491 "-" "Mozilla/5.0 (Linux; Android 10; K) AppleWebKit/537.36 (KHTML, like Gecko) Chrome/139.0.0.0 Mobile Safari/537.36"
23.80.89.36 - - [30/Nov/2025:15:16:12 +0300] "GET /wp/ HTTP/1.1" 200 3491 "-" "Mozilla/5.0 (Linux; Android 10; K) AppleWebKit/537.36 (KHTML, like Gecko) Chrome/139.0.0.0 Mobile Safari/537.36"
152.42.157.60 - - [30/Nov/2025:15:16:12 +0300] "GET /wp/ HTTP/1.1" 200 3491 "-" "Mozilla/5.0 (Linux; Android 10; K) AppleWebKit/537.36 (KHTML, like Gecko) Chrome/139.0.0.0 Mobile Safari/537.36"
86.16.74.122 - - [30/Nov/2025:15:16:13 +0300] "GET /wp/ HTTP/1.1" 200 3491 "-" "Mozilla/5.0 (Linux; Android 10; K) AppleWebKit/537.36 (KHTML, like Gecko) Chrome/139.0.0.0 Mobile Safari/537.36"
193.239.84.71 - - [30/Nov/2025:15:20:33 +0300] "GET /tekata/admin.php HTTP/1.1" 404 28 "-" "Mozilla/5.0 (Linux; Android 10; K) AppleWebKit/537.36 (KHTML, like Gecko) Chrome/126.0.0.0 Mobile Safari/537.36"
86.16.74.122 - - [30/Nov/2025:15:20:33 +0300] "GET /tekata/admin.php HTTP/1.1" 404 28 "-" "Mozilla/5.0 (Linux; Android 10; K) AppleWebKit/537.36 (KHTML, like Gecko) Chrome/126.0.0.0 Mobile Safari/537.36"
23.82.96.182 - - [30/Nov/2025:15:20:34 +0300] "GET /tekata/admin.php HTTP/1.1" 404 28 "-" "Mozilla/5.0 (Linux; Android 10; K) AppleWebKit/537.36 (KHTML, like Gecko) Chrome/126.0.0.0 Mobile Safari/537.36"
209.50.228.94 - - [30/Nov/2025:15:20:37 +0300] "GET /tekata/admin.php HTTP/1.1" 404 28 "-" "Mozilla/5.0 (Linux; Android 10; K) AppleWebKit/537.36 (KHTML, like Gecko) Chrome/126.0.0.0 Mobile Safari/537.36"
193.36.118.248 - - [30/Nov/2025:15:21:50 +0300] "GET /b312f65b/admin.php HTTP/1.1" 200 12 "-" "Mozilla/5.0 (Linux; Android 10; K) AppleWebKit/537.36 (KHTML, like Gecko) Chrome/131.0.0.0 Mobile Safari/537.36"
86.16.74.122 - - [30/Nov/2025:15:21:50 +0300] "GET /b312f65b/admin.php HTTP/1.1" 404 28 "-" "Mozilla/5.0 (Linux; Android 10; K) AppleWebKit/537.36 (KHTML, like Gecko) Chrome/131.0.0.0 Mobile Safari/537.36"
88.97.176.211 - - [30/Nov/2025:15:21:50 +0300] "GET /b312f65b/admin.php HTTP/1.1" 404 28 "-" "Mozilla/5.0 (Linux; Android 10; K) AppleWebKit/537.36 (KHTML, like Gecko) Chrome/131.0.0.0 Mobile Safari/537.36"
176.126.245.48 - - [30/Nov/2025:15:21:51 +0300] "GET /b312f65b/admin.php HTTP/1.1" 404 28 "-" "Mozilla/5.0 (Linux; Android 10; K) AppleWebKit/537.36 (KHTML, like Gecko) Chrome/131.0.0.0 Mobile Safari/537.36"
114.119.153.104 - - [30/Nov/2025:15:25:39 +0300] "GET /wp/?fileloc=/home/bashacomputer/public_html/wp/index.php&path=/home/bashacomputer/public_html/wp HTTP/1.1" 200 5813 "http://bashacomputer.com/wp/" "Mozilla/5.0 (Linux; Android 7.0;) AppleWebKit/537.36 (KHTML, like Gecko) Mobile Safari/537.36 (compatible; PetalBot;+https://webmaster.petalsearch.com/site/petalbot)"
86.16.74.122 - - [30/Nov/2025:15:27:37 +0300] "GET /wp-includes/admin.php HTTP/1.1" 404 28 "-" "Mozilla/5.0 (Linux; Android 10; K) AppleWebKit/537.36 (KHTML, like Gecko) Chrome/142.0.0.0 Mobile Safari/537.36"
198.44.138.111 - - [30/Nov/2025:15:27:37 +0300] "GET /wp-includes/admin.php HTTP/1.1" 404 28 "-" "Mozilla/5.0 (Linux; Android 10; K) AppleWebKit/537.36 (KHTML, like Gecko) Chrome/142.0.0.0 Mobile Safari/537.36"
104.244.210.252 - - [30/Nov/2025:15:27:37 +0300] "GET /wp-includes/admin.php HTTP/1.1" 200 12 "-" "Mozilla/5.0 (Linux; Android 10; K) AppleWebKit/537.36 (KHTML, like Gecko) Chrome/142.0.0.0 Mobile Safari/537.36"
136.60.151.248 - - [30/Nov/2025:15:27:37 +0300] "GET /wp-includes/admin.php HTTP/1.1" 404 28 "-" "Mozilla/5.0 (Linux; Android 10; K) AppleWebKit/537.36 (KHTML, like Gecko) Chrome/142.0.0.0 Mobile Safari/537.36"
134.199.132.123 - - [30/Nov/2025:15:31:07 +0300] "GET /404WRD/admin.php HTTP/1.1" 404 28 "-" "Mozilla/5.0 (Windows NT 10.0; Win64; x64) AppleWebKit/537.36 (KHTML, like Gecko) Chrome/142.0.0.0 Safari/537.36"
86.16.74.122 - - [30/Nov/2025:15:31:07 +0300] "GET /404WRD/admin.php HTTP/1.1" 404 28 "-" "Mozilla/5.0 (Windows NT 10.0; Win64; x64) AppleWebKit/537.36 (KHTML, like Gecko) Chrome/142.0.0.0 Safari/537.36"
23.82.96.179 - - [30/Nov/2025:15:31:07 +0300] "GET /404WRD/admin.php HTTP/1.1" 404 28 "-" "Mozilla/5.0 (Windows NT 10.0; Win64; x64) AppleWebKit/537.36 (KHTML, like Gecko) Chrome/142.0.0.0 Safari/537.36"
129.212.200.6 - - [30/Nov/2025:15:31:07 +0300] "GET /404WRD/admin.php HTTP/1.1" 404 28 "-" "Mozilla/5.0 (Windows NT 10.0; Win64; x64) AppleWebKit/537.36 (KHTML, like Gecko) Chrome/142.0.0.0 Safari/537.36"
209.50.228.91 - - [30/Nov/2025:15:31:15 +0300] "GET /wp-includes/ HTTP/1.1" 200 1136 "-" "Mozilla/5.0 (Linux; Android 10; K) AppleWebKit/537.36 (KHTML, like Gecko) Chrome/141.0.0.0 Mobile Safari/537.36"
86.16.74.122 - - [30/Nov/2025:15:31:15 +0300] "GET /wp-includes/ HTTP/1.1" 200 1136 "-" "Mozilla/5.0 (Linux; Android 10; K) AppleWebKit/537.36 (KHTML, like Gecko) Chrome/141.0.0.0 Mobile Safari/537.36"
38.165.231.86 - - [30/Nov/2025:15:31:16 +0300] "GET /wp-includes/ HTTP/1.1" 200 1136 "-" "Mozilla/5.0 (Linux; Android 10; K) AppleWebKit/537.36 (KHTML, like Gecko) Chrome/141.0.0.0 Mobile Safari/537.36"
170.64.241.17 - - [30/Nov/2025:15:31:16 +0300] "GET /wp-includes/ HTTP/1.1" 200 1136 "-" "Mozilla/5.0 (Linux; Android 10; K) AppleWebKit/537.36 (KHTML, like Gecko) Chrome/141.0.0.0 Mobile Safari/537.36"
138.199.24.28 - - [30/Nov/2025:15:31:23 +0300] "GET /wp/ HTTP/1.1" 200 3491 "-" "Mozilla/5.0 (Linux; Android 10; K) AppleWebKit/537.36 (KHTML, like Gecko) Chrome/139.0.0.0 Mobile Safari/537.36"
86.16.74.122 - - [30/Nov/2025:15:31:24 +0300] "GET /wp/ HTTP/1.1" 200 3491 "-" "Mozilla/5.0 (Linux; Android 10; K) AppleWebKit/537.36 (KHTML, like Gecko) Chrome/139.0.0.0 Mobile Safari/537.36"
23.80.89.36 - - [30/Nov/2025:15:31:25 +0300] "GET /wp/ HTTP/1.1" 200 3491 "-" "Mozilla/5.0 (Linux; Android 10; K) AppleWebKit/537.36 (KHTML, like Gecko) Chrome/139.0.0.0 Mobile Safari/537.36"
152.42.157.60 - - [30/Nov/2025:15:31:26 +0300] "GET /wp/ HTTP/1.1" 200 3491 "-" "Mozilla/5.0 (Linux; Android 10; K) AppleWebKit/537.36 (KHTML, like Gecko) Chrome/139.0.0.0 Mobile Safari/537.36"
209.50.228.94 - - [30/Nov/2025:15:34:42 +0300] "GET /tekata/admin.php HTTP/1.1" 404 28 "-" "Mozilla/5.0 (Linux; Android 10; K) AppleWebKit/537.36 (KHTML, like Gecko) Chrome/126.0.0.0 Mobile Safari/537.36"
23.82.96.182 - - [30/Nov/2025:15:34:43 +0300] "GET /tekata/admin.php HTTP/1.1" 404 28 "-" "Mozilla/5.0 (Linux; Android 10; K) AppleWebKit/537.36 (KHTML, like Gecko) Chrome/126.0.0.0 Mobile Safari/537.36"
86.16.74.122 - - [30/Nov/2025:15:34:43 +0300] "GET /tekata/admin.php HTTP/1.1" 404 28 "-" "Mozilla/5.0 (Linux; Android 10; K) AppleWebKit/537.36 (KHTML, like Gecko) Chrome/126.0.0.0 Mobile Safari/537.36"
193.239.84.71 - - [30/Nov/2025:15:34:48 +0300] "GET /tekata/admin.php HTTP/1.1" 404 28 "-" "Mozilla/5.0 (Linux; Android 10; K) AppleWebKit/537.36 (KHTML, like Gecko) Chrome/126.0.0.0 Mobile Safari/537.36"
193.36.118.248 - - [30/Nov/2025:15:37:22 +0300] "GET /b312f65b/admin.php HTTP/1.1" 200 12 "-" "Mozilla/5.0 (Linux; Android 10; K) AppleWebKit/537.36 (KHTML, like Gecko) Chrome/131.0.0.0 Mobile Safari/537.36"
86.16.74.122 - - [30/Nov/2025:15:37:22 +0300] "GET /b312f65b/admin.php HTTP/1.1" 404 28 "-" "Mozilla/5.0 (Linux; Android 10; K) AppleWebKit/537.36 (KHTML, like Gecko) Chrome/131.0.0.0 Mobile Safari/537.36"
88.97.176.211 - - [30/Nov/2025:15:37:22 +0300] "GET /b312f65b/admin.php HTTP/1.1" 404 28 "-" "Mozilla/5.0 (Linux; Android 10; K) AppleWebKit/537.36 (KHTML, like Gecko) Chrome/131.0.0.0 Mobile Safari/537.36"
176.126.245.48 - - [30/Nov/2025:15:37:24 +0300] "GET /b312f65b/admin.php HTTP/1.1" 404 28 "-" "Mozilla/5.0 (Linux; Android 10; K) AppleWebKit/537.36 (KHTML, like Gecko) Chrome/131.0.0.0 Mobile Safari/537.36"
198.44.138.111 - - [30/Nov/2025:15:43:34 +0300] "GET /wp-includes/admin.php HTTP/1.1" 404 28 "-" "Mozilla/5.0 (Linux; Android 10; K) AppleWebKit/537.36 (KHTML, like Gecko) Chrome/142.0.0.0 Mobile Safari/537.36"
104.244.210.252 - - [30/Nov/2025:15:43:35 +0300] "GET /wp-includes/admin.php HTTP/1.1" 200 12 "-" "Mozilla/5.0 (Linux; Android 10; K) AppleWebKit/537.36 (KHTML, like Gecko) Chrome/142.0.0.0 Mobile Safari/537.36"
136.60.151.248 - - [30/Nov/2025:15:43:35 +0300] "GET /wp-includes/admin.php HTTP/1.1" 404 28 "-" "Mozilla/5.0 (Linux; Android 10; K) AppleWebKit/537.36 (KHTML, like Gecko) Chrome/142.0.0.0 Mobile Safari/537.36"
86.16.74.122 - - [30/Nov/2025:15:43:35 +0300] "GET /wp-includes/admin.php HTTP/1.1" 404 28 "-" "Mozilla/5.0 (Linux; Android 10; K) AppleWebKit/537.36 (KHTML, like Gecko) Chrome/142.0.0.0 Mobile Safari/537.36"
209.50.228.91 - - [30/Nov/2025:15:45:49 +0300] "GET /wp-includes/ HTTP/1.1" 200 1136 "-" "Mozilla/5.0 (Linux; Android 10; K) AppleWebKit/537.36 (KHTML, like Gecko) Chrome/141.0.0.0 Mobile Safari/537.36"
86.16.74.122 - - [30/Nov/2025:15:45:49 +0300] "GET /wp-includes/ HTTP/1.1" 200 1136 "-" "Mozilla/5.0 (Linux; Android 10; K) AppleWebKit/537.36 (KHTML, like Gecko) Chrome/141.0.0.0 Mobile Safari/537.36"
38.165.231.86 - - [30/Nov/2025:15:45:49 +0300] "GET /wp-includes/ HTTP/1.1" 200 1136 "-" "Mozilla/5.0 (Linux; Android 10; K) AppleWebKit/537.36 (KHTML, like Gecko) Chrome/141.0.0.0 Mobile Safari/537.36"
170.64.241.17 - - [30/Nov/2025:15:45:50 +0300] "GET /wp-includes/ HTTP/1.1" 200 1136 "-" "Mozilla/5.0 (Linux; Android 10; K) AppleWebKit/537.36 (KHTML, like Gecko) Chrome/141.0.0.0 Mobile Safari/537.36"
134.199.132.123 - - [30/Nov/2025:15:46:29 +0300] "GET /404WRD/admin.php HTTP/1.1" 404 28 "-" "Mozilla/5.0 (Windows NT 10.0; Win64; x64) AppleWebKit/537.36 (KHTML, like Gecko) Chrome/142.0.0.0 Safari/537.36"
129.212.200.6 - - [30/Nov/2025:15:46:29 +0300] "GET /404WRD/admin.php HTTP/1.1" 404 28 "-" "Mozilla/5.0 (Windows NT 10.0; Win64; x64) AppleWebKit/537.36 (KHTML, like Gecko) Chrome/142.0.0.0 Safari/537.36"
23.82.96.179 - - [30/Nov/2025:15:46:29 +0300] "GET /404WRD/admin.php HTTP/1.1" 404 28 "-" "Mozilla/5.0 (Windows NT 10.0; Win64; x64) AppleWebKit/537.36 (KHTML, like Gecko) Chrome/142.0.0.0 Safari/537.36"
86.16.74.122 - - [30/Nov/2025:15:46:29 +0300] "GET /404WRD/admin.php HTTP/1.1" 404 28 "-" "Mozilla/5.0 (Windows NT 10.0; Win64; x64) AppleWebKit/537.36 (KHTML, like Gecko) Chrome/142.0.0.0 Safari/537.36"
86.16.74.122 - - [30/Nov/2025:15:47:35 +0300] "GET /wp/ HTTP/1.1" 200 3491 "-" "Mozilla/5.0 (Linux; Android 10; K) AppleWebKit/537.36 (KHTML, like Gecko) Chrome/139.0.0.0 Mobile Safari/537.36"
152.42.157.60 - - [30/Nov/2025:15:47:37 +0300] "GET /wp/ HTTP/1.1" 200 3491 "-" "Mozilla/5.0 (Linux; Android 10; K) AppleWebKit/537.36 (KHTML, like Gecko) Chrome/139.0.0.0 Mobile Safari/537.36"
23.80.89.36 - - [30/Nov/2025:15:47:37 +0300] "GET /wp/ HTTP/1.1" 200 3491 "-" "Mozilla/5.0 (Linux; Android 10; K) AppleWebKit/537.36 (KHTML, like Gecko) Chrome/139.0.0.0 Mobile Safari/537.36"
138.199.24.28 - - [30/Nov/2025:15:47:38 +0300] "GET /wp/ HTTP/1.1" 200 3491 "-" "Mozilla/5.0 (Linux; Android 10; K) AppleWebKit/537.36 (KHTML, like Gecko) Chrome/139.0.0.0 Mobile Safari/537.36"
86.16.74.122 - - [30/Nov/2025:15:49:25 +0300] "GET /tekata/admin.php HTTP/1.1" 404 28 "-" "Mozilla/5.0 (Linux; Android 10; K) AppleWebKit/537.36 (KHTML, like Gecko) Chrome/126.0.0.0 Mobile Safari/537.36"
209.50.228.94 - - [30/Nov/2025:15:49:25 +0300] "GET /tekata/admin.php HTTP/1.1" 404 28 "-" "Mozilla/5.0 (Linux; Android 10; K) AppleWebKit/537.36 (KHTML, like Gecko) Chrome/126.0.0.0 Mobile Safari/537.36"
193.239.84.71 - - [30/Nov/2025:15:49:26 +0300] "GET /tekata/admin.php HTTP/1.1" 404 28 "-" "Mozilla/5.0 (Linux; Android 10; K) AppleWebKit/537.36 (KHTML, like Gecko) Chrome/126.0.0.0 Mobile Safari/537.36"
23.82.96.182 - - [30/Nov/2025:15:49:29 +0300] "GET /tekata/admin.php HTTP/1.1" 404 28 "-" "Mozilla/5.0 (Linux; Android 10; K) AppleWebKit/537.36 (KHTML, like Gecko) Chrome/126.0.0.0 Mobile Safari/537.36"
88.97.176.211 - - [30/Nov/2025:15:51:27 +0300] "GET /b312f65b/admin.php HTTP/1.1" 404 28 "-" "Mozilla/5.0 (Linux; Android 10; K) AppleWebKit/537.36 (KHTML, like Gecko) Chrome/131.0.0.0 Mobile Safari/537.36"
193.36.118.248 - - [30/Nov/2025:15:51:27 +0300] "GET /b312f65b/admin.php HTTP/1.1" 200 12 "-" "Mozilla/5.0 (Linux; Android 10; K) AppleWebKit/537.36 (KHTML, like Gecko) Chrome/131.0.0.0 Mobile Safari/537.36"
86.16.74.122 - - [30/Nov/2025:15:51:27 +0300] "GET /b312f65b/admin.php HTTP/1.1" 404 28 "-" "Mozilla/5.0 (Linux; Android 10; K) AppleWebKit/537.36 (KHTML, like Gecko) Chrome/131.0.0.0 Mobile Safari/537.36"
176.126.245.48 - - [30/Nov/2025:15:51:31 +0300] "GET /b312f65b/admin.php HTTP/1.1" 404 28 "-" "Mozilla/5.0 (Linux; Android 10; K) AppleWebKit/537.36 (KHTML, like Gecko) Chrome/131.0.0.0 Mobile Safari/537.36"
198.44.138.111 - - [30/Nov/2025:15:59:16 +0300] "GET /wp-includes/admin.php HTTP/1.1" 404 28 "-" "Mozilla/5.0 (Linux; Android 10; K) AppleWebKit/537.36 (KHTML, like Gecko) Chrome/142.0.0.0 Mobile Safari/537.36"
136.60.151.248 - - [30/Nov/2025:15:59:16 +0300] "GET /wp-includes/admin.php HTTP/1.1" 404 28 "-" "Mozilla/5.0 (Linux; Android 10; K) AppleWebKit/537.36 (KHTML, like Gecko) Chrome/142.0.0.0 Mobile Safari/537.36"
104.244.210.252 - - [30/Nov/2025:15:59:16 +0300] "GET /wp-includes/admin.php HTTP/1.1" 200 12 "-" "Mozilla/5.0 (Linux; Android 10; K) AppleWebKit/537.36 (KHTML, like Gecko) Chrome/142.0.0.0 Mobile Safari/537.36"
86.16.74.122 - - [30/Nov/2025:15:59:16 +0300] "GET /wp-includes/admin.php HTTP/1.1" 404 28 "-" "Mozilla/5.0 (Linux; Android 10; K) AppleWebKit/537.36 (KHTML, like Gecko) Chrome/142.0.0.0 Mobile Safari/537.36"
134.199.132.123 - - [30/Nov/2025:16:01:26 +0300] "GET /404WRD/admin.php HTTP/1.1" 404 28 "-" "Mozilla/5.0 (Windows NT 10.0; Win64; x64) AppleWebKit/537.36 (KHTML, like Gecko) Chrome/142.0.0.0 Safari/537.36"
129.212.200.6 - - [30/Nov/2025:16:01:26 +0300] "GET /404WRD/admin.php HTTP/1.1" 404 28 "-" "Mozilla/5.0 (Windows NT 10.0; Win64; x64) AppleWebKit/537.36 (KHTML, like Gecko) Chrome/142.0.0.0 Safari/537.36"
23.82.96.179 - - [30/Nov/2025:16:01:26 +0300] "GET /404WRD/admin.php HTTP/1.1" 404 28 "-" "Mozilla/5.0 (Windows NT 10.0; Win64; x64) AppleWebKit/537.36 (KHTML, like Gecko) Chrome/142.0.0.0 Safari/537.36"
86.16.74.122 - - [30/Nov/2025:16:01:26 +0300] "GET /404WRD/admin.php HTTP/1.1" 404 28 "-" "Mozilla/5.0 (Windows NT 10.0; Win64; x64) AppleWebKit/537.36 (KHTML, like Gecko) Chrome/142.0.0.0 Safari/537.36"
209.50.228.91 - - [30/Nov/2025:16:02:07 +0300] "GET /wp-includes/ HTTP/1.1" 200 1136 "-" "Mozilla/5.0 (Linux; Android 10; K) AppleWebKit/537.36 (KHTML, like Gecko) Chrome/141.0.0.0 Mobile Safari/537.36"
86.16.74.122 - - [30/Nov/2025:16:02:07 +0300] "GET /wp-includes/ HTTP/1.1" 200 1136 "-" "Mozilla/5.0 (Linux; Android 10; K) AppleWebKit/537.36 (KHTML, like Gecko) Chrome/141.0.0.0 Mobile Safari/537.36"
38.165.231.86 - - [30/Nov/2025:16:02:07 +0300] "GET /wp-includes/ HTTP/1.1" 200 1136 "-" "Mozilla/5.0 (Linux; Android 10; K) AppleWebKit/537.36 (KHTML, like Gecko) Chrome/141.0.0.0 Mobile Safari/537.36"
170.64.241.17 - - [30/Nov/2025:16:02:07 +0300] "GET /wp-includes/ HTTP/1.1" 200 1136 "-" "Mozilla/5.0 (Linux; Android 10; K) AppleWebKit/537.36 (KHTML, like Gecko) Chrome/141.0.0.0 Mobile Safari/537.36"
138.199.24.28 - - [30/Nov/2025:16:03:28 +0300] "GET /wp/ HTTP/1.1" 200 3491 "-" "Mozilla/5.0 (Linux; Android 10; K) AppleWebKit/537.36 (KHTML, like Gecko) Chrome/139.0.0.0 Mobile Safari/537.36"
152.42.157.60 - - [30/Nov/2025:16:03:28 +0300] "GET /wp/ HTTP/1.1" 200 3491 "-" "Mozilla/5.0 (Linux; Android 10; K) AppleWebKit/537.36 (KHTML, like Gecko) Chrome/139.0.0.0 Mobile Safari/537.36"
23.80.89.36 - - [30/Nov/2025:16:03:29 +0300] "GET /wp/ HTTP/1.1" 200 3491 "-" "Mozilla/5.0 (Linux; Android 10; K) AppleWebKit/537.36 (KHTML, like Gecko) Chrome/139.0.0.0 Mobile Safari/537.36"
86.16.74.122 - - [30/Nov/2025:16:03:32 +0300] "GET /wp/ HTTP/1.1" 200 3491 "-" "Mozilla/5.0 (Linux; Android 10; K) AppleWebKit/537.36 (KHTML, like Gecko) Chrome/139.0.0.0 Mobile Safari/537.36"
193.239.84.71 - - [30/Nov/2025:16:05:07 +0300] "GET /tekata/admin.php HTTP/1.1" 404 28 "-" "Mozilla/5.0 (Linux; Android 10; K) AppleWebKit/537.36 (KHTML, like Gecko) Chrome/126.0.0.0 Mobile Safari/537.36"
209.50.228.94 - - [30/Nov/2025:16:05:07 +0300] "GET /tekata/admin.php HTTP/1.1" 404 28 "-" "Mozilla/5.0 (Linux; Android 10; K) AppleWebKit/537.36 (KHTML, like Gecko) Chrome/126.0.0.0 Mobile Safari/537.36"
86.16.74.122 - - [30/Nov/2025:16:05:10 +0300] "GET /tekata/admin.php HTTP/1.1" 404 28 "-" "Mozilla/5.0 (Linux; Android 10; K) AppleWebKit/537.36 (KHTML, like Gecko) Chrome/126.0.0.0 Mobile Safari/537.36"
23.82.96.182 - - [30/Nov/2025:16:05:11 +0300] "GET /tekata/admin.php HTTP/1.1" 404 28 "-" "Mozilla/5.0 (Linux; Android 10; K) AppleWebKit/537.36 (KHTML, like Gecko) Chrome/126.0.0.0 Mobile Safari/537.36"
193.36.118.248 - - [30/Nov/2025:16:06:56 +0300] "GET /b312f65b/admin.php HTTP/1.1" 200 12 "-" "Mozilla/5.0 (Linux; Android 10; K) AppleWebKit/537.36 (KHTML, like Gecko) Chrome/131.0.0.0 Mobile Safari/537.36"
86.16.74.122 - - [30/Nov/2025:16:06:56 +0300] "GET /b312f65b/admin.php HTTP/1.1" 404 28 "-" "Mozilla/5.0 (Linux; Android 10; K) AppleWebKit/537.36 (KHTML, like Gecko) Chrome/131.0.0.0 Mobile Safari/537.36"
176.126.245.48 - - [30/Nov/2025:16:06:56 +0300] "GET /b312f65b/admin.php HTTP/1.1" 404 28 "-" "Mozilla/5.0 (Linux; Android 10; K) AppleWebKit/537.36 (KHTML, like Gecko) Chrome/131.0.0.0 Mobile Safari/537.36"
88.97.176.211 - - [30/Nov/2025:16:06:56 +0300] "GET /b312f65b/admin.php HTTP/1.1" 404 28 "-" "Mozilla/5.0 (Linux; Android 10; K) AppleWebKit/537.36 (KHTML, like Gecko) Chrome/131.0.0.0 Mobile Safari/537.36"
198.44.138.111 - - [30/Nov/2025:16:13:29 +0300] "GET /wp-includes/admin.php HTTP/1.1" 404 28 "-" "Mozilla/5.0 (Linux; Android 10; K) AppleWebKit/537.36 (KHTML, like Gecko) Chrome/142.0.0.0 Mobile Safari/537.36"
104.244.210.252 - - [30/Nov/2025:16:13:29 +0300] "GET /wp-includes/admin.php HTTP/1.1" 200 12 "-" "Mozilla/5.0 (Linux; Android 10; K) AppleWebKit/537.36 (KHTML, like Gecko) Chrome/142.0.0.0 Mobile Safari/537.36"
136.60.151.248 - - [30/Nov/2025:16:13:29 +0300] "GET /wp-includes/admin.php HTTP/1.1" 404 28 "-" "Mozilla/5.0 (Linux; Android 10; K) AppleWebKit/537.36 (KHTML, like Gecko) Chrome/142.0.0.0 Mobile Safari/537.36"
86.16.74.122 - - [30/Nov/2025:16:13:29 +0300] "GET /wp-includes/admin.php HTTP/1.1" 404 28 "-" "Mozilla/5.0 (Linux; Android 10; K) AppleWebKit/537.36 (KHTML, like Gecko) Chrome/142.0.0.0 Mobile Safari/537.36"
134.199.132.123 - - [30/Nov/2025:16:15:14 +0300] "GET /404WRD/admin.php HTTP/1.1" 404 28 "-" "Mozilla/5.0 (Windows NT 10.0; Win64; x64) AppleWebKit/537.36 (KHTML, like Gecko) Chrome/142.0.0.0 Safari/537.36"
129.212.200.6 - - [30/Nov/2025:16:15:14 +0300] "GET /404WRD/admin.php HTTP/1.1" 404 28 "-" "Mozilla/5.0 (Windows NT 10.0; Win64; x64) AppleWebKit/537.36 (KHTML, like Gecko) Chrome/142.0.0.0 Safari/537.36"
86.16.74.122 - - [30/Nov/2025:16:15:14 +0300] "GET /404WRD/admin.php HTTP/1.1" 404 28 "-" "Mozilla/5.0 (Windows NT 10.0; Win64; x64) AppleWebKit/537.36 (KHTML, like Gecko) Chrome/142.0.0.0 Safari/537.36"
23.82.96.179 - - [30/Nov/2025:16:15:14 +0300] "GET /404WRD/admin.php HTTP/1.1" 404 28 "-" "Mozilla/5.0 (Windows NT 10.0; Win64; x64) AppleWebKit/537.36 (KHTML, like Gecko) Chrome/142.0.0.0 Safari/537.36"
209.50.228.91 - - [30/Nov/2025:16:15:39 +0300] "GET /wp-includes/ HTTP/1.1" 200 1136 "-" "Mozilla/5.0 (Linux; Android 10; K) AppleWebKit/537.36 (KHTML, like Gecko) Chrome/141.0.0.0 Mobile Safari/537.36"
86.16.74.122 - - [30/Nov/2025:16:15:39 +0300] "GET /wp-includes/ HTTP/1.1" 200 1136 "-" "Mozilla/5.0 (Linux; Android 10; K) AppleWebKit/537.36 (KHTML, like Gecko) Chrome/141.0.0.0 Mobile Safari/537.36"
38.165.231.86 - - [30/Nov/2025:16:15:40 +0300] "GET /wp-includes/ HTTP/1.1" 200 1136 "-" "Mozilla/5.0 (Linux; Android 10; K) AppleWebKit/537.36 (KHTML, like Gecko) Chrome/141.0.0.0 Mobile Safari/537.36"
170.64.241.17 - - [30/Nov/2025:16:15:40 +0300] "GET /wp-includes/ HTTP/1.1" 200 1136 "-" "Mozilla/5.0 (Linux; Android 10; K) AppleWebKit/537.36 (KHTML, like Gecko) Chrome/141.0.0.0 Mobile Safari/537.36"
114.119.152.5 - - [30/Nov/2025:16:19:58 +0300] "GET /wp-content/blocks/uploads/ HTTP/1.1" 200 733 "http://bashacomputer.com/wp-content/blocks/" "Mozilla/5.0 (Linux; Android 7.0;) AppleWebKit/537.36 (KHTML, like Gecko) Mobile Safari/537.36 (compatible; PetalBot;+https://webmaster.petalsearch.com/site/petalbot)"
152.42.157.60 - - [30/Nov/2025:16:20:28 +0300] "GET /wp/ HTTP/1.1" 200 3491 "-" "Mozilla/5.0 (Linux; Android 10; K) AppleWebKit/537.36 (KHTML, like Gecko) Chrome/139.0.0.0 Mobile Safari/537.36"
138.199.24.28 - - [30/Nov/2025:16:20:28 +0300] "GET /wp/ HTTP/1.1" 200 3491 "-" "Mozilla/5.0 (Linux; Android 10; K) AppleWebKit/537.36 (KHTML, like Gecko) Chrome/139.0.0.0 Mobile Safari/537.36"
23.80.89.36 - - [30/Nov/2025:16:20:29 +0300] "GET /wp/ HTTP/1.1" 200 3491 "-" "Mozilla/5.0 (Linux; Android 10; K) AppleWebKit/537.36 (KHTML, like Gecko) Chrome/139.0.0.0 Mobile Safari/537.36"
86.16.74.122 - - [30/Nov/2025:16:20:29 +0300] "GET /wp/ HTTP/1.1" 200 3491 "-" "Mozilla/5.0 (Linux; Android 10; K) AppleWebKit/537.36 (KHTML, like Gecko) Chrome/139.0.0.0 Mobile Safari/537.36"
88.97.176.211 - - [30/Nov/2025:16:20:47 +0300] "GET /b312f65b/admin.php HTTP/1.1" 404 28 "-" "Mozilla/5.0 (Linux; Android 10; K) AppleWebKit/537.36 (KHTML, like Gecko) Chrome/131.0.0.0 Mobile Safari/537.36"
193.36.118.248 - - [30/Nov/2025:16:20:47 +0300] "GET /b312f65b/admin.php HTTP/1.1" 200 12 "-" "Mozilla/5.0 (Linux; Android 10; K) AppleWebKit/537.36 (KHTML, like Gecko) Chrome/131.0.0.0 Mobile Safari/537.36"
86.16.74.122 - - [30/Nov/2025:16:20:47 +0300] "GET /b312f65b/admin.php HTTP/1.1" 404 28 "-" "Mozilla/5.0 (Linux; Android 10; K) AppleWebKit/537.36 (KHTML, like Gecko) Chrome/131.0.0.0 Mobile Safari/537.36"
176.126.245.48 - - [30/Nov/2025:16:20:47 +0300] "GET /b312f65b/admin.php HTTP/1.1" 404 28 "-" "Mozilla/5.0 (Linux; Android 10; K) AppleWebKit/537.36 (KHTML, like Gecko) Chrome/131.0.0.0 Mobile Safari/537.36"
23.82.96.182 - - [30/Nov/2025:16:21:51 +0300] "GET /tekata/admin.php HTTP/1.1" 404 28 "-" "Mozilla/5.0 (Linux; Android 10; K) AppleWebKit/537.36 (KHTML, like Gecko) Chrome/126.0.0.0 Mobile Safari/537.36"
193.239.84.71 - - [30/Nov/2025:16:21:51 +0300] "GET /tekata/admin.php HTTP/1.1" 404 28 "-" "Mozilla/5.0 (Linux; Android 10; K) AppleWebKit/537.36 (KHTML, like Gecko) Chrome/126.0.0.0 Mobile Safari/537.36"
86.16.74.122 - - [30/Nov/2025:16:21:51 +0300] "GET /tekata/admin.php HTTP/1.1" 404 28 "-" "Mozilla/5.0 (Linux; Android 10; K) AppleWebKit/537.36 (KHTML, like Gecko) Chrome/126.0.0.0 Mobile Safari/537.36"
209.50.228.94 - - [30/Nov/2025:16:21:54 +0300] "GET /tekata/admin.php HTTP/1.1" 404 28 "-" "Mozilla/5.0 (Linux; Android 10; K) AppleWebKit/537.36 (KHTML, like Gecko) Chrome/126.0.0.0 Mobile Safari/537.36"
194.247.173.99 - - [30/Nov/2025:16:26:25 +0300] "GET /robots.txt HTTP/1.1" 404 16 "-" "Mozilla/5.0 (compatible; MJ12bot/v1.4.8; http://mj12bot.com/)"
194.247.173.99 - - [30/Nov/2025:16:26:27 +0300] "GET /404WRD/unbound-WHMCS-clientes.txt404/dir/?C=S;O=A HTTP/1.1" 200 886 "-" "Mozilla/5.0 (compatible; MJ12bot/v1.4.8; http://mj12bot.com/)"
194.247.173.99 - - [30/Nov/2025:16:26:29 +0300] "GET /wp/?fileloc=//etc/alternatives/java_sdk/jre/lib/currency.data&path=//etc/alternatives/java_sdk/jre/lib HTTP/1.1" 200 2531 "-" "Mozilla/5.0 (compatible; MJ12bot/v1.4.8; http://mj12bot.com/)"
194.247.173.99 - - [30/Nov/2025:16:26:31 +0300] "GET /wp/?fileloc=//lib/modules/4.18.0-513.9.1.el8_9.x86_64/kernel/drivers/platform/x86/acerhdf.ko.xz&path=//lib/modules/4.18.0-513.9.1.el8_9.x86_64/kernel/drivers/platform/x86 HTTP/1.1" 200 2574 "-" "Mozilla/5.0 (compatible; MJ12bot/v1.4.8; http://mj12bot.com/)"
194.247.173.99 - - [30/Nov/2025:16:26:33 +0300] "GET /wp/?fileloc=//lib/modules/4.18.0-513.9.1.el8_9.x86_64/kernel/drivers/platform/x86/dell-wmi-descriptor.ko.xz&path=//lib/modules/4.18.0-513.9.1.el8_9.x86_64/kernel/drivers/platform/x86 HTTP/1.1" 200 2583 "-" "Mozilla/5.0 (compatible; MJ12bot/v1.4.8; http://mj12bot.com/)"
194.247.173.99 - - [30/Nov/2025:16:26:35 +0300] "GET /wp/?fileloc=//lib/modules/4.18.0-513.9.1.el8_9.x86_64/kernel/net/netfilter/xt_owner.ko.xz&path=//lib/modules/4.18.0-513.9.1.el8_9.x86_64/kernel/net/netfilter HTTP/1.1" 200 2563 "-" "Mozilla/5.0 (compatible; MJ12bot/v1.4.8; http://mj12bot.com/)"
194.247.173.99 - - [30/Nov/2025:16:26:38 +0300] "GET /wp/?fileloc=//lib/modules/4.18.0-513.9.1.el8_9.x86_64/kernel/net/netfilter/xt_physdev.ko.xz&path=//lib/modules/4.18.0-513.9.1.el8_9.x86_64/kernel/net/netfilter HTTP/1.1" 200 2564 "-" "Mozilla/5.0 (compatible; MJ12bot/v1.4.8; http://mj12bot.com/)"
198.235.24.9 - - [30/Nov/2025:16:26:58 +0300] "GET / HTTP/1.1" 200 3115 "-" "-"
198.44.138.111 - - [30/Nov/2025:16:28:14 +0300] "GET /wp-includes/admin.php HTTP/1.1" 404 28 "-" "Mozilla/5.0 (Linux; Android 10; K) AppleWebKit/537.36 (KHTML, like Gecko) Chrome/142.0.0.0 Mobile Safari/537.36"
104.244.210.252 - - [30/Nov/2025:16:28:14 +0300] "GET /wp-includes/admin.php HTTP/1.1" 200 12 "-" "Mozilla/5.0 (Linux; Android 10; K) AppleWebKit/537.36 (KHTML, like Gecko) Chrome/142.0.0.0 Mobile Safari/537.36"
86.16.74.122 - - [30/Nov/2025:16:28:15 +0300] "GET /wp-includes/admin.php HTTP/1.1" 404 28 "-" "Mozilla/5.0 (Linux; Android 10; K) AppleWebKit/537.36 (KHTML, like Gecko) Chrome/142.0.0.0 Mobile Safari/537.36"
136.60.151.248 - - [30/Nov/2025:16:28:15 +0300] "GET /wp-includes/admin.php HTTP/1.1" 404 28 "-" "Mozilla/5.0 (Linux; Android 10; K) AppleWebKit/537.36 (KHTML, like Gecko) Chrome/142.0.0.0 Mobile Safari/537.36"
194.247.173.99 - - [30/Nov/2025:16:29:43 +0300] "GET /wp/?fileloc=//lib/modules/4.18.0-513.9.1.el8_9.x86_64/kernel/net/netfilter/xt_pkttype.ko.xz&path=//lib/modules/4.18.0-513.9.1.el8_9.x86_64/kernel/net/netfilter HTTP/1.1" 200 2563 "-" "Mozilla/5.0 (compatible; MJ12bot/v1.4.8; http://mj12bot.com/)"
194.247.173.99 - - [30/Nov/2025:16:29:45 +0300] "GET /wp/?fileloc=//lib/modules/4.18.0-513.9.1.el8_9.x86_64/kernel/net/netfilter/xt_policy.ko.xz&path=//lib/modules/4.18.0-513.9.1.el8_9.x86_64/kernel/net/netfilter HTTP/1.1" 200 2563 "-" "Mozilla/5.0 (compatible; MJ12bot/v1.4.8; http://mj12bot.com/)"
194.247.173.99 - - [30/Nov/2025:16:29:47 +0300] "GET /wp/?fileloc=//lib/modules/4.18.0-513.9.1.el8_9.x86_64/kernel/net/netfilter/xt_quota.ko.xz&path=//lib/modules/4.18.0-513.9.1.el8_9.x86_64/kernel/net/netfilter HTTP/1.1" 200 2563 "-" "Mozilla/5.0 (compatible; MJ12bot/v1.4.8; http://mj12bot.com/)"
194.247.173.99 - - [30/Nov/2025:16:29:49 +0300] "GET /wp/?fileloc=//lib/modules/4.18.0-513.9.1.el8_9.x86_64/kernel/net/netfilter/xt_rateest.ko.xz&path=//lib/modules/4.18.0-513.9.1.el8_9.x86_64/kernel/net/netfilter HTTP/1.1" 200 2564 "-" "Mozilla/5.0 (compatible; MJ12bot/v1.4.8; http://mj12bot.com/)"
194.247.173.99 - - [30/Nov/2025:16:29:50 +0300] "GET /wp/?fileloc=//lib/modules/4.18.0-513.9.1.el8_9.x86_64/kernel/net/netfilter/xt_realm.ko.xz&path=//lib/modules/4.18.0-513.9.1.el8_9.x86_64/kernel/net/netfilter HTTP/1.1" 200 2563 "-" "Mozilla/5.0 (compatible; MJ12bot/v1.4.8; http://mj12bot.com/)"
194.247.173.99 - - [30/Nov/2025:16:29:52 +0300] "GET /wp/?fileloc=//lib/modules/4.18.0-513.9.1.el8_9.x86_64/kernel/net/netfilter/xt_recent.ko.xz&path=//lib/modules/4.18.0-513.9.1.el8_9.x86_64/kernel/net/netfilter HTTP/1.1" 200 2563 "-" "Mozilla/5.0 (compatible; MJ12bot/v1.4.8; http://mj12bot.com/)"
194.247.173.99 - - [30/Nov/2025:16:29:54 +0300] "GET /wp/?fileloc=//lib/modules/4.18.0-513.9.1.el8_9.x86_64/kernel/net/netfilter/xt_sctp.ko.xz&path=//lib/modules/4.18.0-513.9.1.el8_9.x86_64/kernel/net/netfilter HTTP/1.1" 200 2562 "-" "Mozilla/5.0 (compatible; MJ12bot/v1.4.8; http://mj12bot.com/)"
194.247.173.99 - - [30/Nov/2025:16:29:56 +0300] "GET /wp/?fileloc=//lib/modules/4.18.0-513.9.1.el8_9.x86_64/kernel/net/netfilter/xt_set.ko.xz&path=//lib/modules/4.18.0-513.9.1.el8_9.x86_64/kernel/net/netfilter HTTP/1.1" 200 2561 "-" "Mozilla/5.0 (compatible; MJ12bot/v1.4.8; http://mj12bot.com/)"
194.247.173.99 - - [30/Nov/2025:16:29:58 +0300] "GET /wp/?fileloc=//lib/modules/4.18.0-513.9.1.el8_9.x86_64/kernel/net/netfilter/xt_socket.ko.xz&path=//lib/modules/4.18.0-513.9.1.el8_9.x86_64/kernel/net/netfilter HTTP/1.1" 200 2563 "-" "Mozilla/5.0 (compatible; MJ12bot/v1.4.8; http://mj12bot.com/)"
194.247.173.99 - - [30/Nov/2025:16:30:00 +0300] "GET /wp/?fileloc=//lib/modules/4.18.0-513.9.1.el8_9.x86_64/kernel/net/netfilter/xt_state.ko.xz&path=//lib/modules/4.18.0-513.9.1.el8_9.x86_64/kernel/net/netfilter HTTP/1.1" 200 2562 "-" "Mozilla/5.0 (compatible; MJ12bot/v1.4.8; http://mj12bot.com/)"
209.50.228.91 - - [30/Nov/2025:16:30:02 +0300] "GET /wp-includes/ HTTP/1.1" 200 1136 "-" "Mozilla/5.0 (Linux; Android 10; K) AppleWebKit/537.36 (KHTML, like Gecko) Chrome/141.0.0.0 Mobile Safari/537.36"
86.16.74.122 - - [30/Nov/2025:16:30:02 +0300] "GET /wp-includes/ HTTP/1.1" 200 1136 "-" "Mozilla/5.0 (Linux; Android 10; K) AppleWebKit/537.36 (KHTML, like Gecko) Chrome/141.0.0.0 Mobile Safari/537.36"
38.165.231.86 - - [30/Nov/2025:16:30:03 +0300] "GET /wp-includes/ HTTP/1.1" 200 1136 "-" "Mozilla/5.0 (Linux; Android 10; K) AppleWebKit/537.36 (KHTML, like Gecko) Chrome/141.0.0.0 Mobile Safari/537.36"
170.64.241.17 - - [30/Nov/2025:16:30:03 +0300] "GET /wp-includes/ HTTP/1.1" 200 1136 "-" "Mozilla/5.0 (Linux; Android 10; K) AppleWebKit/537.36 (KHTML, like Gecko) Chrome/141.0.0.0 Mobile Safari/537.36"
194.247.173.99 - - [30/Nov/2025:16:30:04 +0300] "GET /wp/?fileloc=//lib/modules/4.18.0-513.9.1.el8_9.x86_64/kernel/net/netfilter/xt_statistic.ko.xz&path=//lib/modules/4.18.0-513.9.1.el8_9.x86_64/kernel/net/netfilter HTTP/1.1" 200 2565 "-" "Mozilla/5.0 (compatible; MJ12bot/v1.4.8; http://mj12bot.com/)"
134.199.132.123 - - [30/Nov/2025:16:31:09 +0300] "GET /404WRD/admin.php HTTP/1.1" 404 28 "-" "Mozilla/5.0 (Windows NT 10.0; Win64; x64) AppleWebKit/537.36 (KHTML, like Gecko) Chrome/142.0.0.0 Safari/537.36"
129.212.200.6 - - [30/Nov/2025:16:31:09 +0300] "GET /404WRD/admin.php HTTP/1.1" 404 28 "-" "Mozilla/5.0 (Windows NT 10.0; Win64; x64) AppleWebKit/537.36 (KHTML, like Gecko) Chrome/142.0.0.0 Safari/537.36"
23.82.96.179 - - [30/Nov/2025:16:31:09 +0300] "GET /404WRD/admin.php HTTP/1.1" 404 28 "-" "Mozilla/5.0 (Windows NT 10.0; Win64; x64) AppleWebKit/537.36 (KHTML, like Gecko) Chrome/142.0.0.0 Safari/537.36"
86.16.74.122 - - [30/Nov/2025:16:31:10 +0300] "GET /404WRD/admin.php HTTP/1.1" 404 28 "-" "Mozilla/5.0 (Windows NT 10.0; Win64; x64) AppleWebKit/537.36 (KHTML, like Gecko) Chrome/142.0.0.0 Safari/537.36"
194.247.173.99 - - [30/Nov/2025:16:32:10 +0300] "GET /wp/?fileloc=//lib/modules/4.18.0-513.9.1.el8_9.x86_64/kernel/net/netfilter/xt_string.ko.xz&path=//lib/modules/4.18.0-513.9.1.el8_9.x86_64/kernel/net/netfilter HTTP/1.1" 200 2563 "-" "Mozilla/5.0 (compatible; MJ12bot/v1.4.8; http://mj12bot.com/)"
194.247.173.99 - - [30/Nov/2025:16:32:12 +0300] "GET /wp/?fileloc=//lib/modules/4.18.0-513.9.1.el8_9.x86_64/kernel/net/netfilter/xt_tcpmss.ko.xz&path=//lib/modules/4.18.0-513.9.1.el8_9.x86_64/kernel/net/netfilter HTTP/1.1" 200 2563 "-" "Mozilla/5.0 (compatible; MJ12bot/v1.4.8; http://mj12bot.com/)"
194.247.173.99 - - [30/Nov/2025:16:32:14 +0300] "GET /wp/?fileloc=//lib/modules/4.18.0-513.9.1.el8_9.x86_64/kernel/net/openvswitch/vport-geneve.ko.xz&path=//lib/modules/4.18.0-513.9.1.el8_9.x86_64/kernel/net/openvswitch HTTP/1.1" 200 2569 "-" "Mozilla/5.0 (compatible; MJ12bot/v1.4.8; http://mj12bot.com/)"
194.247.173.99 - - [30/Nov/2025:16:32:16 +0300] "GET /wp/?fileloc=//lib/modules/4.18.0-513.9.1.el8_9.x86_64/kernel/net/openvswitch/vport-gre.ko.xz&path=//lib/modules/4.18.0-513.9.1.el8_9.x86_64/kernel/net/openvswitch HTTP/1.1" 200 2565 "-" "Mozilla/5.0 (compatible; MJ12bot/v1.4.8; http://mj12bot.com/)"
194.247.173.99 - - [30/Nov/2025:16:32:18 +0300] "GET /wp/?fileloc=//lib/modules/4.18.0-513.9.1.el8_9.x86_64/kernel/net/openvswitch/vport-vxlan.ko.xz&path=//lib/modules/4.18.0-513.9.1.el8_9.x86_64/kernel/net/openvswitch HTTP/1.1" 200 2567 "-" "Mozilla/5.0 (compatible; MJ12bot/v1.4.8; http://mj12bot.com/)"
194.247.173.99 - - [30/Nov/2025:16:32:19 +0300] "GET /wp/?fileloc=//lib/modules/4.18.0-513.9.1.el8_9.x86_64/kernel/net/packet/af_packet_diag.ko.xz&path=//lib/modules/4.18.0-513.9.1.el8_9.x86_64/kernel/net/packet HTTP/1.1" 200 2562 "-" "Mozilla/5.0 (compatible; MJ12bot/v1.4.8; http://mj12bot.com/)"
194.247.173.99 - - [30/Nov/2025:16:32:21 +0300] "GET /wp/?fileloc=//lib/modules/4.18.0-513.9.1.el8_9.x86_64/kernel/net/psample/psample.ko.xz&path=//lib/modules/4.18.0-513.9.1.el8_9.x86_64/kernel/net/psample HTTP/1.1" 200 2555 "-" "Mozilla/5.0 (compatible; MJ12bot/v1.4.8; http://mj12bot.com/)"
194.247.173.99 - - [30/Nov/2025:16:32:23 +0300] "GET /wp/?fileloc=//lib/modules/4.18.0-513.9.1.el8_9.x86_64/kernel/net/qrtr/qrtr-mhi.ko.xz&path=//lib/modules/4.18.0-513.9.1.el8_9.x86_64/kernel/net/qrtr HTTP/1.1" 200 2557 "-" "Mozilla/5.0 (compatible; MJ12bot/v1.4.8; http://mj12bot.com/)"
194.247.173.99 - - [30/Nov/2025:16:32:26 +0300] "GET /wp/?fileloc=//lib/modules/4.18.0-513.9.1.el8_9.x86_64/kernel/net/qrtr/qrtr.ko.xz&path=//lib/modules/4.18.0-513.9.1.el8_9.x86_64/kernel/net/qrtr HTTP/1.1" 200 2555 "-" "Mozilla/5.0 (compatible; MJ12bot/v1.4.8; http://mj12bot.com/)"
194.247.173.99 - - [30/Nov/2025:16:32:27 +0300] "GET /wp/?fileloc=//lib/modules/4.18.0-513.9.1.el8_9.x86_64/kernel/net/rfkill/rfkill.ko.xz&path=//lib/modules/4.18.0-513.9.1.el8_9.x86_64/kernel/net/rfkill HTTP/1.1" 200 2556 "-" "Mozilla/5.0 (compatible; MJ12bot/v1.4.8; http://mj12bot.com/)"
194.247.173.99 - - [30/Nov/2025:16:34:00 +0300] "GET /wp/?fileloc=//lib/modules/4.18.0-513.9.1.el8_9.x86_64/kernel/net/sched/act_bpf.ko.xz&path=//lib/modules/4.18.0-513.9.1.el8_9.x86_64/kernel/net/sched HTTP/1.1" 200 2559 "-" "Mozilla/5.0 (compatible; MJ12bot/v1.4.8; http://mj12bot.com/)"
194.247.173.99 - - [30/Nov/2025:16:34:02 +0300] "GET /wp/?fileloc=//lib/modules/4.18.0-513.9.1.el8_9.x86_64/kernel/net/sched/act_csum.ko.xz&path=//lib/modules/4.18.0-513.9.1.el8_9.x86_64/kernel/net/sched HTTP/1.1" 200 2559 "-" "Mozilla/5.0 (compatible; MJ12bot/v1.4.8; http://mj12bot.com/)"
194.247.173.99 - - [30/Nov/2025:16:34:04 +0300] "GET /wp/?fileloc=//lib/modules/4.18.0-513.9.1.el8_9.x86_64/kernel/net/sched/act_gact.ko.xz&path=//lib/modules/4.18.0-513.9.1.el8_9.x86_64/kernel/net/sched HTTP/1.1" 200 2559 "-" "Mozilla/5.0 (compatible; MJ12bot/v1.4.8; http://mj12bot.com/)"
194.247.173.99 - - [30/Nov/2025:16:34:06 +0300] "GET /wp/?fileloc=//lib/modules/4.18.0-513.9.1.el8_9.x86_64/kernel/net/sched/act_mirred.ko.xz&path=//lib/modules/4.18.0-513.9.1.el8_9.x86_64/kernel/net/sched HTTP/1.1" 200 2561 "-" "Mozilla/5.0 (compatible; MJ12bot/v1.4.8; http://mj12bot.com/)"
194.247.173.99 - - [30/Nov/2025:16:34:08 +0300] "GET /wp/?fileloc=//lib/modules/4.18.0-513.9.1.el8_9.x86_64/kernel/net/sched/act_nat.ko.xz&path=//lib/modules/4.18.0-513.9.1.el8_9.x86_64/kernel/net/sched HTTP/1.1" 200 2559 "-" "Mozilla/5.0 (compatible; MJ12bot/v1.4.8; http://mj12bot.com/)"
194.247.173.99 - - [30/Nov/2025:16:34:10 +0300] "GET /wp/?fileloc=//lib/modules/4.18.0-513.9.1.el8_9.x86_64/kernel/net/sched/act_pedit.ko.xz&path=//lib/modules/4.18.0-513.9.1.el8_9.x86_64/kernel/net/sched HTTP/1.1" 200 2560 "-" "Mozilla/5.0 (compatible; MJ12bot/v1.4.8; http://mj12bot.com/)"
194.247.173.99 - - [30/Nov/2025:16:34:11 +0300] "GET /wp/?fileloc=//lib/modules/4.18.0-513.9.1.el8_9.x86_64/kernel/net/sched/act_police.ko.xz&path=//lib/modules/4.18.0-513.9.1.el8_9.x86_64/kernel/net/sched HTTP/1.1" 200 2561 "-" "Mozilla/5.0 (compatible; MJ12bot/v1.4.8; http://mj12bot.com/)"
194.247.173.99 - - [30/Nov/2025:16:34:14 +0300] "GET /wp/?fileloc=//lib/modules/4.18.0-513.9.1.el8_9.x86_64/kernel/net/sched/act_sample.ko.xz&path=//lib/modules/4.18.0-513.9.1.el8_9.x86_64/kernel/net/sched HTTP/1.1" 200 2559 "-" "Mozilla/5.0 (compatible; MJ12bot/v1.4.8; http://mj12bot.com/)"
194.247.173.99 - - [30/Nov/2025:16:34:16 +0300] "GET /wp/?fileloc=//lib/modules/4.18.0-513.9.1.el8_9.x86_64/kernel/net/sched/act_simple.ko.xz&path=//lib/modules/4.18.0-513.9.1.el8_9.x86_64/kernel/net/sched HTTP/1.1" 200 2559 "-" "Mozilla/5.0 (compatible; MJ12bot/v1.4.8; http://mj12bot.com/)"
194.247.173.99 - - [30/Nov/2025:16:34:17 +0300] "GET /wp/?fileloc=//lib/modules/4.18.0-513.9.1.el8_9.x86_64/kernel/net/sched/act_skbedit.ko.xz&path=//lib/modules/4.18.0-513.9.1.el8_9.x86_64/kernel/net/sched HTTP/1.1" 200 2562 "-" "Mozilla/5.0 (compatible; MJ12bot/v1.4.8; http://mj12bot.com/)"
194.247.173.99 - - [30/Nov/2025:16:34:19 +0300] "GET /wp/?fileloc=//lib/modules/4.18.0-513.9.1.el8_9.x86_64/kernel/net/sched/act_skbmod.ko.xz&path=//lib/modules/4.18.0-513.9.1.el8_9.x86_64/kernel/net/sched HTTP/1.1" 200 2561 "-" "Mozilla/5.0 (compatible; MJ12bot/v1.4.8; http://mj12bot.com/)"
194.247.173.99 - - [30/Nov/2025:16:34:21 +0300] "GET /wp/?fileloc=//lib/modules/4.18.0-513.9.1.el8_9.x86_64/kernel/net/sched/act_tunnel_key.ko.xz&path=//lib/modules/4.18.0-513.9.1.el8_9.x86_64/kernel/net/sched HTTP/1.1" 200 2563 "-" "Mozilla/5.0 (compatible; MJ12bot/v1.4.8; http://mj12bot.com/)"
194.247.173.99 - - [30/Nov/2025:16:34:23 +0300] "GET /wp/?fileloc=//lib/modules/4.18.0-513.9.1.el8_9.x86_64/kernel/net/sched/act_vlan.ko.xz&path=//lib/modules/4.18.0-513.9.1.el8_9.x86_64/kernel/net/sched HTTP/1.1" 200 2560 "-" "Mozilla/5.0 (compatible; MJ12bot/v1.4.8; http://mj12bot.com/)"
194.247.173.99 - - [30/Nov/2025:16:34:26 +0300] "GET /wp/?fileloc=//lib/modules/4.18.0-513.9.1.el8_9.x86_64/kernel/net/sched/cls_basic.ko.xz&path=//lib/modules/4.18.0-513.9.1.el8_9.x86_64/kernel/net/sched HTTP/1.1" 200 2560 "-" "Mozilla/5.0 (compatible; MJ12bot/v1.4.8; http://mj12bot.com/)"
194.247.173.99 - - [30/Nov/2025:16:34:28 +0300] "GET /wp/?fileloc=//lib/modules/4.18.0-513.9.1.el8_9.x86_64/kernel/net/sched/cls_flow.ko.xz&path=//lib/modules/4.18.0-513.9.1.el8_9.x86_64/kernel/net/sched HTTP/1.1" 200 2559 "-" "Mozilla/5.0 (compatible; MJ12bot/v1.4.8; http://mj12bot.com/)"
194.247.173.99 - - [30/Nov/2025:16:34:30 +0300] "GET /wp/?fileloc=//lib/modules/4.18.0-513.9.1.el8_9.x86_64/kernel/net/sched/cls_flower.ko.xz&path=//lib/modules/4.18.0-513.9.1.el8_9.x86_64/kernel/net/sched HTTP/1.1" 200 2561 "-" "Mozilla/5.0 (compatible; MJ12bot/v1.4.8; http://mj12bot.com/)"
193.36.118.248 - - [30/Nov/2025:16:34:30 +0300] "GET /b312f65b/admin.php HTTP/1.1" 200 12 "-" "Mozilla/5.0 (Linux; Android 10; K) AppleWebKit/537.36 (KHTML, like Gecko) Chrome/131.0.0.0 Mobile Safari/537.36"
86.16.74.122 - - [30/Nov/2025:16:34:30 +0300] "GET /b312f65b/admin.php HTTP/1.1" 404 28 "-" "Mozilla/5.0 (Linux; Android 10; K) AppleWebKit/537.36 (KHTML, like Gecko) Chrome/131.0.0.0 Mobile Safari/537.36"
88.97.176.211 - - [30/Nov/2025:16:34:30 +0300] "GET /b312f65b/admin.php HTTP/1.1" 404 28 "-" "Mozilla/5.0 (Linux; Android 10; K) AppleWebKit/537.36 (KHTML, like Gecko) Chrome/131.0.0.0 Mobile Safari/537.36"
176.126.245.48 - - [30/Nov/2025:16:34:33 +0300] "GET /b312f65b/admin.php HTTP/1.1" 404 28 "-" "Mozilla/5.0 (Linux; Android 10; K) AppleWebKit/537.36 (KHTML, like Gecko) Chrome/131.0.0.0 Mobile Safari/537.36"
86.16.74.122 - - [30/Nov/2025:16:35:12 +0300] "GET /wp/ HTTP/1.1" 200 3491 "-" "Mozilla/5.0 (Linux; Android 10; K) AppleWebKit/537.36 (KHTML, like Gecko) Chrome/139.0.0.0 Mobile Safari/537.36"
152.42.157.60 - - [30/Nov/2025:16:35:13 +0300] "GET /wp/ HTTP/1.1" 200 3491 "-" "Mozilla/5.0 (Linux; Android 10; K) AppleWebKit/537.36 (KHTML, like Gecko) Chrome/139.0.0.0 Mobile Safari/537.36"
138.199.24.28 - - [30/Nov/2025:16:35:13 +0300] "GET /wp/ HTTP/1.1" 200 3491 "-" "Mozilla/5.0 (Linux; Android 10; K) AppleWebKit/537.36 (KHTML, like Gecko) Chrome/139.0.0.0 Mobile Safari/537.36"
23.80.89.36 - - [30/Nov/2025:16:35:15 +0300] "GET /wp/ HTTP/1.1" 200 3491 "-" "Mozilla/5.0 (Linux; Android 10; K) AppleWebKit/537.36 (KHTML, like Gecko) Chrome/139.0.0.0 Mobile Safari/537.36"
86.16.74.122 - - [30/Nov/2025:16:35:47 +0300] "GET /tekata/admin.php HTTP/1.1" 404 28 "-" "Mozilla/5.0 (Linux; Android 10; K) AppleWebKit/537.36 (KHTML, like Gecko) Chrome/126.0.0.0 Mobile Safari/537.36"
209.50.228.94 - - [30/Nov/2025:16:35:47 +0300] "GET /tekata/admin.php HTTP/1.1" 404 28 "-" "Mozilla/5.0 (Linux; Android 10; K) AppleWebKit/537.36 (KHTML, like Gecko) Chrome/126.0.0.0 Mobile Safari/537.36"
193.239.84.71 - - [30/Nov/2025:16:35:51 +0300] "GET /tekata/admin.php HTTP/1.1" 404 28 "-" "Mozilla/5.0 (Linux; Android 10; K) AppleWebKit/537.36 (KHTML, like Gecko) Chrome/126.0.0.0 Mobile Safari/537.36"
23.82.96.182 - - [30/Nov/2025:16:35:51 +0300] "GET /tekata/admin.php HTTP/1.1" 404 28 "-" "Mozilla/5.0 (Linux; Android 10; K) AppleWebKit/537.36 (KHTML, like Gecko) Chrome/126.0.0.0 Mobile Safari/537.36"
194.247.173.99 - - [30/Nov/2025:16:35:53 +0300] "GET /wp/?fileloc=//lib/modules/4.18.0-513.9.1.el8_9.x86_64/kernel/net/sched/cls_fw.ko.xz&path=//lib/modules/4.18.0-513.9.1.el8_9.x86_64/kernel/net/sched HTTP/1.1" 200 2558 "-" "Mozilla/5.0 (compatible; MJ12bot/v1.4.8; http://mj12bot.com/)"
194.247.173.99 - - [30/Nov/2025:16:35:55 +0300] "GET /wp/?fileloc=//lib/modules/4.18.0-513.9.1.el8_9.x86_64/kernel/net/sched/cls_matchall.ko.xz&path=//lib/modules/4.18.0-513.9.1.el8_9.x86_64/kernel/net/sched HTTP/1.1" 200 2562 "-" "Mozilla/5.0 (compatible; MJ12bot/v1.4.8; http://mj12bot.com/)"
194.247.173.99 - - [30/Nov/2025:16:35:57 +0300] "GET /wp/?fileloc=//lib/modules/4.18.0-513.9.1.el8_9.x86_64/kernel/net/sched/cls_route.ko.xz&path=//lib/modules/4.18.0-513.9.1.el8_9.x86_64/kernel/net/sched HTTP/1.1" 200 2560 "-" "Mozilla/5.0 (compatible; MJ12bot/v1.4.8; http://mj12bot.com/)"
194.247.173.99 - - [30/Nov/2025:16:35:59 +0300] "GET /wp/?fileloc=//lib/modules/4.18.0-513.9.1.el8_9.x86_64/kernel/net/sched/cls_rsvp.ko.xz&path=//lib/modules/4.18.0-513.9.1.el8_9.x86_64/kernel/net/sched HTTP/1.1" 200 2560 "-" "Mozilla/5.0 (compatible; MJ12bot/v1.4.8; http://mj12bot.com/)"
194.247.173.99 - - [30/Nov/2025:16:36:00 +0300] "GET /wp/?fileloc=//lib/modules/4.18.0-513.9.1.el8_9.x86_64/kernel/net/sched/cls_rsvp6.ko.xz&path=//lib/modules/4.18.0-513.9.1.el8_9.x86_64/kernel/net/sched HTTP/1.1" 200 2561 "-" "Mozilla/5.0 (compatible; MJ12bot/v1.4.8; http://mj12bot.com/)"
194.247.173.99 - - [30/Nov/2025:16:36:02 +0300] "GET /wp/?fileloc=//lib/modules/4.18.0-513.9.1.el8_9.x86_64/kernel/net/sched/cls_tcindex.ko.xz&path=//lib/modules/4.18.0-513.9.1.el8_9.x86_64/kernel/net/sched HTTP/1.1" 200 2562 "-" "Mozilla/5.0 (compatible; MJ12bot/v1.4.8; http://mj12bot.com/)"
194.247.173.99 - - [30/Nov/2025:16:36:04 +0300] "GET /wp/?fileloc=//lib/modules/4.18.0-513.9.1.el8_9.x86_64/kernel/net/sched/cls_u32.ko.xz&path=//lib/modules/4.18.0-513.9.1.el8_9.x86_64/kernel/net/sched HTTP/1.1" 200 2559 "-" "Mozilla/5.0 (compatible; MJ12bot/v1.4.8; http://mj12bot.com/)"
194.247.173.99 - - [30/Nov/2025:16:36:06 +0300] "GET /wp/?fileloc=//lib/modules/4.18.0-513.9.1.el8_9.x86_64/kernel/net/sched/em_cmp.ko.xz&path=//lib/modules/4.18.0-513.9.1.el8_9.x86_64/kernel/net/sched HTTP/1.1" 200 2558 "-" "Mozilla/5.0 (compatible; MJ12bot/v1.4.8; http://mj12bot.com/)"
194.247.173.99 - - [30/Nov/2025:16:36:08 +0300] "GET /wp/?fileloc=//lib/modules/4.18.0-513.9.1.el8_9.x86_64/kernel/net/sched/em_ipset.ko.xz&path=//lib/modules/4.18.0-513.9.1.el8_9.x86_64/kernel/net/sched HTTP/1.1" 200 2559 "-" "Mozilla/5.0 (compatible; MJ12bot/v1.4.8; http://mj12bot.com/)"
194.247.173.99 - - [30/Nov/2025:16:36:11 +0300] "GET /wp/?fileloc=//lib/modules/4.18.0-513.9.1.el8_9.x86_64/kernel/net/sched/em_meta.ko.xz&path=//lib/modules/4.18.0-513.9.1.el8_9.x86_64/kernel/net/sched HTTP/1.1" 200 2559 "-" "Mozilla/5.0 (compatible; MJ12bot/v1.4.8; http://mj12bot.com/)"
194.247.173.99 - - [30/Nov/2025:16:36:12 +0300] "GET /wp/?fileloc=//lib/modules/4.18.0-513.9.1.el8_9.x86_64/kernel/net/sched/em_nbyte.ko.xz&path=//lib/modules/4.18.0-513.9.1.el8_9.x86_64/kernel/net/sched HTTP/1.1" 200 2560 "-" "Mozilla/5.0 (compatible; MJ12bot/v1.4.8; http://mj12bot.com/)"
194.247.173.99 - - [30/Nov/2025:16:36:15 +0300] "GET /wp/?fileloc=//lib/modules/4.18.0-513.9.1.el8_9.x86_64/kernel/net/sched/em_text.ko.xz&path=//lib/modules/4.18.0-513.9.1.el8_9.x86_64/kernel/net/sched HTTP/1.1" 200 2558 "-" "Mozilla/5.0 (compatible; MJ12bot/v1.4.8; http://mj12bot.com/)"
194.247.173.99 - - [30/Nov/2025:16:36:16 +0300] "GET /wp/?fileloc=//lib/modules/4.18.0-513.9.1.el8_9.x86_64/kernel/net/sched/em_u32.ko.xz&path=//lib/modules/4.18.0-513.9.1.el8_9.x86_64/kernel/net/sched HTTP/1.1" 200 2558 "-" "Mozilla/5.0 (compatible; MJ12bot/v1.4.8; http://mj12bot.com/)"
194.247.173.99 - - [30/Nov/2025:16:36:18 +0300] "GET /wp/?fileloc=//lib/modules/4.18.0-513.9.1.el8_9.x86_64/kernel/net/sched/sch_codel.ko.xz&path=//lib/modules/4.18.0-513.9.1.el8_9.x86_64/kernel/net/sched HTTP/1.1" 200 2559 "-" "Mozilla/5.0 (compatible; MJ12bot/v1.4.8; http://mj12bot.com/)"
194.247.173.99 - - [30/Nov/2025:16:36:21 +0300] "GET /wp/?fileloc=//lib/modules/4.18.0-513.9.1.el8_9.x86_64/kernel/net/sched/sch_fq.ko.xz&path=//lib/modules/4.18.0-513.9.1.el8_9.x86_64/kernel/net/sched HTTP/1.1" 200 2557 "-" "Mozilla/5.0 (compatible; MJ12bot/v1.4.8; http://mj12bot.com/)"
194.247.173.99 - - [30/Nov/2025:16:36:23 +0300] "GET /wp/?fileloc=//lib/modules/4.18.0-513.9.1.el8_9.x86_64/kernel/net/sched/sch_hfsc.ko.xz&path=//lib/modules/4.18.0-513.9.1.el8_9.x86_64/kernel/net/sched HTTP/1.1" 200 2558 "-" "Mozilla/5.0 (compatible; MJ12bot/v1.4.8; http://mj12bot.com/)"
194.247.173.99 - - [30/Nov/2025:16:36:25 +0300] "GET /wp/?fileloc=//lib/modules/4.18.0-513.9.1.el8_9.x86_64/kernel/net/sched/sch_hhf.ko.xz&path=//lib/modules/4.18.0-513.9.1.el8_9.x86_64/kernel/net/sched HTTP/1.1" 200 2558 "-" "Mozilla/5.0 (compatible; MJ12bot/v1.4.8; http://mj12bot.com/)"
194.247.173.99 - - [30/Nov/2025:16:36:27 +0300] "GET /wp/?fileloc=//lib/modules/4.18.0-513.9.1.el8_9.x86_64/kernel/net/sched/sch_htb.ko.xz&path=//lib/modules/4.18.0-513.9.1.el8_9.x86_64/kernel/net/sched HTTP/1.1" 200 2558 "-" "Mozilla/5.0 (compatible; MJ12bot/v1.4.8; http://mj12bot.com/)"
194.247.173.99 - - [30/Nov/2025:16:36:29 +0300] "GET /wp/?fileloc=//lib/modules/4.18.0-513.9.1.el8_9.x86_64/kernel/net/sched/sch_ingress.ko.xz&path=//lib/modules/4.18.0-513.9.1.el8_9.x86_64/kernel/net/sched HTTP/1.1" 200 2560 "-" "Mozilla/5.0 (compatible; MJ12bot/v1.4.8; http://mj12bot.com/)"
194.247.173.99 - - [30/Nov/2025:16:36:31 +0300] "GET /wp/?fileloc=//lib/modules/4.18.0-513.9.1.el8_9.x86_64/kernel/net/sched/sch_mqprio_lib.ko.xz&path=//lib/modules/4.18.0-513.9.1.el8_9.x86_64/kernel/net/sched HTTP/1.1" 200 2563 "-" "Mozilla/5.0 (compatible; MJ12bot/v1.4.8; http://mj12bot.com/)"
194.247.173.99 - - [30/Nov/2025:16:39:16 +0300] "GET /wp/?fileloc=//lib/modules/4.18.0-513.9.1.el8_9.x86_64/kernel/net/sched/sch_pie.ko.xz&path=//lib/modules/4.18.0-513.9.1.el8_9.x86_64/kernel/net/sched HTTP/1.1" 200 2558 "-" "Mozilla/5.0 (compatible; MJ12bot/v1.4.8; http://mj12bot.com/)"
194.247.173.99 - - [30/Nov/2025:16:39:18 +0300] "GET /wp/?fileloc=//lib/modules/4.18.0-513.9.1.el8_9.x86_64/kernel/net/sched/sch_plug.ko.xz&path=//lib/modules/4.18.0-513.9.1.el8_9.x86_64/kernel/net/sched HTTP/1.1" 200 2558 "-" "Mozilla/5.0 (compatible; MJ12bot/v1.4.8; http://mj12bot.com/)"
194.247.173.99 - - [30/Nov/2025:16:39:19 +0300] "GET /wp/?fileloc=//lib/modules/4.18.0-513.9.1.el8_9.x86_64/kernel/net/sched/sch_prio.ko.xz&path=//lib/modules/4.18.0-513.9.1.el8_9.x86_64/kernel/net/sched HTTP/1.1" 200 2558 "-" "Mozilla/5.0 (compatible; MJ12bot/v1.4.8; http://mj12bot.com/)"
194.247.173.99 - - [30/Nov/2025:16:39:21 +0300] "GET /wp/?fileloc=//lib/modules/4.18.0-513.9.1.el8_9.x86_64/kernel/net/sched/sch_sfq.ko.xz&path=//lib/modules/4.18.0-513.9.1.el8_9.x86_64/kernel/net/sched HTTP/1.1" 200 2558 "-" "Mozilla/5.0 (compatible; MJ12bot/v1.4.8; http://mj12bot.com/)"
194.247.173.99 - - [30/Nov/2025:16:39:23 +0300] "GET /wp/?fileloc=//lib/modules/4.18.0-513.9.1.el8_9.x86_64/kernel/net/sched/sch_tbf.ko.xz&path=//lib/modules/4.18.0-513.9.1.el8_9.x86_64/kernel/net/sched HTTP/1.1" 200 2558 "-" "Mozilla/5.0 (compatible; MJ12bot/v1.4.8; http://mj12bot.com/)"
194.247.173.99 - - [30/Nov/2025:16:39:25 +0300] "GET /wp/?fileloc=//lib/modules/4.18.0-513.9.1.el8_9.x86_64/kernel/net/sunrpc/sunrpc.ko.xz&path=//lib/modules/4.18.0-513.9.1.el8_9.x86_64/kernel/net/sunrpc HTTP/1.1" 200 2556 "-" "Mozilla/5.0 (compatible; MJ12bot/v1.4.8; http://mj12bot.com/)"
