170.64.241.17 - - [01/Dec/2025:00:02:49 +0300] "GET /wp-includes/ HTTP/1.1" 200 1136 "-" "Mozilla/5.0 (Linux; Android 10; K) AppleWebKit/537.36 (KHTML, like Gecko) Chrome/141.0.0.0 Mobile Safari/537.36"
34.186.171.140 - - [01/Dec/2025:00:10:14 +0300] "HEAD /wordpress/ HTTP/1.1" 404 - "-" "Mozilla/5.0 (Linux; Android 12; CPH2381) AppleWebKit/537.36 (KHTML, like Gecko) Chrome/119.0.6045.163 Mobile Safari/537.36 OPR/76.3.4027.73374"
34.186.171.140 - - [01/Dec/2025:00:10:14 +0300] "HEAD / HTTP/1.1" 200 - "-" "Mozilla/5.0 (iPhone; CPU iPhone OS 17_4 like Mac OS X) AppleWebKit/605.1.15 (KHTML, like Gecko) Version/17.4 Mobile/15E148 Safari/604.1"
34.186.171.140 - - [01/Dec/2025:00:10:14 +0300] "HEAD /blog/ HTTP/1.1" 404 - "-" "Mozilla/5.0 (Windows NT 11.0; Win64; x64; rv:126.0) Gecko/20100101 Firefox/126.0"
34.186.171.140 - - [01/Dec/2025:00:10:14 +0300] "HEAD /backup/ HTTP/1.1" 404 - "-" "Mozilla/5.0 (iPhone; CPU iPhone OS 17_2 like Mac OS X) AppleWebKit/605.1.15 (KHTML, like Gecko) CriOS/124.0.6367.56 Mobile/15E148 Safari/604.1"
34.186.171.140 - - [01/Dec/2025:00:10:14 +0300] "HEAD /new/ HTTP/1.1" 404 - "-" "Mozilla/5.0 (Linux; Android 12; CPH2381) AppleWebKit/537.36 (KHTML, like Gecko) Chrome/119.0.6045.163 Mobile Safari/537.36 OPR/76.3.4027.73374"
34.186.171.140 - - [01/Dec/2025:00:10:14 +0300] "HEAD /wp/ HTTP/1.1" 200 - "-" "Mozilla/5.0 (Windows NT 10.0; Win64; x64) AppleWebKit/537.36 (KHTML, like Gecko) Chrome/122.0.0.0 Safari/537.36 Edg/122.0.2365.66"
34.186.171.140 - - [01/Dec/2025:00:10:14 +0300] "HEAD /old/ HTTP/1.1" 404 - "-" "Mozilla/5.0 (Windows NT 10.0; Win64; x64) AppleWebKit/537.36 (KHTML, like Gecko) Chrome/121.0.6167.140 Safari/537.36 Vivaldi/6.4.3160.47"
193.239.84.71 - - [01/Dec/2025:00:13:40 +0300] "GET /tekata/admin.php HTTP/1.1" 404 28 "-" "Mozilla/5.0 (Linux; Android 10; K) AppleWebKit/537.36 (KHTML, like Gecko) Chrome/126.0.0.0 Mobile Safari/537.36"
23.82.96.182 - - [01/Dec/2025:00:13:40 +0300] "GET /tekata/admin.php HTTP/1.1" 404 28 "-" "Mozilla/5.0 (Linux; Android 10; K) AppleWebKit/537.36 (KHTML, like Gecko) Chrome/126.0.0.0 Mobile Safari/537.36"
86.16.74.122 - - [01/Dec/2025:00:13:41 +0300] "GET /tekata/admin.php HTTP/1.1" 404 28 "-" "Mozilla/5.0 (Linux; Android 10; K) AppleWebKit/537.36 (KHTML, like Gecko) Chrome/126.0.0.0 Mobile Safari/537.36"
209.50.228.94 - - [01/Dec/2025:00:13:44 +0300] "GET /tekata/admin.php HTTP/1.1" 404 28 "-" "Mozilla/5.0 (Linux; Android 10; K) AppleWebKit/537.36 (KHTML, like Gecko) Chrome/126.0.0.0 Mobile Safari/537.36"
134.199.132.123 - - [01/Dec/2025:00:17:31 +0300] "GET /404WRD/admin.php HTTP/1.1" 404 28 "-" "Mozilla/5.0 (Windows NT 10.0; Win64; x64) AppleWebKit/537.36 (KHTML, like Gecko) Chrome/142.0.0.0 Safari/537.36"
129.212.200.6 - - [01/Dec/2025:00:17:31 +0300] "GET /404WRD/admin.php HTTP/1.1" 404 28 "-" "Mozilla/5.0 (Windows NT 10.0; Win64; x64) AppleWebKit/537.36 (KHTML, like Gecko) Chrome/142.0.0.0 Safari/537.36"
86.16.74.122 - - [01/Dec/2025:00:17:31 +0300] "GET /404WRD/admin.php HTTP/1.1" 404 28 "-" "Mozilla/5.0 (Windows NT 10.0; Win64; x64) AppleWebKit/537.36 (KHTML, like Gecko) Chrome/142.0.0.0 Safari/537.36"
23.82.96.179 - - [01/Dec/2025:00:17:31 +0300] "GET /404WRD/admin.php HTTP/1.1" 404 28 "-" "Mozilla/5.0 (Windows NT 10.0; Win64; x64) AppleWebKit/537.36 (KHTML, like Gecko) Chrome/142.0.0.0 Safari/537.36"
209.50.228.91 - - [01/Dec/2025:00:18:47 +0300] "GET /wp-includes/ HTTP/1.1" 200 1136 "-" "Mozilla/5.0 (Linux; Android 10; K) AppleWebKit/537.36 (KHTML, like Gecko) Chrome/141.0.0.0 Mobile Safari/537.36"
86.16.74.122 - - [01/Dec/2025:00:18:47 +0300] "GET /wp-includes/ HTTP/1.1" 200 1136 "-" "Mozilla/5.0 (Linux; Android 10; K) AppleWebKit/537.36 (KHTML, like Gecko) Chrome/141.0.0.0 Mobile Safari/537.36"
38.165.231.86 - - [01/Dec/2025:00:18:48 +0300] "GET /wp-includes/ HTTP/1.1" 200 1136 "-" "Mozilla/5.0 (Linux; Android 10; K) AppleWebKit/537.36 (KHTML, like Gecko) Chrome/141.0.0.0 Mobile Safari/537.36"
170.64.241.17 - - [01/Dec/2025:00:18:48 +0300] "GET /wp-includes/ HTTP/1.1" 200 1136 "-" "Mozilla/5.0 (Linux; Android 10; K) AppleWebKit/537.36 (KHTML, like Gecko) Chrome/141.0.0.0 Mobile Safari/537.36"
86.16.74.122 - - [01/Dec/2025:00:25:04 +0300] "GET /wp/ HTTP/1.1" 200 3491 "-" "Mozilla/5.0 (Linux; Android 10; K) AppleWebKit/537.36 (KHTML, like Gecko) Chrome/139.0.0.0 Mobile Safari/537.36"
138.199.24.28 - - [01/Dec/2025:00:25:04 +0300] "GET /wp/ HTTP/1.1" 200 3491 "-" "Mozilla/5.0 (Linux; Android 10; K) AppleWebKit/537.36 (KHTML, like Gecko) Chrome/139.0.0.0 Mobile Safari/537.36"
23.80.89.36 - - [01/Dec/2025:00:25:04 +0300] "GET /wp/ HTTP/1.1" 200 3491 "-" "Mozilla/5.0 (Linux; Android 10; K) AppleWebKit/537.36 (KHTML, like Gecko) Chrome/139.0.0.0 Mobile Safari/537.36"
152.42.157.60 - - [01/Dec/2025:00:25:05 +0300] "GET /wp/ HTTP/1.1" 200 3491 "-" "Mozilla/5.0 (Linux; Android 10; K) AppleWebKit/537.36 (KHTML, like Gecko) Chrome/139.0.0.0 Mobile Safari/537.36"
209.50.228.94 - - [01/Dec/2025:00:27:32 +0300] "GET /tekata/admin.php HTTP/1.1" 404 28 "-" "Mozilla/5.0 (Linux; Android 10; K) AppleWebKit/537.36 (KHTML, like Gecko) Chrome/126.0.0.0 Mobile Safari/537.36"
193.239.84.71 - - [01/Dec/2025:00:27:32 +0300] "GET /tekata/admin.php HTTP/1.1" 404 28 "-" "Mozilla/5.0 (Linux; Android 10; K) AppleWebKit/537.36 (KHTML, like Gecko) Chrome/126.0.0.0 Mobile Safari/537.36"
23.82.96.182 - - [01/Dec/2025:00:27:32 +0300] "GET /tekata/admin.php HTTP/1.1" 404 28 "-" "Mozilla/5.0 (Linux; Android 10; K) AppleWebKit/537.36 (KHTML, like Gecko) Chrome/126.0.0.0 Mobile Safari/537.36"
86.16.74.122 - - [01/Dec/2025:00:27:33 +0300] "GET /tekata/admin.php HTTP/1.1" 404 28 "-" "Mozilla/5.0 (Linux; Android 10; K) AppleWebKit/537.36 (KHTML, like Gecko) Chrome/126.0.0.0 Mobile Safari/537.36"
86.16.74.122 - - [01/Dec/2025:00:28:04 +0300] "GET /b312f65b/admin.php HTTP/1.1" 404 28 "-" "Mozilla/5.0 (Linux; Android 10; K) AppleWebKit/537.36 (KHTML, like Gecko) Chrome/131.0.0.0 Mobile Safari/537.36"
193.36.118.248 - - [01/Dec/2025:00:28:04 +0300] "GET /b312f65b/admin.php HTTP/1.1" 200 12 "-" "Mozilla/5.0 (Linux; Android 10; K) AppleWebKit/537.36 (KHTML, like Gecko) Chrome/131.0.0.0 Mobile Safari/537.36"
176.126.245.48 - - [01/Dec/2025:00:28:04 +0300] "GET /b312f65b/admin.php HTTP/1.1" 404 28 "-" "Mozilla/5.0 (Linux; Android 10; K) AppleWebKit/537.36 (KHTML, like Gecko) Chrome/131.0.0.0 Mobile Safari/537.36"
88.97.176.211 - - [01/Dec/2025:00:28:04 +0300] "GET /b312f65b/admin.php HTTP/1.1" 404 28 "-" "Mozilla/5.0 (Linux; Android 10; K) AppleWebKit/537.36 (KHTML, like Gecko) Chrome/131.0.0.0 Mobile Safari/537.36"
209.50.228.91 - - [01/Dec/2025:00:32:19 +0300] "GET /wp-includes/ HTTP/1.1" 200 1136 "-" "Mozilla/5.0 (Linux; Android 10; K) AppleWebKit/537.36 (KHTML, like Gecko) Chrome/141.0.0.0 Mobile Safari/537.36"
86.16.74.122 - - [01/Dec/2025:00:32:19 +0300] "GET /wp-includes/ HTTP/1.1" 200 1136 "-" "Mozilla/5.0 (Linux; Android 10; K) AppleWebKit/537.36 (KHTML, like Gecko) Chrome/141.0.0.0 Mobile Safari/537.36"
38.165.231.86 - - [01/Dec/2025:00:32:19 +0300] "GET /wp-includes/ HTTP/1.1" 200 1136 "-" "Mozilla/5.0 (Linux; Android 10; K) AppleWebKit/537.36 (KHTML, like Gecko) Chrome/141.0.0.0 Mobile Safari/537.36"
170.64.241.17 - - [01/Dec/2025:00:32:20 +0300] "GET /wp-includes/ HTTP/1.1" 200 1136 "-" "Mozilla/5.0 (Linux; Android 10; K) AppleWebKit/537.36 (KHTML, like Gecko) Chrome/141.0.0.0 Mobile Safari/537.36"
198.44.138.111 - - [01/Dec/2025:00:34:57 +0300] "GET /wp-includes/admin.php HTTP/1.1" 404 28 "-" "Mozilla/5.0 (Linux; Android 10; K) AppleWebKit/537.36 (KHTML, like Gecko) Chrome/142.0.0.0 Mobile Safari/537.36"
86.16.74.122 - - [01/Dec/2025:00:34:57 +0300] "GET /wp-includes/admin.php HTTP/1.1" 404 28 "-" "Mozilla/5.0 (Linux; Android 10; K) AppleWebKit/537.36 (KHTML, like Gecko) Chrome/142.0.0.0 Mobile Safari/537.36"
136.60.151.248 - - [01/Dec/2025:00:34:57 +0300] "GET /wp-includes/admin.php HTTP/1.1" 404 28 "-" "Mozilla/5.0 (Linux; Android 10; K) AppleWebKit/537.36 (KHTML, like Gecko) Chrome/142.0.0.0 Mobile Safari/537.36"
104.244.210.252 - - [01/Dec/2025:00:34:57 +0300] "GET /wp-includes/admin.php HTTP/1.1" 200 12 "-" "Mozilla/5.0 (Linux; Android 10; K) AppleWebKit/537.36 (KHTML, like Gecko) Chrome/142.0.0.0 Mobile Safari/537.36"
86.16.74.122 - - [01/Dec/2025:00:42:43 +0300] "GET /tekata/admin.php HTTP/1.1" 404 28 "-" "Mozilla/5.0 (Linux; Android 10; K) AppleWebKit/537.36 (KHTML, like Gecko) Chrome/126.0.0.0 Mobile Safari/537.36"
23.82.96.182 - - [01/Dec/2025:00:42:43 +0300] "GET /tekata/admin.php HTTP/1.1" 404 28 "-" "Mozilla/5.0 (Linux; Android 10; K) AppleWebKit/537.36 (KHTML, like Gecko) Chrome/126.0.0.0 Mobile Safari/537.36"
193.239.84.71 - - [01/Dec/2025:00:42:44 +0300] "GET /tekata/admin.php HTTP/1.1" 404 28 "-" "Mozilla/5.0 (Linux; Android 10; K) AppleWebKit/537.36 (KHTML, like Gecko) Chrome/126.0.0.0 Mobile Safari/537.36"
209.50.228.94 - - [01/Dec/2025:00:42:44 +0300] "GET /tekata/admin.php HTTP/1.1" 404 28 "-" "Mozilla/5.0 (Linux; Android 10; K) AppleWebKit/537.36 (KHTML, like Gecko) Chrome/126.0.0.0 Mobile Safari/537.36"
134.199.132.123 - - [01/Dec/2025:00:46:03 +0300] "GET /404WRD/admin.php HTTP/1.1" 404 28 "-" "Mozilla/5.0 (Windows NT 10.0; Win64; x64) AppleWebKit/537.36 (KHTML, like Gecko) Chrome/142.0.0.0 Safari/537.36"
129.212.200.6 - - [01/Dec/2025:00:46:03 +0300] "GET /404WRD/admin.php HTTP/1.1" 404 28 "-" "Mozilla/5.0 (Windows NT 10.0; Win64; x64) AppleWebKit/537.36 (KHTML, like Gecko) Chrome/142.0.0.0 Safari/537.36"
23.82.96.179 - - [01/Dec/2025:00:46:03 +0300] "GET /404WRD/admin.php HTTP/1.1" 404 28 "-" "Mozilla/5.0 (Windows NT 10.0; Win64; x64) AppleWebKit/537.36 (KHTML, like Gecko) Chrome/142.0.0.0 Safari/537.36"
86.16.74.122 - - [01/Dec/2025:00:46:08 +0300] "GET /404WRD/admin.php HTTP/1.1" 404 28 "-" "Mozilla/5.0 (Windows NT 10.0; Win64; x64) AppleWebKit/537.36 (KHTML, like Gecko) Chrome/142.0.0.0 Safari/537.36"
209.50.228.91 - - [01/Dec/2025:00:47:51 +0300] "GET /wp-includes/ HTTP/1.1" 200 1136 "-" "Mozilla/5.0 (Linux; Android 10; K) AppleWebKit/537.36 (KHTML, like Gecko) Chrome/141.0.0.0 Mobile Safari/537.36"
86.16.74.122 - - [01/Dec/2025:00:47:52 +0300] "GET /wp-includes/ HTTP/1.1" 200 1136 "-" "Mozilla/5.0 (Linux; Android 10; K) AppleWebKit/537.36 (KHTML, like Gecko) Chrome/141.0.0.0 Mobile Safari/537.36"
38.165.231.86 - - [01/Dec/2025:00:47:52 +0300] "GET /wp-includes/ HTTP/1.1" 200 1136 "-" "Mozilla/5.0 (Linux; Android 10; K) AppleWebKit/537.36 (KHTML, like Gecko) Chrome/141.0.0.0 Mobile Safari/537.36"
170.64.241.17 - - [01/Dec/2025:00:47:52 +0300] "GET /wp-includes/ HTTP/1.1" 200 1136 "-" "Mozilla/5.0 (Linux; Android 10; K) AppleWebKit/537.36 (KHTML, like Gecko) Chrome/141.0.0.0 Mobile Safari/537.36"
152.42.157.60 - - [01/Dec/2025:00:52:45 +0300] "GET /wp/ HTTP/1.1" 200 3491 "-" "Mozilla/5.0 (Linux; Android 10; K) AppleWebKit/537.36 (KHTML, like Gecko) Chrome/139.0.0.0 Mobile Safari/537.36"
23.80.89.36 - - [01/Dec/2025:00:52:45 +0300] "GET /wp/ HTTP/1.1" 200 3491 "-" "Mozilla/5.0 (Linux; Android 10; K) AppleWebKit/537.36 (KHTML, like Gecko) Chrome/139.0.0.0 Mobile Safari/537.36"
138.199.24.28 - - [01/Dec/2025:00:52:45 +0300] "GET /wp/ HTTP/1.1" 200 3491 "-" "Mozilla/5.0 (Linux; Android 10; K) AppleWebKit/537.36 (KHTML, like Gecko) Chrome/139.0.0.0 Mobile Safari/537.36"
86.16.74.122 - - [01/Dec/2025:00:52:45 +0300] "GET /wp/ HTTP/1.1" 200 3491 "-" "Mozilla/5.0 (Linux; Android 10; K) AppleWebKit/537.36 (KHTML, like Gecko) Chrome/139.0.0.0 Mobile Safari/537.36"
88.97.176.211 - - [01/Dec/2025:00:57:22 +0300] "GET /b312f65b/admin.php HTTP/1.1" 404 28 "-" "Mozilla/5.0 (Linux; Android 10; K) AppleWebKit/537.36 (KHTML, like Gecko) Chrome/131.0.0.0 Mobile Safari/537.36"
193.36.118.248 - - [01/Dec/2025:00:57:22 +0300] "GET /b312f65b/admin.php HTTP/1.1" 200 12 "-" "Mozilla/5.0 (Linux; Android 10; K) AppleWebKit/537.36 (KHTML, like Gecko) Chrome/131.0.0.0 Mobile Safari/537.36"
176.126.245.48 - - [01/Dec/2025:00:57:22 +0300] "GET /b312f65b/admin.php HTTP/1.1" 404 28 "-" "Mozilla/5.0 (Linux; Android 10; K) AppleWebKit/537.36 (KHTML, like Gecko) Chrome/131.0.0.0 Mobile Safari/537.36"
86.16.74.122 - - [01/Dec/2025:00:57:22 +0300] "GET /b312f65b/admin.php HTTP/1.1" 404 28 "-" "Mozilla/5.0 (Linux; Android 10; K) AppleWebKit/537.36 (KHTML, like Gecko) Chrome/131.0.0.0 Mobile Safari/537.36"
86.16.74.122 - - [01/Dec/2025:00:57:23 +0300] "GET /tekata/admin.php HTTP/1.1" 404 28 "-" "Mozilla/5.0 (Linux; Android 10; K) AppleWebKit/537.36 (KHTML, like Gecko) Chrome/126.0.0.0 Mobile Safari/537.36"
23.82.96.182 - - [01/Dec/2025:00:57:23 +0300] "GET /tekata/admin.php HTTP/1.1" 404 28 "-" "Mozilla/5.0 (Linux; Android 10; K) AppleWebKit/537.36 (KHTML, like Gecko) Chrome/126.0.0.0 Mobile Safari/537.36"
193.239.84.71 - - [01/Dec/2025:00:57:25 +0300] "GET /tekata/admin.php HTTP/1.1" 404 28 "-" "Mozilla/5.0 (Linux; Android 10; K) AppleWebKit/537.36 (KHTML, like Gecko) Chrome/126.0.0.0 Mobile Safari/537.36"
209.50.228.94 - - [01/Dec/2025:00:57:26 +0300] "GET /tekata/admin.php HTTP/1.1" 404 28 "-" "Mozilla/5.0 (Linux; Android 10; K) AppleWebKit/537.36 (KHTML, like Gecko) Chrome/126.0.0.0 Mobile Safari/537.36"
209.50.228.91 - - [01/Dec/2025:01:03:29 +0300] "GET /wp-includes/ HTTP/1.1" 200 1136 "-" "Mozilla/5.0 (Linux; Android 10; K) AppleWebKit/537.36 (KHTML, like Gecko) Chrome/141.0.0.0 Mobile Safari/537.36"
86.16.74.122 - - [01/Dec/2025:01:03:29 +0300] "GET /wp-includes/ HTTP/1.1" 200 1136 "-" "Mozilla/5.0 (Linux; Android 10; K) AppleWebKit/537.36 (KHTML, like Gecko) Chrome/141.0.0.0 Mobile Safari/537.36"
38.165.231.86 - - [01/Dec/2025:01:03:30 +0300] "GET /wp-includes/ HTTP/1.1" 200 1136 "-" "Mozilla/5.0 (Linux; Android 10; K) AppleWebKit/537.36 (KHTML, like Gecko) Chrome/141.0.0.0 Mobile Safari/537.36"
170.64.241.17 - - [01/Dec/2025:01:03:30 +0300] "GET /wp-includes/ HTTP/1.1" 200 1136 "-" "Mozilla/5.0 (Linux; Android 10; K) AppleWebKit/537.36 (KHTML, like Gecko) Chrome/141.0.0.0 Mobile Safari/537.36"
86.16.74.122 - - [01/Dec/2025:01:06:06 +0300] "GET /wp-includes/admin.php HTTP/1.1" 404 28 "-" "Mozilla/5.0 (Linux; Android 10; K) AppleWebKit/537.36 (KHTML, like Gecko) Chrome/142.0.0.0 Mobile Safari/537.36"
198.44.138.111 - - [01/Dec/2025:01:06:06 +0300] "GET /wp-includes/admin.php HTTP/1.1" 404 28 "-" "Mozilla/5.0 (Linux; Android 10; K) AppleWebKit/537.36 (KHTML, like Gecko) Chrome/142.0.0.0 Mobile Safari/537.36"
136.60.151.248 - - [01/Dec/2025:01:06:06 +0300] "GET /wp-includes/admin.php HTTP/1.1" 404 28 "-" "Mozilla/5.0 (Linux; Android 10; K) AppleWebKit/537.36 (KHTML, like Gecko) Chrome/142.0.0.0 Mobile Safari/537.36"
104.244.210.252 - - [01/Dec/2025:01:06:06 +0300] "GET /wp-includes/admin.php HTTP/1.1" 200 12 "-" "Mozilla/5.0 (Linux; Android 10; K) AppleWebKit/537.36 (KHTML, like Gecko) Chrome/142.0.0.0 Mobile Safari/537.36"
193.239.84.71 - - [01/Dec/2025:01:13:54 +0300] "GET /tekata/admin.php HTTP/1.1" 404 28 "-" "Mozilla/5.0 (Linux; Android 10; K) AppleWebKit/537.36 (KHTML, like Gecko) Chrome/126.0.0.0 Mobile Safari/537.36"
86.16.74.122 - - [01/Dec/2025:01:13:54 +0300] "GET /tekata/admin.php HTTP/1.1" 404 28 "-" "Mozilla/5.0 (Linux; Android 10; K) AppleWebKit/537.36 (KHTML, like Gecko) Chrome/126.0.0.0 Mobile Safari/537.36"
209.50.228.94 - - [01/Dec/2025:01:13:54 +0300] "GET /tekata/admin.php HTTP/1.1" 404 28 "-" "Mozilla/5.0 (Linux; Android 10; K) AppleWebKit/537.36 (KHTML, like Gecko) Chrome/126.0.0.0 Mobile Safari/537.36"
23.82.96.182 - - [01/Dec/2025:01:13:55 +0300] "GET /tekata/admin.php HTTP/1.1" 404 28 "-" "Mozilla/5.0 (Linux; Android 10; K) AppleWebKit/537.36 (KHTML, like Gecko) Chrome/126.0.0.0 Mobile Safari/537.36"
134.199.132.123 - - [01/Dec/2025:01:17:31 +0300] "GET /404WRD/admin.php HTTP/1.1" 404 28 "-" "Mozilla/5.0 (Windows NT 10.0; Win64; x64) AppleWebKit/537.36 (KHTML, like Gecko) Chrome/142.0.0.0 Safari/537.36"
129.212.200.6 - - [01/Dec/2025:01:17:31 +0300] "GET /404WRD/admin.php HTTP/1.1" 404 28 "-" "Mozilla/5.0 (Windows NT 10.0; Win64; x64) AppleWebKit/537.36 (KHTML, like Gecko) Chrome/142.0.0.0 Safari/537.36"
86.16.74.122 - - [01/Dec/2025:01:17:31 +0300] "GET /404WRD/admin.php HTTP/1.1" 404 28 "-" "Mozilla/5.0 (Windows NT 10.0; Win64; x64) AppleWebKit/537.36 (KHTML, like Gecko) Chrome/142.0.0.0 Safari/537.36"
23.82.96.179 - - [01/Dec/2025:01:17:31 +0300] "GET /404WRD/admin.php HTTP/1.1" 404 28 "-" "Mozilla/5.0 (Windows NT 10.0; Win64; x64) AppleWebKit/537.36 (KHTML, like Gecko) Chrome/142.0.0.0 Safari/537.36"
209.50.228.91 - - [01/Dec/2025:01:17:43 +0300] "GET /wp-includes/ HTTP/1.1" 200 1136 "-" "Mozilla/5.0 (Linux; Android 10; K) AppleWebKit/537.36 (KHTML, like Gecko) Chrome/141.0.0.0 Mobile Safari/537.36"
86.16.74.122 - - [01/Dec/2025:01:17:44 +0300] "GET /wp-includes/ HTTP/1.1" 200 1136 "-" "Mozilla/5.0 (Linux; Android 10; K) AppleWebKit/537.36 (KHTML, like Gecko) Chrome/141.0.0.0 Mobile Safari/537.36"
38.165.231.86 - - [01/Dec/2025:01:17:44 +0300] "GET /wp-includes/ HTTP/1.1" 200 1136 "-" "Mozilla/5.0 (Linux; Android 10; K) AppleWebKit/537.36 (KHTML, like Gecko) Chrome/141.0.0.0 Mobile Safari/537.36"
170.64.241.17 - - [01/Dec/2025:01:17:44 +0300] "GET /wp-includes/ HTTP/1.1" 200 1136 "-" "Mozilla/5.0 (Linux; Android 10; K) AppleWebKit/537.36 (KHTML, like Gecko) Chrome/141.0.0.0 Mobile Safari/537.36"
86.16.74.122 - - [01/Dec/2025:01:25:22 +0300] "GET /wp/ HTTP/1.1" 200 3491 "-" "Mozilla/5.0 (Linux; Android 10; K) AppleWebKit/537.36 (KHTML, like Gecko) Chrome/139.0.0.0 Mobile Safari/537.36"
23.80.89.36 - - [01/Dec/2025:01:25:23 +0300] "GET /wp/ HTTP/1.1" 200 3491 "-" "Mozilla/5.0 (Linux; Android 10; K) AppleWebKit/537.36 (KHTML, like Gecko) Chrome/139.0.0.0 Mobile Safari/537.36"
152.42.157.60 - - [01/Dec/2025:01:25:23 +0300] "GET /wp/ HTTP/1.1" 200 3491 "-" "Mozilla/5.0 (Linux; Android 10; K) AppleWebKit/537.36 (KHTML, like Gecko) Chrome/139.0.0.0 Mobile Safari/537.36"
138.199.24.28 - - [01/Dec/2025:01:25:23 +0300] "GET /wp/ HTTP/1.1" 200 3491 "-" "Mozilla/5.0 (Linux; Android 10; K) AppleWebKit/537.36 (KHTML, like Gecko) Chrome/139.0.0.0 Mobile Safari/537.36"
88.97.176.211 - - [01/Dec/2025:01:26:34 +0300] "GET /b312f65b/admin.php HTTP/1.1" 404 28 "-" "Mozilla/5.0 (Linux; Android 10; K) AppleWebKit/537.36 (KHTML, like Gecko) Chrome/131.0.0.0 Mobile Safari/537.36"
86.16.74.122 - - [01/Dec/2025:01:26:34 +0300] "GET /b312f65b/admin.php HTTP/1.1" 404 28 "-" "Mozilla/5.0 (Linux; Android 10; K) AppleWebKit/537.36 (KHTML, like Gecko) Chrome/131.0.0.0 Mobile Safari/537.36"
176.126.245.48 - - [01/Dec/2025:01:26:34 +0300] "GET /b312f65b/admin.php HTTP/1.1" 404 28 "-" "Mozilla/5.0 (Linux; Android 10; K) AppleWebKit/537.36 (KHTML, like Gecko) Chrome/131.0.0.0 Mobile Safari/537.36"
193.36.118.248 - - [01/Dec/2025:01:26:34 +0300] "GET /b312f65b/admin.php HTTP/1.1" 200 12 "-" "Mozilla/5.0 (Linux; Android 10; K) AppleWebKit/537.36 (KHTML, like Gecko) Chrome/131.0.0.0 Mobile Safari/537.36"
209.50.228.94 - - [01/Dec/2025:01:30:01 +0300] "GET /tekata/admin.php HTTP/1.1" 404 28 "-" "Mozilla/5.0 (Linux; Android 10; K) AppleWebKit/537.36 (KHTML, like Gecko) Chrome/126.0.0.0 Mobile Safari/537.36"
193.239.84.71 - - [01/Dec/2025:01:30:01 +0300] "GET /tekata/admin.php HTTP/1.1" 404 28 "-" "Mozilla/5.0 (Linux; Android 10; K) AppleWebKit/537.36 (KHTML, like Gecko) Chrome/126.0.0.0 Mobile Safari/537.36"
86.16.74.122 - - [01/Dec/2025:01:30:02 +0300] "GET /tekata/admin.php HTTP/1.1" 404 28 "-" "Mozilla/5.0 (Linux; Android 10; K) AppleWebKit/537.36 (KHTML, like Gecko) Chrome/126.0.0.0 Mobile Safari/537.36"
23.82.96.182 - - [01/Dec/2025:01:30:03 +0300] "GET /tekata/admin.php HTTP/1.1" 404 28 "-" "Mozilla/5.0 (Linux; Android 10; K) AppleWebKit/537.36 (KHTML, like Gecko) Chrome/126.0.0.0 Mobile Safari/537.36"
209.50.228.91 - - [01/Dec/2025:01:32:05 +0300] "GET /wp-includes/ HTTP/1.1" 200 1136 "-" "Mozilla/5.0 (Linux; Android 10; K) AppleWebKit/537.36 (KHTML, like Gecko) Chrome/141.0.0.0 Mobile Safari/537.36"
86.16.74.122 - - [01/Dec/2025:01:32:05 +0300] "GET /wp-includes/ HTTP/1.1" 200 1136 "-" "Mozilla/5.0 (Linux; Android 10; K) AppleWebKit/537.36 (KHTML, like Gecko) Chrome/141.0.0.0 Mobile Safari/537.36"
38.165.231.86 - - [01/Dec/2025:01:32:05 +0300] "GET /wp-includes/ HTTP/1.1" 200 1136 "-" "Mozilla/5.0 (Linux; Android 10; K) AppleWebKit/537.36 (KHTML, like Gecko) Chrome/141.0.0.0 Mobile Safari/537.36"
170.64.241.17 - - [01/Dec/2025:01:32:06 +0300] "GET /wp-includes/ HTTP/1.1" 200 1136 "-" "Mozilla/5.0 (Linux; Android 10; K) AppleWebKit/537.36 (KHTML, like Gecko) Chrome/141.0.0.0 Mobile Safari/537.36"
198.44.138.111 - - [01/Dec/2025:01:36:07 +0300] "GET /wp-includes/admin.php HTTP/1.1" 404 28 "-" "Mozilla/5.0 (Linux; Android 10; K) AppleWebKit/537.36 (KHTML, like Gecko) Chrome/142.0.0.0 Mobile Safari/537.36"
86.16.74.122 - - [01/Dec/2025:01:36:07 +0300] "GET /wp-includes/admin.php HTTP/1.1" 404 28 "-" "Mozilla/5.0 (Linux; Android 10; K) AppleWebKit/537.36 (KHTML, like Gecko) Chrome/142.0.0.0 Mobile Safari/537.36"
104.244.210.252 - - [01/Dec/2025:01:36:07 +0300] "GET /wp-includes/admin.php HTTP/1.1" 200 12 "-" "Mozilla/5.0 (Linux; Android 10; K) AppleWebKit/537.36 (KHTML, like Gecko) Chrome/142.0.0.0 Mobile Safari/537.36"
136.60.151.248 - - [01/Dec/2025:01:36:08 +0300] "GET /wp-includes/admin.php HTTP/1.1" 404 28 "-" "Mozilla/5.0 (Linux; Android 10; K) AppleWebKit/537.36 (KHTML, like Gecko) Chrome/142.0.0.0 Mobile Safari/537.36"
134.199.132.123 - - [01/Dec/2025:01:44:43 +0300] "GET /404WRD/admin.php HTTP/1.1" 404 28 "-" "Mozilla/5.0 (Windows NT 10.0; Win64; x64) AppleWebKit/537.36 (KHTML, like Gecko) Chrome/142.0.0.0 Safari/537.36"
129.212.200.6 - - [01/Dec/2025:01:44:43 +0300] "GET /404WRD/admin.php HTTP/1.1" 404 28 "-" "Mozilla/5.0 (Windows NT 10.0; Win64; x64) AppleWebKit/537.36 (KHTML, like Gecko) Chrome/142.0.0.0 Safari/537.36"
23.82.96.179 - - [01/Dec/2025:01:44:43 +0300] "GET /404WRD/admin.php HTTP/1.1" 404 28 "-" "Mozilla/5.0 (Windows NT 10.0; Win64; x64) AppleWebKit/537.36 (KHTML, like Gecko) Chrome/142.0.0.0 Safari/537.36"
86.16.74.122 - - [01/Dec/2025:01:44:44 +0300] "GET /404WRD/admin.php HTTP/1.1" 404 28 "-" "Mozilla/5.0 (Windows NT 10.0; Win64; x64) AppleWebKit/537.36 (KHTML, like Gecko) Chrome/142.0.0.0 Safari/537.36"
193.239.84.71 - - [01/Dec/2025:01:46:07 +0300] "GET /tekata/admin.php HTTP/1.1" 404 28 "-" "Mozilla/5.0 (Linux; Android 10; K) AppleWebKit/537.36 (KHTML, like Gecko) Chrome/126.0.0.0 Mobile Safari/537.36"
23.82.96.182 - - [01/Dec/2025:01:46:09 +0300] "GET /tekata/admin.php HTTP/1.1" 404 28 "-" "Mozilla/5.0 (Linux; Android 10; K) AppleWebKit/537.36 (KHTML, like Gecko) Chrome/126.0.0.0 Mobile Safari/537.36"
86.16.74.122 - - [01/Dec/2025:01:46:09 +0300] "GET /tekata/admin.php HTTP/1.1" 404 28 "-" "Mozilla/5.0 (Linux; Android 10; K) AppleWebKit/537.36 (KHTML, like Gecko) Chrome/126.0.0.0 Mobile Safari/537.36"
209.50.228.94 - - [01/Dec/2025:01:46:11 +0300] "GET /tekata/admin.php HTTP/1.1" 404 28 "-" "Mozilla/5.0 (Linux; Android 10; K) AppleWebKit/537.36 (KHTML, like Gecko) Chrome/126.0.0.0 Mobile Safari/537.36"
209.50.228.91 - - [01/Dec/2025:01:48:29 +0300] "GET /wp-includes/ HTTP/1.1" 200 1136 "-" "Mozilla/5.0 (Linux; Android 10; K) AppleWebKit/537.36 (KHTML, like Gecko) Chrome/141.0.0.0 Mobile Safari/537.36"
86.16.74.122 - - [01/Dec/2025:01:48:29 +0300] "GET /wp-includes/ HTTP/1.1" 200 1136 "-" "Mozilla/5.0 (Linux; Android 10; K) AppleWebKit/537.36 (KHTML, like Gecko) Chrome/141.0.0.0 Mobile Safari/537.36"
38.165.231.86 - - [01/Dec/2025:01:48:29 +0300] "GET /wp-includes/ HTTP/1.1" 200 1136 "-" "Mozilla/5.0 (Linux; Android 10; K) AppleWebKit/537.36 (KHTML, like Gecko) Chrome/141.0.0.0 Mobile Safari/537.36"
170.64.241.17 - - [01/Dec/2025:01:48:30 +0300] "GET /wp-includes/ HTTP/1.1" 200 1136 "-" "Mozilla/5.0 (Linux; Android 10; K) AppleWebKit/537.36 (KHTML, like Gecko) Chrome/141.0.0.0 Mobile Safari/537.36"
114.119.157.36 - - [01/Dec/2025:01:52:03 +0300] "GET /wp/?fileloc=/home/bashacomputer/public_html/wp/f35.php&path=/home/bashacomputer/public_html/wp HTTP/1.1" 200 2511 "http://bashacomputer.com/wp/" "Mozilla/5.0 (Linux; Android 7.0;) AppleWebKit/537.36 (KHTML, like Gecko) Mobile Safari/537.36 (compatible; PetalBot;+https://webmaster.petalsearch.com/site/petalbot)"
114.119.157.36 - - [01/Dec/2025:01:53:33 +0300] "GET /wp/?fileloc=/home/bashacomputer/public_html/wp/.htaccess&path=/home/bashacomputer/public_html/wp HTTP/1.1" 200 2764 "http://bashacomputer.com/wp/" "Mozilla/5.0 (Linux; Android 7.0;) AppleWebKit/537.36 (KHTML, like Gecko) Mobile Safari/537.36 (compatible; PetalBot;+https://webmaster.petalsearch.com/site/petalbot)"
114.119.149.92 - - [01/Dec/2025:01:55:05 +0300] "GET /wp-content/blocks/?C=D%3BO%3DA HTTP/1.1" 200 811 "http://bashacomputer.com/wp-content/blocks/" "Mozilla/5.0 (Linux; Android 7.0;) AppleWebKit/537.36 (KHTML, like Gecko) Mobile Safari/537.36 (compatible; PetalBot;+https://webmaster.petalsearch.com/site/petalbot)"
86.16.74.122 - - [01/Dec/2025:01:55:48 +0300] "GET /wp/ HTTP/1.1" 200 3491 "-" "Mozilla/5.0 (Linux; Android 10; K) AppleWebKit/537.36 (KHTML, like Gecko) Chrome/139.0.0.0 Mobile Safari/537.36"
138.199.24.28 - - [01/Dec/2025:01:55:49 +0300] "GET /wp/ HTTP/1.1" 200 3491 "-" "Mozilla/5.0 (Linux; Android 10; K) AppleWebKit/537.36 (KHTML, like Gecko) Chrome/139.0.0.0 Mobile Safari/537.36"
23.80.89.36 - - [01/Dec/2025:01:55:49 +0300] "GET /wp/ HTTP/1.1" 200 3491 "-" "Mozilla/5.0 (Linux; Android 10; K) AppleWebKit/537.36 (KHTML, like Gecko) Chrome/139.0.0.0 Mobile Safari/537.36"
152.42.157.60 - - [01/Dec/2025:01:55:50 +0300] "GET /wp/ HTTP/1.1" 200 3491 "-" "Mozilla/5.0 (Linux; Android 10; K) AppleWebKit/537.36 (KHTML, like Gecko) Chrome/139.0.0.0 Mobile Safari/537.36"
176.126.245.48 - - [01/Dec/2025:01:56:24 +0300] "GET /b312f65b/admin.php HTTP/1.1" 404 28 "-" "Mozilla/5.0 (Linux; Android 10; K) AppleWebKit/537.36 (KHTML, like Gecko) Chrome/131.0.0.0 Mobile Safari/537.36"
88.97.176.211 - - [01/Dec/2025:01:56:25 +0300] "GET /b312f65b/admin.php HTTP/1.1" 404 28 "-" "Mozilla/5.0 (Linux; Android 10; K) AppleWebKit/537.36 (KHTML, like Gecko) Chrome/131.0.0.0 Mobile Safari/537.36"
193.36.118.248 - - [01/Dec/2025:01:56:25 +0300] "GET /b312f65b/admin.php HTTP/1.1" 200 12 "-" "Mozilla/5.0 (Linux; Android 10; K) AppleWebKit/537.36 (KHTML, like Gecko) Chrome/131.0.0.0 Mobile Safari/537.36"
86.16.74.122 - - [01/Dec/2025:01:56:26 +0300] "GET /b312f65b/admin.php HTTP/1.1" 404 28 "-" "Mozilla/5.0 (Linux; Android 10; K) AppleWebKit/537.36 (KHTML, like Gecko) Chrome/131.0.0.0 Mobile Safari/537.36"
114.119.137.238 - - [01/Dec/2025:01:56:37 +0300] "GET /iljawa/ HTTP/1.1" 200 1662 "http://bashacomputer.com/?C=M%3BO%3DA" "Mozilla/5.0 (Linux; Android 7.0;) AppleWebKit/537.36 (KHTML, like Gecko) Mobile Safari/537.36 (compatible; PetalBot;+https://webmaster.petalsearch.com/site/petalbot)"
114.119.137.238 - - [01/Dec/2025:01:58:07 +0300] "GET /b312f65b/?C=M%3BO%3DA HTTP/1.1" 200 960 "http://bashacomputer.com/b312f65b/" "Mozilla/5.0 (Linux; Android 7.0;) AppleWebKit/537.36 (KHTML, like Gecko) Mobile Safari/537.36 (compatible; PetalBot;+https://webmaster.petalsearch.com/site/petalbot)"
43.157.153.236 - - [01/Dec/2025:01:59:52 +0300] "GET / HTTP/1.1" 200 3115 "-" "Mozilla/5.0 (iPhone; CPU iPhone OS 13_2_3 like Mac OS X) AppleWebKit/605.1.15 (KHTML, like Gecko) Version/13.0.3 Mobile/15E148 Safari/604.1"
209.50.228.94 - - [01/Dec/2025:02:00:47 +0300] "GET /tekata/admin.php HTTP/1.1" 404 28 "-" "Mozilla/5.0 (Linux; Android 10; K) AppleWebKit/537.36 (KHTML, like Gecko) Chrome/126.0.0.0 Mobile Safari/537.36"
86.16.74.122 - - [01/Dec/2025:02:00:47 +0300] "GET /tekata/admin.php HTTP/1.1" 404 28 "-" "Mozilla/5.0 (Linux; Android 10; K) AppleWebKit/537.36 (KHTML, like Gecko) Chrome/126.0.0.0 Mobile Safari/537.36"
193.239.84.71 - - [01/Dec/2025:02:00:47 +0300] "GET /tekata/admin.php HTTP/1.1" 404 28 "-" "Mozilla/5.0 (Linux; Android 10; K) AppleWebKit/537.36 (KHTML, like Gecko) Chrome/126.0.0.0 Mobile Safari/537.36"
23.82.96.182 - - [01/Dec/2025:02:00:47 +0300] "GET /tekata/admin.php HTTP/1.1" 404 28 "-" "Mozilla/5.0 (Linux; Android 10; K) AppleWebKit/537.36 (KHTML, like Gecko) Chrome/126.0.0.0 Mobile Safari/537.36"
209.50.228.91 - - [01/Dec/2025:02:02:22 +0300] "GET /wp-includes/ HTTP/1.1" 200 1136 "-" "Mozilla/5.0 (Linux; Android 10; K) AppleWebKit/537.36 (KHTML, like Gecko) Chrome/141.0.0.0 Mobile Safari/537.36"
86.16.74.122 - - [01/Dec/2025:02:02:22 +0300] "GET /wp-includes/ HTTP/1.1" 200 1136 "-" "Mozilla/5.0 (Linux; Android 10; K) AppleWebKit/537.36 (KHTML, like Gecko) Chrome/141.0.0.0 Mobile Safari/537.36"
38.165.231.86 - - [01/Dec/2025:02:02:22 +0300] "GET /wp-includes/ HTTP/1.1" 200 1136 "-" "Mozilla/5.0 (Linux; Android 10; K) AppleWebKit/537.36 (KHTML, like Gecko) Chrome/141.0.0.0 Mobile Safari/537.36"
170.64.241.17 - - [01/Dec/2025:02:02:22 +0300] "GET /wp-includes/ HTTP/1.1" 200 1136 "-" "Mozilla/5.0 (Linux; Android 10; K) AppleWebKit/537.36 (KHTML, like Gecko) Chrome/141.0.0.0 Mobile Safari/537.36"
86.16.74.122 - - [01/Dec/2025:02:05:34 +0300] "GET /wp-includes/admin.php HTTP/1.1" 404 28 "-" "Mozilla/5.0 (Linux; Android 10; K) AppleWebKit/537.36 (KHTML, like Gecko) Chrome/142.0.0.0 Mobile Safari/537.36"
198.44.138.111 - - [01/Dec/2025:02:05:34 +0300] "GET /wp-includes/admin.php HTTP/1.1" 404 28 "-" "Mozilla/5.0 (Linux; Android 10; K) AppleWebKit/537.36 (KHTML, like Gecko) Chrome/142.0.0.0 Mobile Safari/537.36"
104.244.210.252 - - [01/Dec/2025:02:05:34 +0300] "GET /wp-includes/admin.php HTTP/1.1" 200 12 "-" "Mozilla/5.0 (Linux; Android 10; K) AppleWebKit/537.36 (KHTML, like Gecko) Chrome/142.0.0.0 Mobile Safari/537.36"
136.60.151.248 - - [01/Dec/2025:02:05:34 +0300] "GET /wp-includes/admin.php HTTP/1.1" 404 28 "-" "Mozilla/5.0 (Linux; Android 10; K) AppleWebKit/537.36 (KHTML, like Gecko) Chrome/142.0.0.0 Mobile Safari/537.36"
193.239.84.71 - - [01/Dec/2025:02:14:44 +0300] "GET /tekata/admin.php HTTP/1.1" 404 28 "-" "Mozilla/5.0 (Linux; Android 10; K) AppleWebKit/537.36 (KHTML, like Gecko) Chrome/126.0.0.0 Mobile Safari/537.36"
86.16.74.122 - - [01/Dec/2025:02:14:44 +0300] "GET /tekata/admin.php HTTP/1.1" 404 28 "-" "Mozilla/5.0 (Linux; Android 10; K) AppleWebKit/537.36 (KHTML, like Gecko) Chrome/126.0.0.0 Mobile Safari/537.36"
23.82.96.182 - - [01/Dec/2025:02:14:44 +0300] "GET /tekata/admin.php HTTP/1.1" 404 28 "-" "Mozilla/5.0 (Linux; Android 10; K) AppleWebKit/537.36 (KHTML, like Gecko) Chrome/126.0.0.0 Mobile Safari/537.36"
209.50.228.94 - - [01/Dec/2025:02:14:48 +0300] "GET /tekata/admin.php HTTP/1.1" 404 28 "-" "Mozilla/5.0 (Linux; Android 10; K) AppleWebKit/537.36 (KHTML, like Gecko) Chrome/126.0.0.0 Mobile Safari/537.36"
134.199.132.123 - - [01/Dec/2025:02:15:46 +0300] "GET /404WRD/admin.php HTTP/1.1" 404 28 "-" "Mozilla/5.0 (Windows NT 10.0; Win64; x64) AppleWebKit/537.36 (KHTML, like Gecko) Chrome/142.0.0.0 Safari/537.36"
86.16.74.122 - - [01/Dec/2025:02:15:46 +0300] "GET /404WRD/admin.php HTTP/1.1" 404 28 "-" "Mozilla/5.0 (Windows NT 10.0; Win64; x64) AppleWebKit/537.36 (KHTML, like Gecko) Chrome/142.0.0.0 Safari/537.36"
129.212.200.6 - - [01/Dec/2025:02:15:46 +0300] "GET /404WRD/admin.php HTTP/1.1" 404 28 "-" "Mozilla/5.0 (Windows NT 10.0; Win64; x64) AppleWebKit/537.36 (KHTML, like Gecko) Chrome/142.0.0.0 Safari/537.36"
23.82.96.179 - - [01/Dec/2025:02:15:46 +0300] "GET /404WRD/admin.php HTTP/1.1" 404 28 "-" "Mozilla/5.0 (Windows NT 10.0; Win64; x64) AppleWebKit/537.36 (KHTML, like Gecko) Chrome/142.0.0.0 Safari/537.36"
209.50.228.91 - - [01/Dec/2025:02:16:07 +0300] "GET /wp-includes/ HTTP/1.1" 200 1136 "-" "Mozilla/5.0 (Linux; Android 10; K) AppleWebKit/537.36 (KHTML, like Gecko) Chrome/141.0.0.0 Mobile Safari/537.36"
86.16.74.122 - - [01/Dec/2025:02:16:07 +0300] "GET /wp-includes/ HTTP/1.1" 200 1136 "-" "Mozilla/5.0 (Linux; Android 10; K) AppleWebKit/537.36 (KHTML, like Gecko) Chrome/141.0.0.0 Mobile Safari/537.36"
38.165.231.86 - - [01/Dec/2025:02:16:07 +0300] "GET /wp-includes/ HTTP/1.1" 200 1136 "-" "Mozilla/5.0 (Linux; Android 10; K) AppleWebKit/537.36 (KHTML, like Gecko) Chrome/141.0.0.0 Mobile Safari/537.36"
170.64.241.17 - - [01/Dec/2025:02:16:07 +0300] "GET /wp-includes/ HTTP/1.1" 200 1136 "-" "Mozilla/5.0 (Linux; Android 10; K) AppleWebKit/537.36 (KHTML, like Gecko) Chrome/141.0.0.0 Mobile Safari/537.36"
23.80.89.36 - - [01/Dec/2025:02:26:26 +0300] "GET /wp/ HTTP/1.1" 200 3491 "-" "Mozilla/5.0 (Linux; Android 10; K) AppleWebKit/537.36 (KHTML, like Gecko) Chrome/139.0.0.0 Mobile Safari/537.36"
86.16.74.122 - - [01/Dec/2025:02:26:26 +0300] "GET /wp/ HTTP/1.1" 200 3491 "-" "Mozilla/5.0 (Linux; Android 10; K) AppleWebKit/537.36 (KHTML, like Gecko) Chrome/139.0.0.0 Mobile Safari/537.36"
152.42.157.60 - - [01/Dec/2025:02:26:26 +0300] "GET /wp/ HTTP/1.1" 200 3491 "-" "Mozilla/5.0 (Linux; Android 10; K) AppleWebKit/537.36 (KHTML, like Gecko) Chrome/139.0.0.0 Mobile Safari/537.36"
138.199.24.28 - - [01/Dec/2025:02:26:27 +0300] "GET /wp/ HTTP/1.1" 200 3491 "-" "Mozilla/5.0 (Linux; Android 10; K) AppleWebKit/537.36 (KHTML, like Gecko) Chrome/139.0.0.0 Mobile Safari/537.36"
86.16.74.122 - - [01/Dec/2025:02:28:18 +0300] "GET /tekata/admin.php HTTP/1.1" 404 28 "-" "Mozilla/5.0 (Linux; Android 10; K) AppleWebKit/537.36 (KHTML, like Gecko) Chrome/126.0.0.0 Mobile Safari/537.36"
209.50.228.94 - - [01/Dec/2025:02:28:18 +0300] "GET /tekata/admin.php HTTP/1.1" 404 28 "-" "Mozilla/5.0 (Linux; Android 10; K) AppleWebKit/537.36 (KHTML, like Gecko) Chrome/126.0.0.0 Mobile Safari/537.36"
193.239.84.71 - - [01/Dec/2025:02:28:18 +0300] "GET /tekata/admin.php HTTP/1.1" 404 28 "-" "Mozilla/5.0 (Linux; Android 10; K) AppleWebKit/537.36 (KHTML, like Gecko) Chrome/126.0.0.0 Mobile Safari/537.36"
23.82.96.182 - - [01/Dec/2025:02:28:18 +0300] "GET /tekata/admin.php HTTP/1.1" 404 28 "-" "Mozilla/5.0 (Linux; Android 10; K) AppleWebKit/537.36 (KHTML, like Gecko) Chrome/126.0.0.0 Mobile Safari/537.36"
176.126.245.48 - - [01/Dec/2025:02:29:14 +0300] "GET /b312f65b/admin.php HTTP/1.1" 404 28 "-" "Mozilla/5.0 (Linux; Android 10; K) AppleWebKit/537.36 (KHTML, like Gecko) Chrome/131.0.0.0 Mobile Safari/537.36"
193.36.118.248 - - [01/Dec/2025:02:29:14 +0300] "GET /b312f65b/admin.php HTTP/1.1" 200 12 "-" "Mozilla/5.0 (Linux; Android 10; K) AppleWebKit/537.36 (KHTML, like Gecko) Chrome/131.0.0.0 Mobile Safari/537.36"
86.16.74.122 - - [01/Dec/2025:02:29:14 +0300] "GET /b312f65b/admin.php HTTP/1.1" 404 28 "-" "Mozilla/5.0 (Linux; Android 10; K) AppleWebKit/537.36 (KHTML, like Gecko) Chrome/131.0.0.0 Mobile Safari/537.36"
88.97.176.211 - - [01/Dec/2025:02:29:14 +0300] "GET /b312f65b/admin.php HTTP/1.1" 404 28 "-" "Mozilla/5.0 (Linux; Android 10; K) AppleWebKit/537.36 (KHTML, like Gecko) Chrome/131.0.0.0 Mobile Safari/537.36"
209.50.228.91 - - [01/Dec/2025:02:29:41 +0300] "GET /wp-includes/ HTTP/1.1" 200 1136 "-" "Mozilla/5.0 (Linux; Android 10; K) AppleWebKit/537.36 (KHTML, like Gecko) Chrome/141.0.0.0 Mobile Safari/537.36"
86.16.74.122 - - [01/Dec/2025:02:29:41 +0300] "GET /wp-includes/ HTTP/1.1" 200 1136 "-" "Mozilla/5.0 (Linux; Android 10; K) AppleWebKit/537.36 (KHTML, like Gecko) Chrome/141.0.0.0 Mobile Safari/537.36"
38.165.231.86 - - [01/Dec/2025:02:29:41 +0300] "GET /wp-includes/ HTTP/1.1" 200 1136 "-" "Mozilla/5.0 (Linux; Android 10; K) AppleWebKit/537.36 (KHTML, like Gecko) Chrome/141.0.0.0 Mobile Safari/537.36"
170.64.241.17 - - [01/Dec/2025:02:29:42 +0300] "GET /wp-includes/ HTTP/1.1" 200 1136 "-" "Mozilla/5.0 (Linux; Android 10; K) AppleWebKit/537.36 (KHTML, like Gecko) Chrome/141.0.0.0 Mobile Safari/537.36"
86.16.74.122 - - [01/Dec/2025:02:35:50 +0300] "GET /wp-includes/admin.php HTTP/1.1" 404 28 "-" "Mozilla/5.0 (Linux; Android 10; K) AppleWebKit/537.36 (KHTML, like Gecko) Chrome/142.0.0.0 Mobile Safari/537.36"
198.44.138.111 - - [01/Dec/2025:02:35:50 +0300] "GET /wp-includes/admin.php HTTP/1.1" 404 28 "-" "Mozilla/5.0 (Linux; Android 10; K) AppleWebKit/537.36 (KHTML, like Gecko) Chrome/142.0.0.0 Mobile Safari/537.36"
104.244.210.252 - - [01/Dec/2025:02:35:50 +0300] "GET /wp-includes/admin.php HTTP/1.1" 200 12 "-" "Mozilla/5.0 (Linux; Android 10; K) AppleWebKit/537.36 (KHTML, like Gecko) Chrome/142.0.0.0 Mobile Safari/537.36"
136.60.151.248 - - [01/Dec/2025:02:35:50 +0300] "GET /wp-includes/admin.php HTTP/1.1" 404 28 "-" "Mozilla/5.0 (Linux; Android 10; K) AppleWebKit/537.36 (KHTML, like Gecko) Chrome/142.0.0.0 Mobile Safari/537.36"
193.239.84.71 - - [01/Dec/2025:02:42:21 +0300] "GET /tekata/admin.php HTTP/1.1" 404 28 "-" "Mozilla/5.0 (Linux; Android 10; K) AppleWebKit/537.36 (KHTML, like Gecko) Chrome/126.0.0.0 Mobile Safari/537.36"
86.16.74.122 - - [01/Dec/2025:02:42:22 +0300] "GET /tekata/admin.php HTTP/1.1" 404 28 "-" "Mozilla/5.0 (Linux; Android 10; K) AppleWebKit/537.36 (KHTML, like Gecko) Chrome/126.0.0.0 Mobile Safari/537.36"
23.82.96.182 - - [01/Dec/2025:02:42:22 +0300] "GET /tekata/admin.php HTTP/1.1" 404 28 "-" "Mozilla/5.0 (Linux; Android 10; K) AppleWebKit/537.36 (KHTML, like Gecko) Chrome/126.0.0.0 Mobile Safari/537.36"
209.50.228.94 - - [01/Dec/2025:02:42:25 +0300] "GET /tekata/admin.php HTTP/1.1" 404 28 "-" "Mozilla/5.0 (Linux; Android 10; K) AppleWebKit/537.36 (KHTML, like Gecko) Chrome/126.0.0.0 Mobile Safari/537.36"
209.50.228.91 - - [01/Dec/2025:02:43:13 +0300] "GET /wp-includes/ HTTP/1.1" 200 1136 "-" "Mozilla/5.0 (Linux; Android 10; K) AppleWebKit/537.36 (KHTML, like Gecko) Chrome/141.0.0.0 Mobile Safari/537.36"
86.16.74.122 - - [01/Dec/2025:02:43:13 +0300] "GET /wp-includes/ HTTP/1.1" 200 1136 "-" "Mozilla/5.0 (Linux; Android 10; K) AppleWebKit/537.36 (KHTML, like Gecko) Chrome/141.0.0.0 Mobile Safari/537.36"
38.165.231.86 - - [01/Dec/2025:02:43:13 +0300] "GET /wp-includes/ HTTP/1.1" 200 1136 "-" "Mozilla/5.0 (Linux; Android 10; K) AppleWebKit/537.36 (KHTML, like Gecko) Chrome/141.0.0.0 Mobile Safari/537.36"
170.64.241.17 - - [01/Dec/2025:02:43:13 +0300] "GET /wp-includes/ HTTP/1.1" 200 1136 "-" "Mozilla/5.0 (Linux; Android 10; K) AppleWebKit/537.36 (KHTML, like Gecko) Chrome/141.0.0.0 Mobile Safari/537.36"
134.199.132.123 - - [01/Dec/2025:02:44:14 +0300] "GET /404WRD/admin.php HTTP/1.1" 404 28 "-" "Mozilla/5.0 (Windows NT 10.0; Win64; x64) AppleWebKit/537.36 (KHTML, like Gecko) Chrome/142.0.0.0 Safari/537.36"
86.16.74.122 - - [01/Dec/2025:02:44:14 +0300] "GET /404WRD/admin.php HTTP/1.1" 404 28 "-" "Mozilla/5.0 (Windows NT 10.0; Win64; x64) AppleWebKit/537.36 (KHTML, like Gecko) Chrome/142.0.0.0 Safari/537.36"
23.82.96.179 - - [01/Dec/2025:02:44:14 +0300] "GET /404WRD/admin.php HTTP/1.1" 404 28 "-" "Mozilla/5.0 (Windows NT 10.0; Win64; x64) AppleWebKit/537.36 (KHTML, like Gecko) Chrome/142.0.0.0 Safari/537.36"
129.212.200.6 - - [01/Dec/2025:02:44:14 +0300] "GET /404WRD/admin.php HTTP/1.1" 404 28 "-" "Mozilla/5.0 (Windows NT 10.0; Win64; x64) AppleWebKit/537.36 (KHTML, like Gecko) Chrome/142.0.0.0 Safari/537.36"
138.199.35.5 - - [01/Dec/2025:02:50:34 +0300] "GET / HTTP/1.1" 200 3115 "-" "Mozilla/5.0 (Windows NT 10.0; Win64; x64) AppleWebKit/537.36 (KHTML, like Gecko) Chrome/78.0.3904.108 Safari/537.36"
138.199.35.5 - - [01/Dec/2025:02:50:34 +0300] "GET / HTTP/1.1" 200 3115 "-" "Mozilla/5.0 (Windows NT 10.0; Win64; x64) AppleWebKit/537.36 (KHTML, like Gecko) Chrome/78.0.3904.108 Safari/537.36"
138.199.35.5 - - [01/Dec/2025:02:50:34 +0300] "GET /wp-includes/wlwmanifest.xml HTTP/1.1" 404 16 "-" "Mozilla/5.0 (Windows NT 10.0; Win64; x64) AppleWebKit/537.36 (KHTML, like Gecko) Chrome/78.0.3904.108 Safari/537.36"
138.199.35.5 - - [01/Dec/2025:02:50:34 +0300] "GET /xmlrpc.php?rsd HTTP/1.1" 404 16 "-" "Mozilla/5.0 (Windows NT 10.0; Win64; x64) AppleWebKit/537.36 (KHTML, like Gecko) Chrome/78.0.3904.108 Safari/537.36"
138.199.35.5 - - [01/Dec/2025:02:50:35 +0300] "GET / HTTP/1.1" 200 3115 "-" "Mozilla/5.0 (Windows NT 10.0; Win64; x64) AppleWebKit/537.36 (KHTML, like Gecko) Chrome/78.0.3904.108 Safari/537.36"
138.199.35.5 - - [01/Dec/2025:02:50:35 +0300] "GET /blog/wp-includes/wlwmanifest.xml HTTP/1.1" 404 16 "-" "Mozilla/5.0 (Windows NT 10.0; Win64; x64) AppleWebKit/537.36 (KHTML, like Gecko) Chrome/78.0.3904.108 Safari/537.36"
138.199.35.5 - - [01/Dec/2025:02:50:35 +0300] "GET /web/wp-includes/wlwmanifest.xml HTTP/1.1" 404 16 "-" "Mozilla/5.0 (Windows NT 10.0; Win64; x64) AppleWebKit/537.36 (KHTML, like Gecko) Chrome/78.0.3904.108 Safari/537.36"
138.199.35.5 - - [01/Dec/2025:02:50:35 +0300] "GET /wordpress/wp-includes/wlwmanifest.xml HTTP/1.1" 404 16 "-" "Mozilla/5.0 (Windows NT 10.0; Win64; x64) AppleWebKit/537.36 (KHTML, like Gecko) Chrome/78.0.3904.108 Safari/537.36"
138.199.35.5 - - [01/Dec/2025:02:50:35 +0300] "GET /website/wp-includes/wlwmanifest.xml HTTP/1.1" 404 16 "-" "Mozilla/5.0 (Windows NT 10.0; Win64; x64) AppleWebKit/537.36 (KHTML, like Gecko) Chrome/78.0.3904.108 Safari/537.36"
138.199.35.5 - - [01/Dec/2025:02:50:35 +0300] "GET /wp/wp-includes/wlwmanifest.xml HTTP/1.1" 404 16 "-" "Mozilla/5.0 (Windows NT 10.0; Win64; x64) AppleWebKit/537.36 (KHTML, like Gecko) Chrome/78.0.3904.108 Safari/537.36"
138.199.35.5 - - [01/Dec/2025:02:50:35 +0300] "GET /news/wp-includes/wlwmanifest.xml HTTP/1.1" 404 16 "-" "Mozilla/5.0 (Windows NT 10.0; Win64; x64) AppleWebKit/537.36 (KHTML, like Gecko) Chrome/78.0.3904.108 Safari/537.36"
138.199.35.5 - - [01/Dec/2025:02:50:35 +0300] "GET /2018/wp-includes/wlwmanifest.xml HTTP/1.1" 404 16 "-" "Mozilla/5.0 (Windows NT 10.0; Win64; x64) AppleWebKit/537.36 (KHTML, like Gecko) Chrome/78.0.3904.108 Safari/537.36"
138.199.35.5 - - [01/Dec/2025:02:50:35 +0300] "GET /2019/wp-includes/wlwmanifest.xml HTTP/1.1" 404 16 "-" "Mozilla/5.0 (Windows NT 10.0; Win64; x64) AppleWebKit/537.36 (KHTML, like Gecko) Chrome/78.0.3904.108 Safari/537.36"
138.199.35.5 - - [01/Dec/2025:02:50:35 +0300] "GET /shop/wp-includes/wlwmanifest.xml HTTP/1.1" 404 16 "-" "Mozilla/5.0 (Windows NT 10.0; Win64; x64) AppleWebKit/537.36 (KHTML, like Gecko) Chrome/78.0.3904.108 Safari/537.36"
138.199.35.5 - - [01/Dec/2025:02:50:36 +0300] "GET /wp1/wp-includes/wlwmanifest.xml HTTP/1.1" 404 16 "-" "Mozilla/5.0 (Windows NT 10.0; Win64; x64) AppleWebKit/537.36 (KHTML, like Gecko) Chrome/78.0.3904.108 Safari/537.36"
138.199.35.5 - - [01/Dec/2025:02:50:36 +0300] "GET /test/wp-includes/wlwmanifest.xml HTTP/1.1" 404 16 "-" "Mozilla/5.0 (Windows NT 10.0; Win64; x64) AppleWebKit/537.36 (KHTML, like Gecko) Chrome/78.0.3904.108 Safari/537.36"
138.199.35.5 - - [01/Dec/2025:02:50:36 +0300] "GET /media/wp-includes/wlwmanifest.xml HTTP/1.1" 404 16 "-" "Mozilla/5.0 (Windows NT 10.0; Win64; x64) AppleWebKit/537.36 (KHTML, like Gecko) Chrome/78.0.3904.108 Safari/537.36"
138.199.35.5 - - [01/Dec/2025:02:50:36 +0300] "GET /wp2/wp-includes/wlwmanifest.xml HTTP/1.1" 404 16 "-" "Mozilla/5.0 (Windows NT 10.0; Win64; x64) AppleWebKit/537.36 (KHTML, like Gecko) Chrome/78.0.3904.108 Safari/537.36"
138.199.35.5 - - [01/Dec/2025:02:50:36 +0300] "GET /site/wp-includes/wlwmanifest.xml HTTP/1.1" 404 16 "-" "Mozilla/5.0 (Windows NT 10.0; Win64; x64) AppleWebKit/537.36 (KHTML, like Gecko) Chrome/78.0.3904.108 Safari/537.36"
138.199.35.5 - - [01/Dec/2025:02:50:36 +0300] "GET /cms/wp-includes/wlwmanifest.xml HTTP/1.1" 404 16 "-" "Mozilla/5.0 (Windows NT 10.0; Win64; x64) AppleWebKit/537.36 (KHTML, like Gecko) Chrome/78.0.3904.108 Safari/537.36"
138.199.35.5 - - [01/Dec/2025:02:50:36 +0300] "GET /sito/wp-includes/wlwmanifest.xml HTTP/1.1" 404 16 "-" "Mozilla/5.0 (Windows NT 10.0; Win64; x64) AppleWebKit/537.36 (KHTML, like Gecko) Chrome/78.0.3904.108 Safari/537.36"
86.16.74.122 - - [01/Dec/2025:02:54:23 +0300] "GET /wp/ HTTP/1.1" 200 3491 "-" "Mozilla/5.0 (Linux; Android 10; K) AppleWebKit/537.36 (KHTML, like Gecko) Chrome/139.0.0.0 Mobile Safari/537.36"
23.80.89.36 - - [01/Dec/2025:02:54:24 +0300] "GET /wp/ HTTP/1.1" 200 3491 "-" "Mozilla/5.0 (Linux; Android 10; K) AppleWebKit/537.36 (KHTML, like Gecko) Chrome/139.0.0.0 Mobile Safari/537.36"
138.199.24.28 - - [01/Dec/2025:02:54:24 +0300] "GET /wp/ HTTP/1.1" 200 3491 "-" "Mozilla/5.0 (Linux; Android 10; K) AppleWebKit/537.36 (KHTML, like Gecko) Chrome/139.0.0.0 Mobile Safari/537.36"
152.42.157.60 - - [01/Dec/2025:02:54:25 +0300] "GET /wp/ HTTP/1.1" 200 3491 "-" "Mozilla/5.0 (Linux; Android 10; K) AppleWebKit/537.36 (KHTML, like Gecko) Chrome/139.0.0.0 Mobile Safari/537.36"
209.50.228.94 - - [01/Dec/2025:02:56:07 +0300] "GET /tekata/admin.php HTTP/1.1" 404 28 "-" "Mozilla/5.0 (Linux; Android 10; K) AppleWebKit/537.36 (KHTML, like Gecko) Chrome/126.0.0.0 Mobile Safari/537.36"
193.239.84.71 - - [01/Dec/2025:02:56:08 +0300] "GET /tekata/admin.php HTTP/1.1" 404 28 "-" "Mozilla/5.0 (Linux; Android 10; K) AppleWebKit/537.36 (KHTML, like Gecko) Chrome/126.0.0.0 Mobile Safari/537.36"
23.82.96.182 - - [01/Dec/2025:02:56:09 +0300] "GET /tekata/admin.php HTTP/1.1" 404 28 "-" "Mozilla/5.0 (Linux; Android 10; K) AppleWebKit/537.36 (KHTML, like Gecko) Chrome/126.0.0.0 Mobile Safari/537.36"
86.16.74.122 - - [01/Dec/2025:02:56:09 +0300] "GET /tekata/admin.php HTTP/1.1" 404 28 "-" "Mozilla/5.0 (Linux; Android 10; K) AppleWebKit/537.36 (KHTML, like Gecko) Chrome/126.0.0.0 Mobile Safari/537.36"
209.50.228.91 - - [01/Dec/2025:02:58:19 +0300] "GET /wp-includes/ HTTP/1.1" 200 1136 "-" "Mozilla/5.0 (Linux; Android 10; K) AppleWebKit/537.36 (KHTML, like Gecko) Chrome/141.0.0.0 Mobile Safari/537.36"
86.16.74.122 - - [01/Dec/2025:02:58:20 +0300] "GET /wp-includes/ HTTP/1.1" 200 1136 "-" "Mozilla/5.0 (Linux; Android 10; K) AppleWebKit/537.36 (KHTML, like Gecko) Chrome/141.0.0.0 Mobile Safari/537.36"
38.165.231.86 - - [01/Dec/2025:02:58:20 +0300] "GET /wp-includes/ HTTP/1.1" 200 1136 "-" "Mozilla/5.0 (Linux; Android 10; K) AppleWebKit/537.36 (KHTML, like Gecko) Chrome/141.0.0.0 Mobile Safari/537.36"
170.64.241.17 - - [01/Dec/2025:02:58:20 +0300] "GET /wp-includes/ HTTP/1.1" 200 1136 "-" "Mozilla/5.0 (Linux; Android 10; K) AppleWebKit/537.36 (KHTML, like Gecko) Chrome/141.0.0.0 Mobile Safari/537.36"
88.97.176.211 - - [01/Dec/2025:03:01:11 +0300] "GET /b312f65b/admin.php HTTP/1.1" 404 28 "-" "Mozilla/5.0 (Linux; Android 10; K) AppleWebKit/537.36 (KHTML, like Gecko) Chrome/131.0.0.0 Mobile Safari/537.36"
193.36.118.248 - - [01/Dec/2025:03:01:11 +0300] "GET /b312f65b/admin.php HTTP/1.1" 200 12 "-" "Mozilla/5.0 (Linux; Android 10; K) AppleWebKit/537.36 (KHTML, like Gecko) Chrome/131.0.0.0 Mobile Safari/537.36"
176.126.245.48 - - [01/Dec/2025:03:01:11 +0300] "GET /b312f65b/admin.php HTTP/1.1" 404 28 "-" "Mozilla/5.0 (Linux; Android 10; K) AppleWebKit/537.36 (KHTML, like Gecko) Chrome/131.0.0.0 Mobile Safari/537.36"
86.16.74.122 - - [01/Dec/2025:03:01:12 +0300] "GET /b312f65b/admin.php HTTP/1.1" 404 28 "-" "Mozilla/5.0 (Linux; Android 10; K) AppleWebKit/537.36 (KHTML, like Gecko) Chrome/131.0.0.0 Mobile Safari/537.36"
86.16.74.122 - - [01/Dec/2025:03:04:37 +0300] "GET /wp-includes/admin.php HTTP/1.1" 404 28 "-" "Mozilla/5.0 (Linux; Android 10; K) AppleWebKit/537.36 (KHTML, like Gecko) Chrome/142.0.0.0 Mobile Safari/537.36"
136.60.151.248 - - [01/Dec/2025:03:04:37 +0300] "GET /wp-includes/admin.php HTTP/1.1" 404 28 "-" "Mozilla/5.0 (Linux; Android 10; K) AppleWebKit/537.36 (KHTML, like Gecko) Chrome/142.0.0.0 Mobile Safari/537.36"
198.44.138.111 - - [01/Dec/2025:03:04:37 +0300] "GET /wp-includes/admin.php HTTP/1.1" 404 28 "-" "Mozilla/5.0 (Linux; Android 10; K) AppleWebKit/537.36 (KHTML, like Gecko) Chrome/142.0.0.0 Mobile Safari/537.36"
104.244.210.252 - - [01/Dec/2025:03:04:37 +0300] "GET /wp-includes/admin.php HTTP/1.1" 200 12 "-" "Mozilla/5.0 (Linux; Android 10; K) AppleWebKit/537.36 (KHTML, like Gecko) Chrome/142.0.0.0 Mobile Safari/537.36"
57.141.6.24 - - [01/Dec/2025:03:05:42 +0300] "GET /190404572267.shtml HTTP/1.1" 404 16 "-" "meta-externalagent/1.1 (+https://developers.facebook.com/docs/sharing/webmasters/crawler)"
86.16.74.122 - - [01/Dec/2025:03:12:09 +0300] "GET /tekata/admin.php HTTP/1.1" 404 28 "-" "Mozilla/5.0 (Linux; Android 10; K) AppleWebKit/537.36 (KHTML, like Gecko) Chrome/126.0.0.0 Mobile Safari/537.36"
193.239.84.71 - - [01/Dec/2025:03:12:10 +0300] "GET /tekata/admin.php HTTP/1.1" 404 28 "-" "Mozilla/5.0 (Linux; Android 10; K) AppleWebKit/537.36 (KHTML, like Gecko) Chrome/126.0.0.0 Mobile Safari/537.36"
23.82.96.182 - - [01/Dec/2025:03:12:10 +0300] "GET /tekata/admin.php HTTP/1.1" 404 28 "-" "Mozilla/5.0 (Linux; Android 10; K) AppleWebKit/537.36 (KHTML, like Gecko) Chrome/126.0.0.0 Mobile Safari/537.36"
209.50.228.94 - - [01/Dec/2025:03:12:10 +0300] "GET /tekata/admin.php HTTP/1.1" 404 28 "-" "Mozilla/5.0 (Linux; Android 10; K) AppleWebKit/537.36 (KHTML, like Gecko) Chrome/126.0.0.0 Mobile Safari/537.36"
209.50.228.91 - - [01/Dec/2025:03:13:16 +0300] "GET /wp-includes/ HTTP/1.1" 200 1136 "-" "Mozilla/5.0 (Linux; Android 10; K) AppleWebKit/537.36 (KHTML, like Gecko) Chrome/141.0.0.0 Mobile Safari/537.36"
86.16.74.122 - - [01/Dec/2025:03:13:16 +0300] "GET /wp-includes/ HTTP/1.1" 200 1136 "-" "Mozilla/5.0 (Linux; Android 10; K) AppleWebKit/537.36 (KHTML, like Gecko) Chrome/141.0.0.0 Mobile Safari/537.36"
38.165.231.86 - - [01/Dec/2025:03:13:16 +0300] "GET /wp-includes/ HTTP/1.1" 200 1136 "-" "Mozilla/5.0 (Linux; Android 10; K) AppleWebKit/537.36 (KHTML, like Gecko) Chrome/141.0.0.0 Mobile Safari/537.36"
170.64.241.17 - - [01/Dec/2025:03:13:17 +0300] "GET /wp-includes/ HTTP/1.1" 200 1136 "-" "Mozilla/5.0 (Linux; Android 10; K) AppleWebKit/537.36 (KHTML, like Gecko) Chrome/141.0.0.0 Mobile Safari/537.36"